--
-- Script was generated by Devart dbForge Studio for MySQL, Version 8.0.40.0
-- Product home page: http://www.devart.com/dbforge/mysql/studio
-- Script date 2020-04-07 5:01:06 PM
-- Server version: 5.7.24-log
-- Client version: 4.1
--

-- 
-- Disable foreign keys
-- 
/*!40014 SET @OLD_FOREIGN_KEY_CHECKS=@@FOREIGN_KEY_CHECKS, FOREIGN_KEY_CHECKS=0 */;

-- 
-- Set SQL mode
-- 
/*!40101 SET @OLD_SQL_MODE=@@SQL_MODE, SQL_MODE='NO_AUTO_VALUE_ON_ZERO' */;

-- 
-- Set character set the client will use to send SQL statements to the server
--
SET NAMES 'utf8';

--
-- Set default database
--
USE carboxmn_carboxdb;

--
-- Drop table `manufactories`
--
DROP TABLE IF EXISTS manufactories;

--
-- Drop table `temp_data`
--
DROP TABLE IF EXISTS temp_data;

--
-- Drop table `categoryproperties`
--
DROP TABLE IF EXISTS categoryproperties;

--
-- Drop table `parts_properties`
--
DROP TABLE IF EXISTS parts_properties;

--
-- Drop table `property_type_values`
--
DROP TABLE IF EXISTS property_type_values;

--
-- Drop table `propertytypes`
--
DROP TABLE IF EXISTS propertytypes;

--
-- Drop table `partsimages`
--
DROP TABLE IF EXISTS partsimages;

--
-- Drop table `parts`
--
DROP TABLE IF EXISTS parts;

--
-- Drop table `sectors`
--
DROP TABLE IF EXISTS sectors;

--
-- Drop table `stores`
--
DROP TABLE IF EXISTS stores;

--
-- Drop table `specs_subcategories`
--
DROP TABLE IF EXISTS specs_subcategories;

--
-- Drop table `specs`
--
DROP TABLE IF EXISTS specs;

--
-- Drop table `models`
--
DROP TABLE IF EXISTS models;

--
-- Drop table `groups`
--
DROP TABLE IF EXISTS groups;

--
-- Drop table `makers`
--
DROP TABLE IF EXISTS makers;

--
-- Drop table `brands`
--
DROP TABLE IF EXISTS brands;

--
-- Drop table `countries`
--
DROP TABLE IF EXISTS countries;

--
-- Drop table `subcategories`
--
DROP TABLE IF EXISTS subcategories;

--
-- Drop table `categorygroups`
--
DROP TABLE IF EXISTS categorygroups;

--
-- Drop table `categories`
--
DROP TABLE IF EXISTS categories;

--
-- Set default database
--
USE carboxmn_carboxdb;

--
-- Create table `categories`
--
CREATE TABLE categories (
  id int(11) NOT NULL AUTO_INCREMENT,
  name varchar(255) DEFAULT NULL,
  image varchar(255) DEFAULT NULL,
  slug varchar(255) DEFAULT NULL,
  descr varchar(255) DEFAULT NULL,
  created_at datetime NOT NULL,
  updated_at datetime NOT NULL,
  type enum ('menu', 'megamenu') DEFAULT NULL,
  PRIMARY KEY (id)
)
ENGINE = INNODB,
AUTO_INCREMENT = 12,
AVG_ROW_LENGTH = 1489,
CHARACTER SET utf8,
COLLATE utf8_general_ci;

--
-- Create table `categorygroups`
--
CREATE TABLE categorygroups (
  id int(11) NOT NULL AUTO_INCREMENT,
  created_at datetime NOT NULL,
  updated_at datetime NOT NULL,
  categoryid int(11) DEFAULT NULL,
  PRIMARY KEY (id)
)
ENGINE = INNODB,
AUTO_INCREMENT = 77,
AVG_ROW_LENGTH = 442,
CHARACTER SET utf8,
COLLATE utf8_general_ci;

--
-- Create foreign key
--
ALTER TABLE categorygroups
ADD CONSTRAINT categorygroups_ibfk_1 FOREIGN KEY (categoryid)
REFERENCES categories (id) ON DELETE SET NULL ON UPDATE CASCADE;

--
-- Create table `subcategories`
--
CREATE TABLE subcategories (
  id int(11) NOT NULL AUTO_INCREMENT,
  name varchar(255) DEFAULT NULL,
  image varchar(255) DEFAULT NULL,
  slug varchar(255) DEFAULT NULL,
  created_at datetime NOT NULL,
  updated_at datetime NOT NULL,
  categoriesid int(11) DEFAULT NULL,
  parentid int(11) DEFAULT NULL,
  groupid int(11) DEFAULT NULL,
  PRIMARY KEY (id)
)
ENGINE = INNODB,
AUTO_INCREMENT = 491,
AVG_ROW_LENGTH = 140,
CHARACTER SET utf8,
COLLATE utf8_general_ci;

--
-- Create foreign key
--
ALTER TABLE subcategories
ADD CONSTRAINT FK_subcategories_categorygroups_id FOREIGN KEY (groupid)
REFERENCES categorygroups (id) ON DELETE NO ACTION ON UPDATE NO ACTION;

--
-- Create foreign key
--
ALTER TABLE subcategories
ADD CONSTRAINT FK_subcategories_subcategories_id FOREIGN KEY (parentid)
REFERENCES subcategories (id) ON DELETE NO ACTION ON UPDATE NO ACTION;

--
-- Create foreign key
--
ALTER TABLE subcategories
ADD CONSTRAINT subcategories_ibfk_1 FOREIGN KEY (categoriesid)
REFERENCES categories (id) ON DELETE SET NULL ON UPDATE CASCADE;

--
-- Create table `countries`
--
CREATE TABLE countries (
  id int(11) NOT NULL AUTO_INCREMENT,
  code varchar(255) DEFAULT NULL,
  name varchar(255) DEFAULT NULL,
  emoji varchar(255) DEFAULT NULL,
  created_at datetime NOT NULL,
  updated_at datetime NOT NULL,
  PRIMARY KEY (id)
)
ENGINE = INNODB,
AUTO_INCREMENT = 204,
AVG_ROW_LENGTH = 82,
CHARACTER SET utf8,
COLLATE utf8_general_ci;

--
-- Create table `brands`
--
CREATE TABLE brands (
  id int(11) NOT NULL AUTO_INCREMENT,
  name varchar(255) DEFAULT NULL,
  logo varchar(255) DEFAULT NULL,
  intro text DEFAULT NULL,
  slug varchar(255) DEFAULT NULL,
  created_at datetime NOT NULL,
  updated_at datetime NOT NULL,
  countriesid int(11) DEFAULT NULL,
  PRIMARY KEY (id)
)
ENGINE = INNODB,
AUTO_INCREMENT = 3,
AVG_ROW_LENGTH = 8192,
CHARACTER SET utf8,
COLLATE utf8_general_ci;

--
-- Create foreign key
--
ALTER TABLE brands
ADD CONSTRAINT brands_ibfk_1 FOREIGN KEY (countriesid)
REFERENCES countries (id) ON DELETE SET NULL ON UPDATE CASCADE;

--
-- Create table `makers`
--
CREATE TABLE makers (
  id int(11) NOT NULL AUTO_INCREMENT,
  name varchar(255) DEFAULT NULL,
  logo varchar(255) DEFAULT NULL,
  descr text DEFAULT NULL,
  slug varchar(255) DEFAULT NULL,
  created_at datetime NOT NULL,
  updated_at datetime NOT NULL,
  PRIMARY KEY (id)
)
ENGINE = INNODB,
AUTO_INCREMENT = 72,
AVG_ROW_LENGTH = 230,
CHARACTER SET utf8,
COLLATE utf8_general_ci;

--
-- Create table `groups`
--
CREATE TABLE groups (
  id int(11) NOT NULL AUTO_INCREMENT,
  name varchar(255) DEFAULT NULL,
  slug varchar(255) DEFAULT NULL,
  created_at datetime NOT NULL,
  updated_at datetime NOT NULL,
  makerid int(11) DEFAULT NULL,
  PRIMARY KEY (id)
)
ENGINE = INNODB,
AUTO_INCREMENT = 1314,
AVG_ROW_LENGTH = 108,
CHARACTER SET utf8,
COLLATE utf8_general_ci;

--
-- Create foreign key
--
ALTER TABLE groups
ADD CONSTRAINT groups_ibfk_1 FOREIGN KEY (makerid)
REFERENCES makers (id) ON DELETE SET NULL ON UPDATE CASCADE;

--
-- Create table `models`
--
CREATE TABLE models (
  id int(11) NOT NULL AUTO_INCREMENT,
  name varchar(255) DEFAULT NULL,
  slug varchar(255) DEFAULT NULL,
  created_at datetime NOT NULL,
  updated_at datetime NOT NULL,
  groupid int(11) DEFAULT NULL,
  PRIMARY KEY (id)
)
ENGINE = INNODB,
AUTO_INCREMENT = 1314,
AVG_ROW_LENGTH = 82,
CHARACTER SET utf8,
COLLATE utf8_general_ci;

--
-- Create foreign key
--
ALTER TABLE models
ADD CONSTRAINT models_ibfk_1 FOREIGN KEY (groupid)
REFERENCES groups (id) ON DELETE SET NULL ON UPDATE CASCADE;

--
-- Create table `specs`
--
CREATE TABLE specs (
  id int(11) NOT NULL AUTO_INCREMENT,
  name varchar(255) DEFAULT NULL,
  slug varchar(255) DEFAULT NULL,
  cover varchar(255) DEFAULT NULL,
  created_at datetime NOT NULL,
  updated_at datetime NOT NULL,
  PRIMARY KEY (id)
)
ENGINE = INNODB,
AUTO_INCREMENT = 5,
AVG_ROW_LENGTH = 4096,
CHARACTER SET utf8,
COLLATE utf8_general_ci;

--
-- Create table `specs_subcategories`
--
CREATE TABLE specs_subcategories (
  id int(11) NOT NULL AUTO_INCREMENT,
  status enum ('Draft', 'Published') DEFAULT 'Draft',
  created_at datetime NOT NULL,
  updated_at datetime NOT NULL,
  subcategoriesid int(11) DEFAULT NULL,
  specsid int(11) DEFAULT NULL,
  PRIMARY KEY (id)
)
ENGINE = INNODB,
AUTO_INCREMENT = 3,
AVG_ROW_LENGTH = 8192,
CHARACTER SET utf8,
COLLATE utf8_general_ci;

--
-- Create foreign key
--
ALTER TABLE specs_subcategories
ADD CONSTRAINT specs_subcategories_ibfk_1 FOREIGN KEY (subcategoriesid)
REFERENCES subcategories (id) ON DELETE SET NULL ON UPDATE CASCADE;

--
-- Create foreign key
--
ALTER TABLE specs_subcategories
ADD CONSTRAINT specs_subcategories_ibfk_2 FOREIGN KEY (specsid)
REFERENCES specs (id) ON DELETE SET NULL ON UPDATE CASCADE;

--
-- Create table `stores`
--
CREATE TABLE stores (
  id int(11) NOT NULL AUTO_INCREMENT,
  name varchar(255) DEFAULT NULL,
  slug varchar(255) DEFAULT NULL,
  logo varchar(255) DEFAULT NULL,
  cover varchar(255) DEFAULT NULL,
  mobile varchar(255) DEFAULT NULL,
  address varchar(255) DEFAULT NULL,
  intro text DEFAULT NULL,
  location varchar(255) DEFAULT NULL,
  created_at datetime NOT NULL,
  updated_at datetime NOT NULL,
  PRIMARY KEY (id)
)
ENGINE = INNODB,
AUTO_INCREMENT = 3,
AVG_ROW_LENGTH = 16384,
CHARACTER SET utf8,
COLLATE utf8_general_ci;

--
-- Create table `sectors`
--
CREATE TABLE sectors (
  id int(11) NOT NULL AUTO_INCREMENT,
  name varchar(255) DEFAULT NULL,
  location varchar(255) DEFAULT NULL,
  mobile varchar(255) DEFAULT NULL,
  address varchar(255) DEFAULT NULL,
  created_at datetime NOT NULL,
  updated_at datetime NOT NULL,
  storeid int(11) DEFAULT NULL,
  PRIMARY KEY (id)
)
ENGINE = INNODB,
AUTO_INCREMENT = 3,
AVG_ROW_LENGTH = 8192,
CHARACTER SET utf8,
COLLATE utf8_general_ci;

--
-- Create foreign key
--
ALTER TABLE sectors
ADD CONSTRAINT sectors_ibfk_1 FOREIGN KEY (storeid)
REFERENCES stores (id) ON DELETE SET NULL ON UPDATE CASCADE;

--
-- Create table `parts`
--
CREATE TABLE parts (
  id int(11) NOT NULL AUTO_INCREMENT,
  name varchar(255) DEFAULT NULL,
  sku varchar(255) DEFAULT NULL,
  image varchar(255) DEFAULT NULL,
  intro text DEFAULT NULL,
  status enum ('Draft', 'Published') DEFAULT NULL,
  price decimal(10, 2) DEFAULT 0.00,
  saleprice decimal(10, 2) DEFAULT 0.00,
  discountprice decimal(10, 2) DEFAULT 0.00,
  discountpercent decimal(2, 2) DEFAULT 0.00,
  created_at datetime NOT NULL,
  updated_at datetime NOT NULL,
  storeid int(11) DEFAULT NULL,
  brandid int(11) DEFAULT NULL,
  countryid int(11) DEFAULT NULL,
  subcategoryid int(11) DEFAULT NULL,
  PRIMARY KEY (id)
)
ENGINE = INNODB,
AUTO_INCREMENT = 6,
AVG_ROW_LENGTH = 8192,
CHARACTER SET utf8,
COLLATE utf8_general_ci;

--
-- Create foreign key
--
ALTER TABLE parts
ADD CONSTRAINT parts_ibfk_1 FOREIGN KEY (storeid)
REFERENCES stores (id) ON DELETE SET NULL ON UPDATE CASCADE;

--
-- Create foreign key
--
ALTER TABLE parts
ADD CONSTRAINT parts_ibfk_2 FOREIGN KEY (brandid)
REFERENCES brands (id) ON DELETE SET NULL ON UPDATE CASCADE;

--
-- Create foreign key
--
ALTER TABLE parts
ADD CONSTRAINT parts_ibfk_3 FOREIGN KEY (countryid)
REFERENCES countries (id) ON DELETE SET NULL ON UPDATE CASCADE;

--
-- Create foreign key
--
ALTER TABLE parts
ADD CONSTRAINT parts_ibfk_4 FOREIGN KEY (subcategoryid)
REFERENCES subcategories (id) ON DELETE SET NULL ON UPDATE CASCADE;

--
-- Create table `partsimages`
--
CREATE TABLE partsimages (
  id int(11) NOT NULL AUTO_INCREMENT,
  image varchar(255) DEFAULT NULL,
  created_at datetime NOT NULL,
  updated_at datetime NOT NULL,
  partsid int(11) DEFAULT NULL,
  PRIMARY KEY (id)
)
ENGINE = INNODB,
AUTO_INCREMENT = 9,
AVG_ROW_LENGTH = 2340,
CHARACTER SET utf8,
COLLATE utf8_general_ci;

--
-- Create foreign key
--
ALTER TABLE partsimages
ADD CONSTRAINT partsimages_ibfk_1 FOREIGN KEY (partsid)
REFERENCES parts (id) ON DELETE SET NULL ON UPDATE CASCADE;

--
-- Create table `propertytypes`
--
CREATE TABLE propertytypes (
  id int(11) NOT NULL AUTO_INCREMENT,
  name varchar(255) DEFAULT NULL,
  created_at datetime NOT NULL,
  updated_at datetime NOT NULL,
  PRIMARY KEY (id)
)
ENGINE = INNODB,
AUTO_INCREMENT = 4,
AVG_ROW_LENGTH = 5461,
CHARACTER SET utf8,
COLLATE utf8_general_ci;

--
-- Create table `property_type_values`
--
CREATE TABLE property_type_values (
  id int(11) NOT NULL AUTO_INCREMENT,
  value varchar(255) DEFAULT NULL,
  created_at datetime NOT NULL,
  updated_at datetime NOT NULL,
  propertytypeid int(11) DEFAULT NULL,
  PRIMARY KEY (id)
)
ENGINE = INNODB,
AUTO_INCREMENT = 12,
AVG_ROW_LENGTH = 1489,
CHARACTER SET utf8,
COLLATE utf8_general_ci;

--
-- Create foreign key
--
ALTER TABLE property_type_values
ADD CONSTRAINT property_type_values_ibfk_1 FOREIGN KEY (propertytypeid)
REFERENCES propertytypes (id) ON DELETE SET NULL ON UPDATE CASCADE;

--
-- Create table `parts_properties`
--
CREATE TABLE parts_properties (
  id int(11) NOT NULL AUTO_INCREMENT,
  value varchar(255) DEFAULT NULL,
  created_at datetime NOT NULL,
  updated_at datetime NOT NULL,
  partsid int(11) DEFAULT NULL,
  propertytypeid int(11) DEFAULT NULL,
  PRIMARY KEY (id)
)
ENGINE = INNODB,
AUTO_INCREMENT = 10,
AVG_ROW_LENGTH = 1820,
CHARACTER SET utf8,
COLLATE utf8_general_ci;

--
-- Create index `parts_properties_propertytypeid_partsid_unique` on table `parts_properties`
--
ALTER TABLE parts_properties
ADD UNIQUE INDEX parts_properties_propertytypeid_partsid_unique (partsid, propertytypeid);

--
-- Create foreign key
--
ALTER TABLE parts_properties
ADD CONSTRAINT parts_properties_ibfk_1 FOREIGN KEY (partsid)
REFERENCES parts (id) ON DELETE CASCADE ON UPDATE CASCADE;

--
-- Create foreign key
--
ALTER TABLE parts_properties
ADD CONSTRAINT parts_properties_ibfk_2 FOREIGN KEY (propertytypeid)
REFERENCES propertytypes (id) ON DELETE CASCADE ON UPDATE CASCADE;

--
-- Create table `categoryproperties`
--
CREATE TABLE categoryproperties (
  id int(11) NOT NULL AUTO_INCREMENT,
  created_at datetime NOT NULL,
  updated_at datetime NOT NULL,
  subcategoryid int(11) DEFAULT NULL,
  propertytypeid int(11) DEFAULT NULL,
  PRIMARY KEY (id)
)
ENGINE = INNODB,
AUTO_INCREMENT = 4,
AVG_ROW_LENGTH = 5461,
CHARACTER SET utf8,
COLLATE utf8_general_ci;

--
-- Create index `categoryproperties_propertytypeid_subcategoryid_unique` on table `categoryproperties`
--
ALTER TABLE categoryproperties
ADD UNIQUE INDEX categoryproperties_propertytypeid_subcategoryid_unique (subcategoryid, propertytypeid);

--
-- Create foreign key
--
ALTER TABLE categoryproperties
ADD CONSTRAINT categoryproperties_ibfk_1 FOREIGN KEY (subcategoryid)
REFERENCES subcategories (id) ON DELETE CASCADE ON UPDATE CASCADE;

--
-- Create foreign key
--
ALTER TABLE categoryproperties
ADD CONSTRAINT categoryproperties_ibfk_2 FOREIGN KEY (propertytypeid)
REFERENCES propertytypes (id) ON DELETE CASCADE ON UPDATE CASCADE;

--
-- Create table `temp_data`
--
CREATE TABLE temp_data (
  id int(11) NOT NULL AUTO_INCREMENT,
  name varchar(255) DEFAULT NULL,
  created_at datetime NOT NULL,
  updated_at datetime NOT NULL,
  parent_id int(11) DEFAULT NULL,
  PRIMARY KEY (id)
)
ENGINE = INNODB,
AUTO_INCREMENT = 7,
AVG_ROW_LENGTH = 2730,
CHARACTER SET utf8,
COLLATE utf8_general_ci;

--
-- Create foreign key
--
ALTER TABLE temp_data
ADD CONSTRAINT temp_data_ibfk_1 FOREIGN KEY (parent_id)
REFERENCES temp_data (id) ON DELETE SET NULL ON UPDATE CASCADE;

--
-- Create table `manufactories`
--
CREATE TABLE manufactories (
  id int(11) NOT NULL AUTO_INCREMENT,
  code varchar(255) DEFAULT NULL,
  name varchar(255) DEFAULT NULL,
  logo varchar(255) DEFAULT NULL,
  created_at datetime NOT NULL,
  updated_at datetime NOT NULL,
  PRIMARY KEY (id)
)
ENGINE = INNODB,
CHARACTER SET utf8,
COLLATE utf8_general_ci;

-- 
-- Dumping data for table categories
--
INSERT INTO categories VALUES
(1, 'Дагалдах хэрэгсэл', '/asset/d60685dc-c83e-460c-881a-db3e42e58858.png', 'accessories', 'Accessories', '2019-09-28 16:25:52', '2019-09-28 16:25:52', 'megamenu'),
(2, 'Биеийн хийц ба гаднах байдал', '/asset/c7a3fcf5-87b4-4b59-bc49-7a699c066abd.jpg', 'bodywork-exterior', 'Bodywork & Exterior', '2019-09-28 16:27:41', '2019-09-28 16:27:41', 'megamenu'),
(3, 'Тоормос', '/asset/c90aecc7-747e-423e-802e-0211ec78e0dc.png', 'brakes', 'brakes', '2019-09-28 16:29:39', '2019-09-28 16:29:39', 'megamenu'),
(4, 'Машин арчилгаа', '/asset/d1ec721a-02b1-45f2-b6e3-ede776a61e4a.png', 'car-care', 'Car care', '2019-09-28 16:30:46', '2019-09-28 16:30:46', 'megamenu'),
(5, 'Clearance', '/asset/ff3b66ce-771d-4456-bddd-9ace7c87f9d8.png', 'clearance', 'Clearance', '2019-09-28 16:33:10', '2019-09-28 16:33:10', 'megamenu'),
(6, 'Цахилгаан', '/asset/eec0d738-1a44-46a2-95d5-e08ce662dd58.png', 'electrical', 'Electrical', '2019-09-28 16:34:28', '2019-09-28 16:34:28', 'megamenu'),
(7, 'Хөдөлгүүрийн тос, тослох материал', '/asset/804aceca-fea5-4944-a928-4fa00da9f03e.png', 'engine-oils-lubricants', 'Engine Oils & Lubricants', '2019-09-28 16:35:21', '2019-09-28 16:35:21', 'megamenu'),
(8, 'Хөдөлгүүр, хөргөлтийн систем', '/asset/95dfa363-1b2b-4af0-ac5c-92d48cd16d2c.jpg', 'engine-cooling-drivetrain', 'Engine, Cooling & Drivetrain', '2019-09-28 16:37:03', '2019-09-28 16:37:03', 'megamenu'),
(9, 'Шүүгч хэрэгсэлүүд', '/asset/876465ac-7728-4f64-a95e-5a369f71bd5e.png', 'filters', 'Filters', '2019-09-28 16:38:37', '2019-09-28 16:38:37', 'megamenu'),
(10, 'Явах эд ангийн тулгуур', '/asset/c0441871-c248-429e-94dd-ef16954e4afa.jpg', 'steering-suspension', 'Steering & Suspension', '2019-09-28 16:41:45', '2019-09-28 16:41:45', 'megamenu'),
(11, 'Багаж хэрэгсэл', '/asset/5330024e-760b-4965-a0ba-8abe6f2c5e3b.png', 'tools', 'Tools', '2019-09-28 16:42:30', '2019-09-28 16:42:30', 'megamenu');

-- 
-- Dumping data for table categorygroups
--
INSERT INTO categorygroups VALUES
(1, '2020-04-07 00:00:00', '2020-04-07 00:00:00', 1),
(2, '2020-04-07 00:00:00', '2020-04-07 00:00:00', 1),
(3, '2020-04-07 00:00:00', '2020-04-07 00:00:00', 1),
(4, '2020-04-07 00:00:00', '2020-04-07 00:00:00', 1),
(6, '2020-04-07 00:00:00', '2020-04-07 00:00:00', 2),
(7, '2020-04-07 00:00:00', '2020-04-07 00:00:00', 2),
(8, '2020-04-07 00:00:00', '2020-04-07 00:00:00', 2),
(9, '2020-04-07 00:00:00', '2020-04-07 00:00:00', 2),
(13, '2020-04-07 00:00:00', '2020-04-07 00:00:00', 3),
(14, '2020-04-07 00:00:00', '2020-04-07 00:00:00', 3),
(20, '2020-04-07 00:00:00', '2020-04-07 00:00:00', 4),
(21, '2020-04-07 00:00:00', '2020-04-07 00:00:00', 4),
(22, '2020-04-07 00:00:00', '2020-04-07 00:00:00', 4),
(28, '2020-04-07 00:00:00', '2020-04-07 00:00:00', 5),
(34, '2020-04-07 00:00:00', '2020-04-07 00:00:00', 6),
(35, '2020-04-07 00:00:00', '2020-04-07 00:00:00', 6),
(36, '2020-04-07 00:00:00', '2020-04-07 00:00:00', 6),
(37, '2020-04-07 00:00:00', '2020-04-07 00:00:00', 6),
(41, '2020-04-07 00:00:00', '2020-04-07 00:00:00', 7),
(42, '2020-04-07 00:00:00', '2020-04-07 00:00:00', 7),
(43, '2020-04-07 00:00:00', '2020-04-07 00:00:00', 7),
(48, '2020-04-07 00:00:00', '2020-04-07 00:00:00', 8),
(49, '2020-04-07 00:00:00', '2020-04-07 00:00:00', 8),
(50, '2020-04-07 00:00:00', '2020-04-07 00:00:00', 8),
(51, '2020-04-07 00:00:00', '2020-04-07 00:00:00', 8),
(55, '2020-04-07 00:00:00', '2020-04-07 00:00:00', 9),
(57, '2020-04-07 00:00:00', '2020-04-07 00:00:00', 9),
(62, '2020-04-07 00:00:00', '2020-04-07 00:00:00', 10),
(63, '2020-04-07 00:00:00', '2020-04-07 00:00:00', 10),
(64, '2020-04-07 00:00:00', '2020-04-07 00:00:00', 10),
(65, '2020-04-07 00:00:00', '2020-04-07 00:00:00', 10),
(69, '2020-04-07 00:00:00', '2020-04-07 00:00:00', 11),
(70, '2020-04-07 00:00:00', '2020-04-07 00:00:00', 11),
(71, '2020-04-07 00:00:00', '2020-04-07 00:00:00', 11),
(72, '2020-04-07 00:00:00', '2020-04-07 00:00:00', 11),
(73, '2020-04-07 00:00:00', '2020-04-07 00:00:00', 11),
(76, '2020-04-07 00:00:00', '2020-04-07 00:00:00', 5);

-- 
-- Dumping data for table subcategories
--
INSERT INTO subcategories VALUES
(1, 'Action Cams', NULL, 'action-cams', '2019-09-28 18:10:44', '2019-09-28 18:10:44', 1, NULL, 1),
(2, 'Camping & Outdoor Equipment', NULL, 'camping-outdoor-equipment', '2019-09-28 18:10:45', '2019-09-28 18:10:45', 1, NULL, 1),
(3, 'Car Audio & In-Car Tech', NULL, 'car-audio-in-car-tech', '2019-09-28 18:10:45', '2019-09-28 18:10:45', 1, NULL, 2),
(4, 'Interior & Car Accessories', NULL, 'interior-car-accessories', '2019-09-28 18:10:45', '2019-09-28 18:10:45', 1, NULL, 2),
(5, 'Motorsport & Safety Equipment', NULL, 'motorsport-safety-equipment', '2019-09-28 18:10:45', '2019-09-28 18:10:45', 1, NULL, 3),
(6, 'Recovery Gear & Equipment', NULL, 'recovery-gear-equipment', '2019-09-28 18:10:45', '2019-09-28 18:10:45', 1, NULL, 3),
(7, 'Stickers & Merchandise', NULL, 'stickers-merchandise', '2019-09-28 18:10:45', '2019-09-28 18:10:45', 1, NULL, 4),
(8, 'Towing & Ute Accessories', NULL, 'towing-ute-accessories', '2019-09-28 18:10:46', '2019-09-28 18:10:46', 1, NULL, 4),
(9, 'UHF Radios & Communication', NULL, 'uhf-radios-communication', '2019-09-28 18:10:46', '2019-09-28 18:10:46', 1, NULL, 1),
(10, 'Body Components', NULL, 'body-components', '2019-09-28 18:12:47', '2019-09-28 18:12:47', 2, NULL, 6),
(11, 'Car & Bike Covers', NULL, 'car-bike-covers', '2019-09-28 18:12:47', '2019-09-28 18:12:47', 2, NULL, 6),
(12, 'Door Components', NULL, 'door-components', '2019-09-28 18:12:48', '2019-09-28 18:12:48', 2, NULL, 7),
(13, 'Exterior Accessories', NULL, 'exterior-accessories', '2019-09-28 18:12:48', '2019-09-28 18:12:48', 2, NULL, 8),
(14, 'Exterior Protection', NULL, 'exterior-protection', '2019-09-28 18:12:48', '2019-09-28 18:12:48', 2, NULL, 8),
(15, 'Roof Racks & Roof Boxes', NULL, 'roof-racks-roof-boxes', '2019-09-28 18:12:48', '2019-09-28 18:12:48', 2, NULL, 7),
(16, 'Vehicle Lighting', NULL, 'vehicle-lighting', '2019-09-28 18:12:48', '2019-09-28 18:12:48', 2, NULL, 9),
(17, 'Wheels & Tyres', NULL, 'wheels-tyres', '2019-09-28 18:12:48', '2019-09-28 18:12:48', 2, NULL, 9),
(18, 'Windscreen Wipers & Accessories', NULL, 'windscreen-wipers-accessories', '2019-09-28 18:12:48', '2019-09-28 18:12:48', 2, NULL, 6),
(19, 'Brake Calipers & Parts', NULL, 'brake-calipers-parts', '2019-09-28 18:15:05', '2019-09-28 18:15:05', 3, NULL, 14),
(20, 'Brake Cylinders', NULL, 'brake-cylinders', '2019-09-28 18:15:05', '2019-09-28 18:15:05', 3, NULL, 13),
(21, 'Brake Drums', NULL, 'brake-drums', '2019-09-28 18:15:05', '2019-09-28 18:15:05', 3, NULL, 14),
(22, 'Brake Lines', NULL, 'brake-lines', '2019-09-28 18:15:05', '2019-09-28 18:15:05', 3, NULL, 14),
(23, 'Brake Pads', NULL, 'brake-pads', '2019-09-28 18:15:05', '2019-09-28 18:15:05', 3, NULL, 14),
(24, 'Brake Rotors', NULL, 'brake-rotors', '2019-09-28 18:15:05', '2019-09-28 18:15:05', 3, NULL, 14),
(25, 'Brake Sensors & ABS Modules', NULL, 'brake-sensors-abs-modules', '2019-09-28 18:15:05', '2019-09-28 18:15:05', 3, NULL, 13),
(26, 'Brake Sets and Kits', NULL, 'brake-sets-and-kits', '2019-09-28 18:15:05', '2019-09-28 18:15:05', 3, NULL, 14),
(27, 'Brake Shoes', NULL, 'brake-shoes', '2019-09-28 18:15:05', '2019-09-28 18:15:05', 3, NULL, 14),
(29, 'Bodywork/Exterior', NULL, 'bodywork-exterior', '2019-09-28 18:16:48', '2019-09-28 18:16:48', 4, NULL, 20),
(30, 'Car Care Kits', NULL, 'car-care-kits', '2019-09-28 18:16:48', '2019-09-28 18:16:48', 4, NULL, 20),
(31, 'Interior Cleaning', NULL, 'interior-cleaning', '2019-09-28 18:16:48', '2019-09-28 18:16:48', 4, NULL, 21),
(32, 'Marine', NULL, 'marine', '2019-09-28 18:16:48', '2019-09-28 18:16:48', 4, NULL, 22),
(33, 'Polishing Machines & Equipment', NULL, 'polishing-machines-equipment', '2019-09-28 18:16:48', '2019-09-28 18:16:48', 4, NULL, 21),
(34, 'Pressure Washers & High Pressure Cleaners', NULL, 'pressure-washers-high-pressure-cleaners', '2019-09-28 18:16:48', '2019-09-28 18:16:48', 4, NULL, 20),
(35, 'Accessories', NULL, 'accessories', '2019-09-28 18:19:23', '2019-09-28 18:19:23', 5, NULL, 28),
(36, 'Bodywork & Exterior', NULL, 'bodywork-exterior', '2019-09-28 18:19:23', '2019-09-28 18:19:23', 5, NULL, 76),
(37, 'Brakes', NULL, 'brakes', '2019-09-28 18:19:23', '2019-09-28 18:19:23', 5, NULL, 76),
(38, 'Car Care', NULL, 'car-care', '2019-09-28 18:19:24', '2019-09-28 18:19:24', 5, NULL, 76),
(39, 'Electrical', NULL, 'electrical', '2019-09-28 18:19:24', '2019-09-28 18:19:24', 5, NULL, 76),
(40, 'Engine Oils & Lubricants', NULL, 'engine-oils-lubricants', '2019-09-28 18:19:24', '2019-09-28 18:19:24', 5, NULL, 76),
(41, 'Filters', NULL, 'filters', '2019-09-28 18:19:24', '2019-09-28 18:19:24', 5, NULL, 76),
(42, 'Steering & Suspension', NULL, 'steering-suspension', '2019-09-28 18:19:24', '2019-09-28 18:19:24', 5, NULL, 76),
(43, 'Tools', NULL, 'tools', '2019-09-28 18:19:24', '2019-09-28 18:19:24', 5, NULL, 76),
(53, 'Batteries & Accessories', NULL, 'batteries-accessories', '2019-09-28 18:26:00', '2019-09-28 18:26:00', 6, NULL, 34),
(54, 'Cables, Fuses & Relays', NULL, 'cables-fuses-relays', '2019-09-28 18:26:01', '2019-09-28 18:26:01', 6, NULL, 34),
(55, 'Globes & Bulbs', NULL, 'globes-bulbs', '2019-09-28 18:26:01', '2019-09-28 18:26:01', 6, NULL, 35),
(56, 'Horns', NULL, 'horns', '2019-09-28 18:26:01', '2019-09-28 18:26:01', 6, NULL, 35),
(57, 'Lighting', NULL, 'lighting', '2019-09-28 18:26:01', '2019-09-28 18:26:01', 6, NULL, 36),
(58, 'Solar', NULL, 'solar', '2019-09-28 18:26:01', '2019-09-28 18:26:01', 6, NULL, 36),
(59, 'Voltage Conversion', NULL, 'voltage-conversion', '2019-09-28 18:26:01', '2019-09-28 18:26:01', 6, NULL, 37),
(60, 'Additives', NULL, 'additives', '2019-09-28 18:37:43', '2019-09-28 18:37:43', 7, NULL, 41),
(61, 'Brake Fluid', NULL, 'brake-fluid', '2019-09-28 18:37:43', '2019-09-28 18:37:43', 7, NULL, 41),
(62, 'Coolant', NULL, 'coolant', '2019-09-28 18:37:43', '2019-09-28 18:37:43', 7, NULL, 42),
(63, 'Engine Oil', NULL, 'engine-oil', '2019-09-28 18:37:43', '2019-09-28 18:37:43', 7, NULL, 42),
(64, 'Grease', NULL, 'grease', '2019-09-28 18:37:44', '2019-09-28 18:37:44', 7, NULL, 41),
(65, 'Motorcycle & Marine Oil', NULL, 'motorcycle-marine-oil', '2019-09-28 18:37:44', '2019-09-28 18:37:44', 7, NULL, 43),
(66, 'Power Steering Fluid', NULL, 'power-steering-fluid', '2019-09-28 18:37:44', '2019-09-28 18:37:44', 7, NULL, 41),
(67, 'Transmission & Gear Oil', NULL, 'transmission-gear-oil', '2019-09-28 18:37:44', '2019-09-28 18:37:44', 7, NULL, 43),
(72, 'Engine Management', NULL, 'engine-management', '2019-09-28 18:39:29', '2019-09-28 18:39:29', 8, NULL, 48),
(80, 'Air Filters', NULL, 'air-filters', '2019-09-28 18:40:52', '2019-09-28 18:40:52', 9, NULL, 55),
(81, 'Cabin Filters', NULL, 'cabin-filters', '2019-09-28 18:40:52', '2019-09-28 18:40:52', 9, NULL, 55),
(82, 'Cold Air Intakes', NULL, 'cold-air-intakes', '2019-09-28 18:40:52', '2019-09-28 18:40:52', 9, NULL, 55),
(83, 'Diesel Particulate Filters', NULL, 'diesel-particulate-filters', '2019-09-28 18:40:52', '2019-09-28 18:40:52', 9, NULL, 55),
(84, 'Filter Service Kits', NULL, 'filter-service-kits', '2019-09-28 18:40:52', '2019-09-28 18:40:52', 9, NULL, 55),
(85, 'Fuel Filters', NULL, 'fuel-filters', '2019-09-28 18:40:53', '2019-09-28 18:40:53', 9, NULL, 57),
(86, 'Motorcycle Filters', NULL, 'motorcycle-filters', '2019-09-28 18:40:53', '2019-09-28 18:40:53', 9, NULL, 57),
(87, 'Oil Filters', NULL, 'oil-filters', '2019-09-28 18:40:53', '2019-09-28 18:40:53', 9, NULL, 55),
(88, 'Transmission Filters', NULL, 'transmission-filters', '2019-09-28 18:40:53', '2019-09-28 18:40:53', 9, NULL, 55),
(89, 'Air Bag Suspension', NULL, 'air-bag-suspension', '2019-09-28 18:49:30', '2019-09-28 18:49:30', 10, NULL, 62),
(90, 'Alignment & Strut Bracing', NULL, 'alignment-strut-bracing', '2019-09-28 18:49:30', '2019-09-28 18:49:30', 10, NULL, 62),
(91, 'Anti-Roll/Sway Bars & Accessories', NULL, 'anti-roll-sway-bars-accessories', '2019-09-28 18:49:30', '2019-09-28 18:49:30', 10, NULL, 63),
(92, 'Bushes & Mounts', NULL, 'bushes-mounts', '2019-09-28 18:49:30', '2019-09-28 18:49:30', 10, NULL, 63),
(93, 'Coilover & Suspension Kits', NULL, 'coilover-suspension-kits', '2019-09-28 18:49:30', '2019-09-28 18:49:30', 10, NULL, 64),
(94, 'Power Steering', NULL, 'power-steering', '2019-09-28 18:49:30', '2019-09-28 18:49:30', 10, NULL, 64),
(95, 'Shock Absorbers & Springs', NULL, 'shock-absorbers-springs', '2019-09-28 18:49:31', '2019-09-28 18:49:31', 10, NULL, 65),
(96, 'Suspension Arms & Joints', NULL, 'suspension-arms-joints', '2019-09-28 18:49:31', '2019-09-28 18:49:31', 10, NULL, 65),
(97, 'Tie Rod & Steering Rack Components', NULL, 'tie-rod-steering-rack-components', '2019-09-28 18:49:31', '2019-09-28 18:49:31', 10, NULL, 64),
(98, 'Wheel Bearings & Hubs', NULL, 'wheel-bearings-hubs', '2019-09-28 18:49:31', '2019-09-28 18:49:31', 10, NULL, 63),
(99, 'Auto Electrical', NULL, 'auto-electrical', '2019-09-28 18:53:22', '2019-09-28 18:53:22', 8, NULL, 48),
(100, 'Climate Control', NULL, 'climate-control', '2019-09-28 18:53:22', '2019-09-28 18:53:22', 8, NULL, 49),
(101, 'Cooling System', NULL, 'cooling-system', '2019-09-28 18:53:22', '2019-09-28 18:53:22', 8, NULL, 49),
(102, 'Engine Components', NULL, 'engine-components', '2019-09-28 18:53:23', '2019-09-28 18:53:23', 8, NULL, 50),
(104, 'Exhausts', NULL, 'exhausts', '2019-09-28 18:53:23', '2019-09-28 18:53:23', 8, NULL, 50),
(105, 'Forced Induction', NULL, 'forced-induction', '2019-09-28 18:53:23', '2019-09-28 18:53:23', 8, NULL, 51),
(106, 'Fuel System', NULL, 'fuel-system', '2019-09-28 18:53:23', '2019-09-28 18:53:23', 8, NULL, 51),
(107, 'Ignition System', NULL, 'ignition-system', '2019-09-28 18:53:23', '2019-09-28 18:53:23', 8, NULL, 48),
(108, 'Oil System', NULL, 'oil-system', '2019-09-28 18:53:23', '2019-09-28 18:53:23', 8, NULL, 49),
(109, 'Transmission & Drivetrain', NULL, 'transmission-drivetrain', '2019-09-28 18:53:23', '2019-09-28 18:53:23', 8, NULL, 48),
(110, 'Universal Fittings, Hoses & Accessories', NULL, 'universal-fittings-hoses-accessories', '2019-09-28 18:53:23', '2019-09-28 18:53:23', 8, NULL, 50),
(111, 'Camera Accessories', NULL, 'camera-accessories', '2019-09-28 18:10:45', '2019-09-28 18:10:45', 1, 1, NULL),
(112, 'Cameras', NULL, 'cameras', '2019-09-29 18:10:45', '2019-09-29 18:10:45', 1, 1, NULL),
(113, '4x4 Awnings & Accessories', NULL, '4x4-awnings-accessories', '2019-09-30 18:10:45', '2019-09-30 18:10:45', 1, 2, NULL),
(114, 'Caravan Accessories', NULL, 'caravan-accessories', '2019-10-01 18:10:45', '2019-10-01 18:10:45', 1, 2, NULL),
(115, 'Handheld GPS & Tech', NULL, 'handheld-gps-tech', '2019-10-02 18:10:45', '2019-10-02 18:10:45', 1, 2, NULL),
(116, 'Portable Equipment & Power', NULL, 'portable-equipment-power', '2019-10-03 18:10:45', '2019-10-03 18:10:45', 1, 2, NULL),
(117, 'Fridges & Freezers', NULL, 'fridges-freezers', '2019-10-04 18:10:45', '2019-10-04 18:10:45', 1, 2, NULL),
(118, 'Smart Watches', NULL, 'smart-watches', '2019-10-05 18:10:45', '2019-10-05 18:10:45', 1, 2, NULL),
(119, 'Swags & Tents', NULL, 'swags-tents', '2019-10-06 18:10:45', '2019-10-06 18:10:45', 1, 2, NULL),
(120, 'Sleeping Bags & Bedding', NULL, 'sleeping-bags-bedding', '2019-10-07 18:10:45', '2019-10-07 18:10:45', 1, 2, NULL),
(121, 'Antennas & Accessories', NULL, 'antennas-accessories', '2019-10-08 18:10:45', '2019-10-08 18:10:45', 1, 3, NULL),
(122, 'Dash Cams', NULL, 'dash-cams', '2019-10-09 18:10:45', '2019-10-09 18:10:45', 1, 3, NULL),
(123, 'Mobile Phone Accessories', NULL, 'mobile-phone-accessories', '2019-10-10 18:10:45', '2019-10-10 18:10:45', 1, 3, NULL),
(124, 'Parking Sensors & Cameras', NULL, 'parking-sensors-cameras', '2019-10-11 18:10:45', '2019-10-11 18:10:45', 1, 3, NULL),
(125, 'Sat Nav', NULL, 'sat-nav', '2019-10-12 18:10:45', '2019-10-12 18:10:45', 1, 3, NULL),
(126, 'Car Alarms & Security', NULL, 'car-alarms-security', '2019-10-13 18:10:45', '2019-10-13 18:10:45', 1, 3, NULL),
(127, 'Head Units', NULL, 'head-units', '2019-10-14 18:10:45', '2019-10-14 18:10:45', 1, 3, NULL),
(128, 'Speakers & Subwoofers', NULL, 'speakers-subwoofers', '2019-10-15 18:10:45', '2019-10-15 18:10:45', 1, 3, NULL),
(129, 'Amplifiers', NULL, 'amplifiers', '2019-10-16 18:10:45', '2019-10-16 18:10:45', 1, 3, NULL),
(130, 'Installation Accessories', NULL, 'installation-accessories', '2019-10-17 18:10:45', '2019-10-17 18:10:45', 1, 3, NULL),
(131, 'Sound Deadening & Insulation', NULL, 'sound-deadening-insulation', '2019-10-18 18:10:45', '2019-10-18 18:10:45', 1, 3, NULL),
(132, 'Mobile Entertainment', NULL, 'mobile-entertainment', '2019-10-19 18:10:45', '2019-10-19 18:10:45', 1, 3, NULL),
(133, 'First Aid & Safety', NULL, 'first-aid-safety', '2019-10-20 18:10:45', '2019-10-20 18:10:45', 1, 4, NULL),
(134, 'Seat Covers & Mats', NULL, 'seat-covers-mats', '2019-10-21 18:10:45', '2019-10-21 18:10:45', 1, 4, NULL),
(135, 'Sun Shades & Protection', NULL, 'sun-shades-protection', '2019-10-22 18:10:45', '2019-10-22 18:10:45', 1, 4, NULL),
(136, 'Gauges & Accessories', NULL, 'gauges-accessories', '2019-10-23 18:10:45', '2019-10-23 18:10:45', 1, 4, NULL),
(137, 'Gear Knobs', NULL, 'gear-knobs', '2019-10-24 18:10:45', '2019-10-24 18:10:45', 1, 4, NULL),
(138, 'Pedal Sets', NULL, 'pedal-sets', '2019-10-25 18:10:45', '2019-10-25 18:10:45', 1, 4, NULL),
(139, 'Helmets & Accessories', NULL, 'helmets-accessories', '2019-10-26 18:10:45', '2019-10-26 18:10:45', 1, 5, NULL),
(140, 'Heat Shielding & Protection', NULL, 'heat-shielding-protection', '2019-10-27 18:10:45', '2019-10-27 18:10:45', 1, 5, NULL),
(141, 'Race Seats & Accessories', NULL, 'race-seats-accessories', '2019-10-28 18:10:45', '2019-10-28 18:10:45', 1, 5, NULL),
(142, 'Steering Wheels & Accessories', NULL, 'steering-wheels-accessories', '2019-10-29 18:10:45', '2019-10-29 18:10:45', 1, 5, NULL),
(143, 'Racewear', NULL, 'racewear', '2019-10-30 18:10:45', '2019-10-30 18:10:45', 1, 5, NULL),
(144, 'Roll Cages & Accessories', NULL, 'roll-cages-accessories', '2019-10-31 18:10:45', '2019-10-31 18:10:45', 1, 5, NULL),
(145, 'Harnesses & Accessories', NULL, 'harnesses-accessories', '2019-11-01 18:10:45', '2019-11-01 18:10:45', 1, 5, NULL),
(146, 'Vehicle Preparation', NULL, 'vehicle-preparation', '2019-11-02 18:10:45', '2019-11-02 18:10:45', 1, 5, NULL),
(147, 'Pedal & Handbrake Assemblies', NULL, 'pedal-handbrake-assemblies', '2019-11-03 18:10:45', '2019-11-03 18:10:45', 1, 5, NULL),
(148, 'Jerry Cans & Containers', NULL, 'jerry-cans-containers', '2019-11-04 18:10:45', '2019-11-04 18:10:45', 1, 6, NULL),
(149, 'Recovery Equipment', NULL, 'recovery-equipment', '2019-11-05 18:10:45', '2019-11-05 18:10:45', 1, 6, NULL),
(150, 'Recovery Tracks', NULL, 'recovery-tracks', '2019-11-06 18:10:45', '2019-11-06 18:10:45', 1, 6, NULL),
(151, 'Winches & Winch Accessories', NULL, 'winches-winch-accessories', '2019-11-07 18:10:45', '2019-11-07 18:10:45', 1, 6, NULL),
(152, 'Stickers & Banners', NULL, 'stickers-banners', '2019-11-08 18:10:45', '2019-11-08 18:10:45', 1, 7, NULL),
(153, 'Apparel', NULL, 'apparel', '2019-11-09 18:10:45', '2019-11-09 18:10:45', 1, 7, NULL),
(154, 'Keyrings & Lanyards', NULL, 'keyrings-lanyards', '2019-11-10 18:10:45', '2019-11-10 18:10:45', 1, 7, NULL),
(155, 'Books & DVD''s', NULL, 'books-dvds', '2019-11-11 18:10:45', '2019-11-11 18:10:45', 1, 7, NULL),
(156, 'Bottle Openers & Accessories', NULL, 'bottle-openers-accessories', '2019-11-12 18:10:45', '2019-11-12 18:10:45', 1, 7, NULL),
(157, 'Signs', NULL, 'signs', '2019-11-13 18:10:45', '2019-11-13 18:10:45', 1, 7, NULL),
(158, 'Bags', NULL, 'bags', '2019-11-14 18:10:45', '2019-11-14 18:10:45', 1, 7, NULL),
(159, 'Diecast Scale Models', NULL, 'diecast-scale-models', '2019-11-15 18:10:45', '2019-11-15 18:10:45', 1, 7, NULL),
(160, 'Tie Downs, Nets & Covers', NULL, 'tie-downs-nets-covers', '2019-11-16 18:10:45', '2019-11-16 18:10:45', 1, 8, NULL),
(161, 'Tow Balls & Hitches', NULL, 'tow-balls-hitches', '2019-11-17 18:10:45', '2019-11-17 18:10:45', 1, 8, NULL),
(162, 'Trailer Electrical', NULL, 'trailer-electrical', '2019-11-18 18:10:45', '2019-11-18 18:10:45', 1, 8, NULL),
(163, 'Trailer Parts', NULL, 'trailer-parts', '2019-11-19 18:10:45', '2019-11-19 18:10:45', 1, 8, NULL),
(164, 'Bed Liner', NULL, 'bed-liner', '2019-11-20 18:10:45', '2019-11-20 18:10:45', 1, 8, NULL),
(165, 'CB Radio Antennas & Accessories', NULL, 'cb-radio-antennas-accessories', '2019-11-21 18:10:45', '2019-11-21 18:10:45', 1, 9, NULL),
(166, 'CB Radios', NULL, 'cb-radios', '2019-11-22 18:10:45', '2019-11-22 18:10:45', 1, 9, NULL),
(167, 'Marine Radios', NULL, 'marine-radios', '2019-11-23 18:10:45', '2019-11-23 18:10:45', 1, 9, NULL),
(168, 'Tailgate Struts', NULL, 'tailgate-struts', '2019-11-24 18:10:45', '2019-11-24 18:10:45', 2, 10, NULL),
(169, 'Bonnet Hinges', NULL, 'bonnet-hinges', '2019-11-25 18:10:45', '2019-11-25 18:10:45', 2, 10, NULL),
(170, 'Grilles', NULL, 'grilles', '2019-11-26 18:10:45', '2019-11-26 18:10:45', 2, 10, NULL),
(171, 'Bonnet Struts', NULL, 'bonnet-struts', '2019-11-27 18:10:45', '2019-11-27 18:10:45', 2, 10, NULL),
(172, 'Bonnet Components', NULL, 'bonnet-components', '2019-11-28 18:10:45', '2019-11-28 18:10:45', 2, 10, NULL),
(173, 'Tailgate Components', NULL, 'tailgate-components', '2019-11-29 18:10:45', '2019-11-29 18:10:45', 2, 10, NULL),
(174, 'Car Covers', NULL, 'car-covers', '2019-11-30 18:10:45', '2019-11-30 18:10:45', 2, 11, NULL),
(175, 'Bike Covers', NULL, 'bike-covers', '2019-12-01 18:10:45', '2019-12-01 18:10:45', 2, 11, NULL),
(176, 'Window Regulators', NULL, 'window-regulators', '2019-12-02 18:10:45', '2019-12-02 18:10:45', 2, 12, NULL),
(177, 'Rear View Mirrors', NULL, 'rear-view-mirrors', '2019-12-03 18:10:45', '2019-12-03 18:10:45', 2, 12, NULL),
(178, 'Window Switches', NULL, 'window-switches', '2019-12-04 18:10:45', '2019-12-04 18:10:45', 2, 12, NULL),
(179, 'Door Hinges', NULL, 'door-hinges', '2019-12-05 18:10:45', '2019-12-05 18:10:45', 2, 12, NULL),
(180, 'Door Handles', NULL, 'door-handles', '2019-12-06 18:10:45', '2019-12-06 18:10:45', 2, 12, NULL),
(181, 'Door Locks & Latches', NULL, 'door-locks-latches', '2019-12-07 18:10:45', '2019-12-07 18:10:45', 2, 12, NULL),
(182, 'Door Seals', NULL, 'door-seals', '2019-12-08 18:10:45', '2019-12-08 18:10:45', 2, 12, NULL),
(183, 'Replacement Keys & Remotes', NULL, 'replacement-keys-remotes', '2019-12-09 18:10:45', '2019-12-09 18:10:45', 2, 12, NULL),
(184, 'Snorkel Kits', NULL, 'snorkel-kits', '2019-12-10 18:10:45', '2019-12-10 18:10:45', 2, 13, NULL),
(185, 'Vehicle Body Accessories', NULL, 'vehicle-body-accessories', '2019-12-11 18:10:45', '2019-12-11 18:10:45', 2, 13, NULL),
(186, 'Wheel Arch Flares', NULL, 'wheel-arch-flares', '2019-12-12 18:10:45', '2019-12-12 18:10:45', 2, 13, NULL),
(187, 'Bonnet Protectors', NULL, 'bonnet-protectors', '2019-12-13 18:10:45', '2019-12-13 18:10:45', 2, 14, NULL),
(188, 'Headlight Protectors', NULL, 'headlight-protectors', '2019-12-14 18:10:45', '2019-12-14 18:10:45', 2, 14, NULL),
(189, 'Weather Shields', NULL, 'weather-shields', '2019-12-15 18:10:45', '2019-12-15 18:10:45', 2, 14, NULL),
(190, 'Bull Bars', NULL, 'bull-bars', '2019-12-16 18:10:45', '2019-12-16 18:10:45', 2, 14, NULL),
(191, 'Underbody Protection & Bash Plates', NULL, 'underbody-protection-bash-plates', '2019-12-17 18:10:45', '2019-12-17 18:10:45', 2, 14, NULL),
(192, 'Bolts, Brackets & Accessories', NULL, 'bolts-brackets-accessories', '2019-12-18 18:10:45', '2019-12-18 18:10:45', 2, 15, NULL),
(193, 'Holders & Carriers', NULL, 'holders-carriers', '2019-12-19 18:10:45', '2019-12-19 18:10:45', 2, 15, NULL),
(194, 'Ladder & Trade Equipment', NULL, 'ladder-trade-equipment', '2019-12-20 18:10:45', '2019-12-20 18:10:45', 2, 15, NULL),
(195, 'Roof Boxes', NULL, 'roof-boxes', '2019-12-21 18:10:45', '2019-12-21 18:10:45', 2, 15, NULL),
(196, 'Roof Racks', NULL, 'roof-racks', '2019-12-22 18:10:45', '2019-12-22 18:10:45', 2, 15, NULL),
(197, 'Fog Lights', NULL, 'fog-lights', '2019-12-23 18:10:45', '2019-12-23 18:10:45', 2, 16, NULL),
(198, 'Headlights', NULL, 'headlights', '2019-12-24 18:10:45', '2019-12-24 18:10:45', 2, 16, NULL),
(199, 'Indicators', NULL, 'indicators', '2019-12-25 18:10:45', '2019-12-25 18:10:45', 2, 16, NULL),
(200, 'Tail Lights', NULL, 'tail-lights', '2019-12-26 18:10:45', '2019-12-26 18:10:45', 2, 16, NULL),
(201, 'Wheel Tools', NULL, 'wheel-tools', '2019-12-27 18:10:45', '2019-12-27 18:10:45', 2, 17, NULL),
(202, 'Wheels', NULL, 'wheels', '2019-12-28 18:10:45', '2019-12-28 18:10:45', 2, 17, NULL),
(203, 'Tyre Gauges & Accessories', NULL, 'tyre-gauges-accessories', '2019-12-29 18:10:45', '2019-12-29 18:10:45', 2, 17, NULL),
(204, 'Wheel Nuts & Studs', NULL, 'wheel-nuts-studs', '2019-12-30 18:10:45', '2019-12-30 18:10:45', 2, 17, NULL),
(205, 'Washer Fluids', NULL, 'washer-fluids', '2019-12-31 18:10:45', '2019-12-31 18:10:45', 2, 18, NULL),
(206, 'Wiper Blades', NULL, 'wiper-blades', '2020-01-01 18:10:45', '2020-01-01 18:10:45', 2, 18, NULL),
(207, 'Washer Bottles', NULL, 'washer-bottles', '2020-01-02 18:10:45', '2020-01-02 18:10:45', 2, 18, NULL),
(208, 'Wiper Motors', NULL, 'wiper-motors', '2020-01-03 18:10:45', '2020-01-03 18:10:45', 2, 18, NULL),
(209, 'Brake Master Cylinders', NULL, 'brake-master-cylinders', '2020-01-04 18:10:45', '2020-01-04 18:10:45', 3, 20, NULL),
(210, 'Brake Wheel Cylinders', NULL, 'brake-wheel-cylinders', '2020-01-05 18:10:45', '2020-01-05 18:10:45', 3, 20, NULL),
(211, 'Brake Wear Sensors', NULL, 'brake-wear-sensors', '2020-01-06 18:10:45', '2020-01-06 18:10:45', 3, 25, NULL),
(212, 'ABS Modules', NULL, 'abs-modules', '2020-01-07 18:10:45', '2020-01-07 18:10:45', 3, 25, NULL),
(213, 'ABS Sensors', NULL, 'abs-sensors', '2020-01-08 18:10:45', '2020-01-08 18:10:45', 3, 25, NULL),
(214, 'Chamois & Drying Towels', NULL, 'chamois-drying-towels', '2020-01-09 18:10:45', '2020-01-09 18:10:45', 4, 35, NULL),
(215, 'Applicators & Dusters', NULL, 'applicators-dusters', '2020-01-10 18:10:45', '2020-01-10 18:10:45', 4, 35, NULL),
(216, 'Cloths & Terry Towels', NULL, 'cloths-terry-towels', '2020-01-11 18:10:45', '2020-01-11 18:10:45', 4, 35, NULL),
(217, 'Wash Mitts, Sponges & Brushes', NULL, 'wash-mitts-sponges-brushes', '2020-01-12 18:10:45', '2020-01-12 18:10:45', 4, 35, NULL),
(218, 'Washing & Cleaning', NULL, 'washing-cleaning', '2020-01-13 18:10:45', '2020-01-13 18:10:45', 4, 29, NULL),
(219, 'Polishing & Surface Prep', NULL, 'polishing-surface-prep', '2020-01-14 18:10:45', '2020-01-14 18:10:45', 4, 29, NULL),
(220, 'Waxes & Sealants', NULL, 'waxes-sealants', '2020-01-15 18:10:45', '2020-01-15 18:10:45', 4, 29, NULL),
(221, 'Detailing', NULL, 'detailing', '2020-01-16 18:10:45', '2020-01-16 18:10:45', 4, 29, NULL),
(222, 'Wheel & Tyre Care', NULL, 'wheel-tyre-care', '2020-01-17 18:10:45', '2020-01-17 18:10:45', 4, 29, NULL),
(223, 'Car Air Fresheners', NULL, 'car-air-fresheners', '2020-01-18 18:10:45', '2020-01-18 18:10:45', 4, 31, NULL),
(224, 'Car Interior Cleaner', NULL, 'car-interior-cleaner', '2020-01-19 18:10:45', '2020-01-19 18:10:45', 4, 31, NULL),
(225, 'Car Interior Protector', NULL, 'car-interior-protector', '2020-01-20 18:10:45', '2020-01-20 18:10:45', 4, 31, NULL),
(226, 'Leather Cleaner & Leather Care', NULL, 'leather-cleaner-leather-care', '2020-01-21 18:10:45', '2020-01-21 18:10:45', 4, 31, NULL),
(227, 'Glass Cleaning', NULL, 'glass-cleaning', '2020-01-22 18:10:45', '2020-01-22 18:10:45', 4, 31, NULL),
(228, 'Washing & Cleaning', NULL, 'washing-cleaning', '2020-01-23 18:10:45', '2020-01-23 18:10:45', 4, 32, NULL),
(229, 'Polishing & Surface Prep', NULL, 'polishing-surface-prep', '2020-01-24 18:10:45', '2020-01-24 18:10:45', 4, 32, NULL),
(230, 'Waxes & Sealants', NULL, 'waxes-sealants', '2020-01-25 18:10:45', '2020-01-25 18:10:45', 4, 32, NULL),
(231, 'Polishing Machines', NULL, 'polishing-machines', '2020-01-26 18:10:45', '2020-01-26 18:10:45', 4, 33, NULL),
(232, 'Consumables & Accessories', NULL, 'consumables-accessories', '2020-01-27 18:10:45', '2020-01-27 18:10:45', 4, 33, NULL),
(233, 'Battery Accessories', NULL, 'battery-accessories', '2020-01-28 18:10:45', '2020-01-28 18:10:45', 6, 53, NULL),
(234, 'Battery Charging & Jump Starting', NULL, 'battery-charging-jump-starting', '2020-01-29 18:10:45', '2020-01-29 18:10:45', 6, 53, NULL),
(235, 'Battery Tools', NULL, 'battery-tools', '2020-01-30 18:10:45', '2020-01-30 18:10:45', 6, 53, NULL),
(236, 'Batteries', NULL, 'batteries', '2020-01-31 18:10:45', '2020-01-31 18:10:45', 6, 53, NULL),
(237, 'Battery Brackets & Boxes', NULL, 'battery-brackets-boxes', '2020-02-01 18:10:45', '2020-02-01 18:10:45', 6, 53, NULL),
(238, 'Battery Charger Brackets', NULL, 'battery-charger-brackets', '2020-02-02 18:10:45', '2020-02-02 18:10:45', 6, 53, NULL),
(239, 'Cable Clamps & Cable Tie Mounts', NULL, 'cable-clamps-cable-tie-mounts', '2020-02-03 18:10:45', '2020-02-03 18:10:45', 6, 54, NULL),
(240, 'Cables & Cable Lugs', NULL, 'cables-cable-lugs', '2020-02-04 18:10:45', '2020-02-04 18:10:45', 6, 54, NULL),
(241, 'Car Fuses', NULL, 'car-fuses', '2020-02-05 18:10:45', '2020-02-05 18:10:45', 6, 54, NULL),
(242, 'Relays', NULL, 'relays', '2020-02-06 18:10:45', '2020-02-06 18:10:45', 6, 54, NULL),
(243, 'Switches & Controls', NULL, 'switches-controls', '2020-02-07 18:10:45', '2020-02-07 18:10:45', 6, 54, NULL),
(244, 'Terminals & Connectors', NULL, 'terminals-connectors', '2020-02-08 18:10:45', '2020-02-08 18:10:45', 6, 54, NULL),
(245, 'Wedge Globes', NULL, 'wedge-globes', '2020-02-09 18:10:45', '2020-02-09 18:10:45', 6, 55, NULL),
(246, 'Bayonet Globes', NULL, 'bayonet-globes', '2020-02-10 18:10:45', '2020-02-10 18:10:45', 6, 55, NULL),
(247, 'Festoon Globes', NULL, 'festoon-globes', '2020-02-11 18:10:45', '2020-02-11 18:10:45', 6, 55, NULL),
(248, 'Halogen Globes', NULL, 'halogen-globes', '2020-02-12 18:10:45', '2020-02-12 18:10:45', 6, 55, NULL),
(249, 'LED Globes', NULL, 'led-globes', '2020-02-13 18:10:45', '2020-02-13 18:10:45', 6, 55, NULL),
(250, 'HID Globes', NULL, 'hid-globes', '2020-02-14 18:10:45', '2020-02-14 18:10:45', 6, 55, NULL),
(251, 'Globe Holders', NULL, 'globe-holders', '2020-02-15 18:10:45', '2020-02-15 18:10:45', 6, 55, NULL),
(252, 'Warning Systems & Buzzers', NULL, 'warning-systems-buzzers', '2020-02-16 18:10:45', '2020-02-16 18:10:45', 6, 56, NULL),
(253, 'Air Horns', NULL, 'air-horns', '2020-02-17 18:10:45', '2020-02-17 18:10:45', 6, 56, NULL),
(254, 'Disc Horns', NULL, 'disc-horns', '2020-02-18 18:10:45', '2020-02-18 18:10:45', 6, 56, NULL),
(255, 'Beacon & Warning Lights', NULL, 'beacon-warning-lights', '2020-02-19 18:10:45', '2020-02-19 18:10:45', 6, 57, NULL),
(256, 'Driving Lights', NULL, 'driving-lights', '2020-02-20 18:10:45', '2020-02-20 18:10:45', 6, 57, NULL),
(257, 'Interior Lights', NULL, 'interior-lights', '2020-02-21 18:10:45', '2020-02-21 18:10:45', 6, 57, NULL),
(258, 'Wiring & Accessories', NULL, 'wiring-accessories', '2020-02-22 18:10:45', '2020-02-22 18:10:45', 6, 57, NULL),
(259, 'Solar Blankets', NULL, 'solar-blankets', '2020-02-23 18:10:45', '2020-02-23 18:10:45', 6, 58, NULL),
(260, 'Solar Chargers & Regulators', NULL, 'solar-chargers-regulators', '2020-02-24 18:10:45', '2020-02-24 18:10:45', 6, 58, NULL),
(261, 'Solar Panels', NULL, 'solar-panels', '2020-02-25 18:10:45', '2020-02-25 18:10:45', 6, 58, NULL),
(262, 'Solar Panel Accessories', NULL, 'solar-panel-accessories', '2020-02-26 18:10:45', '2020-02-26 18:10:45', 6, 58, NULL),
(263, 'Power Inverters', NULL, 'power-inverters', '2020-02-27 18:10:45', '2020-02-27 18:10:45', 6, 59, NULL),
(264, 'Voltage Reducers', NULL, 'voltage-reducers', '2020-02-28 18:10:45', '2020-02-28 18:10:45', 6, 59, NULL),
(265, 'Power Supplies', NULL, 'power-supplies', '2020-02-29 18:10:45', '2020-02-29 18:10:45', 6, 59, NULL),
(266, 'Oil Additives', NULL, 'oil-additives', '2020-03-01 18:10:45', '2020-03-01 18:10:45', 7, 60, NULL),
(267, 'Coolant Additives', NULL, 'coolant-additives', '2020-03-02 18:10:45', '2020-03-02 18:10:45', 7, 60, NULL),
(268, 'Fuel Additives', NULL, 'fuel-additives', '2020-03-03 18:10:45', '2020-03-03 18:10:45', 7, 60, NULL),
(269, 'Pre-Mixed Coolant', NULL, 'pre-mixed-coolant', '2020-03-04 18:10:45', '2020-03-04 18:10:45', 7, 62, NULL),
(270, 'Concentrated Coolant', NULL, 'concentrated-coolant', '2020-03-05 18:10:45', '2020-03-05 18:10:45', 7, 62, NULL),
(271, 'Mineral Oils', NULL, 'mineral-oils', '2020-03-06 18:10:45', '2020-03-06 18:10:45', 7, 63, NULL),
(272, 'Synthetic Oils', NULL, 'synthetic-oils', '2020-03-07 18:10:45', '2020-03-07 18:10:45', 7, 63, NULL),
(273, 'Semi Synthetic Oils', NULL, 'semi-synthetic-oils', '2020-03-08 18:10:45', '2020-03-08 18:10:45', 7, 63, NULL),
(274, 'Motorcycle Oils', NULL, 'motorcycle-oils', '2020-03-09 18:10:45', '2020-03-09 18:10:45', 7, 65, NULL),
(275, 'Marine Oils', NULL, 'marine-oils', '2020-03-10 18:10:45', '2020-03-10 18:10:45', 7, 65, NULL),
(276, 'Transmission Fluids', NULL, 'transmission-fluids', '2020-03-11 18:10:45', '2020-03-11 18:10:45', 7, 67, NULL),
(277, 'Gear Oils', NULL, 'gear-oils', '2020-03-12 18:10:45', '2020-03-12 18:10:45', 7, 67, NULL),
(278, 'Alternators', NULL, 'alternators', '2020-03-13 18:10:45', '2020-03-13 18:10:45', 8, 99, NULL),
(279, 'Starter Motors', NULL, 'starter-motors', '2020-03-14 18:10:45', '2020-03-14 18:10:45', 8, 99, NULL),
(280, 'Sensors, Switches & Senders', NULL, 'sensors-switches-senders', '2020-03-15 18:10:45', '2020-03-15 18:10:45', 8, 99, NULL),
(281, 'AC Compressors', NULL, 'ac-compressors', '2020-03-16 18:10:45', '2020-03-16 18:10:45', 8, 100, NULL),
(282, 'Air Condensers', NULL, 'air-condensers', '2020-03-17 18:10:45', '2020-03-17 18:10:45', 8, 100, NULL),
(283, 'Blower Motors', NULL, 'blower-motors', '2020-03-18 18:10:45', '2020-03-18 18:10:45', 8, 100, NULL),
(284, 'Evaporators', NULL, 'evaporators', '2020-03-19 18:10:45', '2020-03-19 18:10:45', 8, 100, NULL),
(285, 'Heater Cores', NULL, 'heater-cores', '2020-03-20 18:10:45', '2020-03-20 18:10:45', 8, 100, NULL),
(286, 'Heater Hoses', NULL, 'heater-hoses', '2020-03-21 18:10:45', '2020-03-21 18:10:45', 8, 100, NULL),
(287, 'Heater Taps', NULL, 'heater-taps', '2020-03-22 18:10:45', '2020-03-22 18:10:45', 8, 100, NULL),
(288, 'Receiver Driers', NULL, 'receiver-driers', '2020-03-23 18:10:45', '2020-03-23 18:10:45', 8, 100, NULL),
(289, 'Expansion Valves', NULL, 'expansion-valves', '2020-03-24 18:10:45', '2020-03-24 18:10:45', 8, 100, NULL),
(290, 'O-Rings & Seals', NULL, 'o-rings-seals', '2020-03-25 18:10:45', '2020-03-25 18:10:45', 8, 100, NULL),
(291, 'Cooling Fans & Accessories', NULL, 'cooling-fans-accessories', '2020-03-26 18:10:45', '2020-03-26 18:10:45', 8, 101, NULL),
(292, 'Cooling Hoses', NULL, 'cooling-hoses', '2020-03-27 18:10:45', '2020-03-27 18:10:45', 8, 101, NULL),
(293, 'Overflow & Expansion Tanks', NULL, 'overflow-expansion-tanks', '2020-03-28 18:10:45', '2020-03-28 18:10:45', 8, 101, NULL),
(294, 'Radiators', NULL, 'radiators', '2020-03-29 18:10:45', '2020-03-29 18:10:45', 8, 101, NULL),
(295, 'Thermo Fans & Switches', NULL, 'thermo-fans-switches', '2020-03-30 18:10:45', '2020-03-30 18:10:45', 8, 101, NULL),
(296, 'Thermostats & Housings', NULL, 'thermostats-housings', '2020-03-31 18:10:45', '2020-03-31 18:10:45', 8, 101, NULL),
(297, 'Water Pumps & Accessories', NULL, 'water-pumps-accessories', '2020-04-01 18:10:45', '2020-04-01 18:10:45', 8, 101, NULL),
(298, 'Radiator Caps', NULL, 'radiator-caps', '2020-04-02 18:10:45', '2020-04-02 18:10:45', 8, 101, NULL),
(299, 'Engine Belts, Pulleys & Tensioners', NULL, 'engine-belts-pulleys-tensioners', '2020-04-03 18:10:45', '2020-04-03 18:10:45', 8, 102, NULL),
(300, 'Gaskets & Seals', NULL, 'gaskets-seals', '2020-04-04 18:10:45', '2020-04-04 18:10:45', 8, 102, NULL),
(301, 'Valvetrain', NULL, 'valvetrain', '2020-04-05 18:10:45', '2020-04-05 18:10:45', 8, 102, NULL),
(302, 'Inlet Manifolds & Throttle Bodies', NULL, 'inlet-manifolds-throttle-bodies', '2020-04-06 18:10:45', '2020-04-06 18:10:45', 8, 102, NULL),
(303, 'Engine Mounts', NULL, 'engine-mounts', '2020-04-07 18:10:45', '2020-04-07 18:10:45', 8, 102, NULL),
(304, 'PCV & EGR Systems', NULL, 'pcv-egr-systems', '2020-04-08 18:10:45', '2020-04-08 18:10:45', 8, 102, NULL),
(305, 'Engine Hoses', NULL, 'engine-hoses', '2020-04-09 18:10:45', '2020-04-09 18:10:45', 8, 102, NULL),
(306, 'Harmonic Balancers', NULL, 'harmonic-balancers', '2020-04-10 18:10:45', '2020-04-10 18:10:45', 8, 102, NULL),
(307, 'Engine Rebuild Components', NULL, 'engine-rebuild-components', '2020-04-11 18:10:45', '2020-04-11 18:10:45', 8, 102, NULL),
(308, 'Dashes & Data Logging', NULL, 'dashes-data-logging', '2020-04-12 18:10:45', '2020-04-12 18:10:45', 8, 72, NULL),
(309, 'ECUs', NULL, 'ecus', '2020-04-13 18:10:45', '2020-04-13 18:10:45', 8, 72, NULL),
(310, 'Harness Kits', NULL, 'harness-kits', '2020-04-14 18:10:45', '2020-04-14 18:10:45', 8, 72, NULL),
(311, 'Inputs & Controllers', NULL, 'inputs-controllers', '2020-04-15 18:10:45', '2020-04-15 18:10:45', 8, 72, NULL),
(312, 'Outputs & Ignition', NULL, 'outputs-ignition', '2020-04-16 18:10:45', '2020-04-16 18:10:45', 8, 72, NULL),
(313, 'Plugs, Pins & Cables', NULL, 'plugs-pins-cables', '2020-04-17 18:10:45', '2020-04-17 18:10:45', 8, 72, NULL),
(314, 'Throttle Controllers', NULL, 'throttle-controllers', '2020-04-18 18:10:45', '2020-04-18 18:10:45', 8, 72, NULL),
(315, 'Exhaust Collectors, Flanges & Gaskets', NULL, 'exhaust-collectors-flanges-gaskets', '2020-04-19 18:10:45', '2020-04-19 18:10:45', 8, 104, NULL),
(316, 'Exhaust Sensors & Accessories', NULL, 'exhaust-sensors-accessories', '2020-04-20 18:10:45', '2020-04-20 18:10:45', 8, 104, NULL),
(317, 'Exhaust Systems', NULL, 'exhaust-systems', '2020-04-21 18:10:45', '2020-04-21 18:10:45', 8, 104, NULL),
(318, 'Headers, Dump Pipes & Front pipes', NULL, 'headers-dump-pipes-front-pipes', '2020-04-22 18:10:45', '2020-04-22 18:10:45', 8, 104, NULL),
(319, 'Mufflers & Catalytic Converters', NULL, 'mufflers-catalytic-converters', '2020-04-23 18:10:45', '2020-04-23 18:10:45', 8, 104, NULL),
(320, 'Diesel Particulate Filters', NULL, 'diesel-particulate-filters', '2020-04-24 18:10:45', '2020-04-24 18:10:45', 8, 104, NULL),
(321, 'Exhaust Mounts & Hangers', NULL, 'exhaust-mounts-hangers', '2020-04-25 18:10:45', '2020-04-25 18:10:45', 8, 104, NULL),
(322, 'Turbochargers & Accessories', NULL, 'turbochargers-accessories', '2020-04-26 18:10:45', '2020-04-26 18:10:45', 8, 105, NULL),
(323, 'Wastegates & Accessories', NULL, 'wastegates-accessories', '2020-04-27 18:10:45', '2020-04-27 18:10:45', 8, 105, NULL),
(324, 'Blow Off Valves & Accessories', NULL, 'blow-off-valves-accessories', '2020-04-28 18:10:45', '2020-04-28 18:10:45', 8, 105, NULL),
(325, 'Intercoolers & Intercooler Piping', NULL, 'intercoolers-intercooler-piping', '2020-04-29 18:10:45', '2020-04-29 18:10:45', 8, 105, NULL),
(326, 'Boost Controllers & Accessories', NULL, 'boost-controllers-accessories', '2020-04-30 18:10:45', '2020-04-30 18:10:45', 8, 105, NULL),
(327, 'Superchargers & Accessories', NULL, 'superchargers-accessories', '2020-05-01 18:10:45', '2020-05-01 18:10:45', 8, 105, NULL),
(328, 'Fuel Pumps', NULL, 'fuel-pumps', '2020-05-02 18:10:45', '2020-05-02 18:10:45', 8, 106, NULL),
(329, 'Fuel Caps', NULL, 'fuel-caps', '2020-05-03 18:10:45', '2020-05-03 18:10:45', 8, 106, NULL),
(330, 'Fuel Pressure Regulators', NULL, 'fuel-pressure-regulators', '2020-05-04 18:10:45', '2020-05-04 18:10:45', 8, 106, NULL),
(331, 'Fuel Tanks', NULL, 'fuel-tanks', '2020-05-05 18:10:45', '2020-05-05 18:10:45', 8, 106, NULL),
(332, 'Injectors & Fuel Rails', NULL, 'injectors-fuel-rails', '2020-05-06 18:10:45', '2020-05-06 18:10:45', 8, 106, NULL),
(333, 'Carburettors', NULL, 'carburettors', '2020-05-07 18:10:45', '2020-05-07 18:10:45', 8, 106, NULL),
(334, 'Carburettor Accessories', NULL, 'carburettor-accessories', '2020-05-08 18:10:45', '2020-05-08 18:10:45', 8, 106, NULL),
(335, 'Service Kits', NULL, 'service-kits', '2020-05-09 18:10:45', '2020-05-09 18:10:45', 8, 106, NULL),
(336, 'Fuel Hoses', NULL, 'fuel-hoses', '2020-05-10 18:10:45', '2020-05-10 18:10:45', 8, 106, NULL),
(337, 'Glow Plugs', NULL, 'glow-plugs', '2020-05-11 18:10:45', '2020-05-11 18:10:45', 8, 107, NULL),
(338, 'Spark Plugs', NULL, 'spark-plugs', '2020-05-12 18:10:45', '2020-05-12 18:10:45', 8, 107, NULL),
(339, 'Ignition Coils', NULL, 'ignition-coils', '2020-05-13 18:10:45', '2020-05-13 18:10:45', 8, 107, NULL),
(340, 'Ignition Leads', NULL, 'ignition-leads', '2020-05-14 18:10:45', '2020-05-14 18:10:45', 8, 107, NULL),
(341, 'Ignition Management', NULL, 'ignition-management', '2020-05-15 18:10:45', '2020-05-15 18:10:45', 8, 107, NULL),
(342, 'Distributors', NULL, 'distributors', '2020-05-16 18:10:45', '2020-05-16 18:10:45', 8, 107, NULL),
(343, 'Distributor Accessories', NULL, 'distributor-accessories', '2020-05-17 18:10:45', '2020-05-17 18:10:45', 8, 107, NULL),
(344, 'Oil Pumps', NULL, 'oil-pumps', '2020-05-18 18:10:45', '2020-05-18 18:10:45', 8, 108, NULL),
(345, 'Oil Pans & Accessories', NULL, 'oil-pans-accessories', '2020-05-19 18:10:45', '2020-05-19 18:10:45', 8, 108, NULL),
(346, 'Oil Coolers & Adaptors', NULL, 'oil-coolers-adaptors', '2020-05-20 18:10:45', '2020-05-20 18:10:45', 8, 108, NULL),
(347, 'Oil Pressure Regulators', NULL, 'oil-pressure-regulators', '2020-05-21 18:10:45', '2020-05-21 18:10:45', 8, 108, NULL),
(348, 'Oil Catch Cans', NULL, 'oil-catch-cans', '2020-05-22 18:10:45', '2020-05-22 18:10:45', 8, 108, NULL),
(349, 'Oil Hoses & Lines', NULL, 'oil-hoses-lines', '2020-05-23 18:10:45', '2020-05-23 18:10:45', 8, 108, NULL),
(350, 'Oil Caps', NULL, 'oil-caps', '2020-05-24 18:10:45', '2020-05-24 18:10:45', 8, 108, NULL),
(351, 'Clutch Hydraulic Components', NULL, 'clutch-hydraulic-components', '2020-05-25 18:10:45', '2020-05-25 18:10:45', 8, 109, NULL),
(352, 'Clutches & Clutch Kits', NULL, 'clutches-clutch-kits', '2020-05-26 18:10:45', '2020-05-26 18:10:45', 8, 109, NULL),
(353, 'CV & Drive Shafts', NULL, 'cv-drive-shafts', '2020-05-27 18:10:45', '2020-05-27 18:10:45', 8, 109, NULL),
(354, 'Flywheels', NULL, 'flywheels', '2020-05-28 18:10:45', '2020-05-28 18:10:45', 8, 109, NULL),
(355, 'Transmission Linkages & Bushes', NULL, 'transmission-linkages-bushes', '2020-05-29 18:10:45', '2020-05-29 18:10:45', 8, 109, NULL),
(356, 'Transmission Coolers', NULL, 'transmission-coolers', '2020-05-30 18:10:45', '2020-05-30 18:10:45', 8, 109, NULL),
(357, 'Transmission Pans', NULL, 'transmission-pans', '2020-05-31 18:10:45', '2020-05-31 18:10:45', 8, 109, NULL),
(358, 'Differentials', NULL, 'differentials', '2020-06-01 18:10:45', '2020-06-01 18:10:45', 8, 109, NULL),
(359, 'Transmission Parts', NULL, 'transmission-parts', '2020-06-02 18:10:45', '2020-06-02 18:10:45', 8, 109, NULL),
(360, 'Differential Parts', NULL, 'differential-parts', '2020-06-03 18:10:45', '2020-06-03 18:10:45', 8, 109, NULL),
(361, 'Clamps, Fittings & Elbows', NULL, 'clamps-fittings-elbows', '2020-06-04 18:10:45', '2020-06-04 18:10:45', 8, 110, NULL),
(362, 'Fuel & Oil Lines', NULL, 'fuel-oil-lines', '2020-06-05 18:10:45', '2020-06-05 18:10:45', 8, 110, NULL),
(363, 'Hose Clamps', NULL, 'hose-clamps', '2020-06-06 18:10:45', '2020-06-06 18:10:45', 8, 110, NULL),
(364, 'Hoses', NULL, 'hoses', '2020-06-07 18:10:45', '2020-06-07 18:10:45', 8, 110, NULL),
(365, 'Breather Filters', NULL, 'breather-filters', '2020-06-08 18:10:45', '2020-06-08 18:10:45', 9, 80, NULL),
(366, 'Air Filter Covers', NULL, 'air-filter-covers', '2020-06-09 18:10:45', '2020-06-09 18:10:45', 9, 80, NULL),
(367, 'Vehicle Specific Air Filters', NULL, 'vehicle-specific-air-filters', '2020-06-10 18:10:45', '2020-06-10 18:10:45', 9, 80, NULL),
(368, 'Pod Filters', NULL, 'pod-filters', '2020-06-11 18:10:45', '2020-06-11 18:10:45', 9, 80, NULL),
(369, 'Air Filter Cleaners', NULL, 'air-filter-cleaners', '2020-06-12 18:10:45', '2020-06-12 18:10:45', 9, 80, NULL),
(370, 'Filter Locking Rings', NULL, 'filter-locking-rings', '2020-06-13 18:10:45', '2020-06-13 18:10:45', 9, 85, NULL),
(371, 'Universal Water Separators', NULL, 'universal-water-separators', '2020-06-14 18:10:45', '2020-06-14 18:10:45', 9, 85, NULL),
(372, 'Vehicle Specific Fuel Filters', NULL, 'vehicle-specific-fuel-filters', '2020-06-15 18:10:45', '2020-06-15 18:10:45', 9, 85, NULL),
(373, 'Universal Fuel Filters', NULL, 'universal-fuel-filters', '2020-06-16 18:10:45', '2020-06-16 18:10:45', 9, 85, NULL),
(374, 'Motorcycle Oil Filters', NULL, 'motorcycle-oil-filters', '2020-06-17 18:10:45', '2020-06-17 18:10:45', 9, 86, NULL),
(375, 'Motorcycle Air Filters', NULL, 'motorcycle-air-filters', '2020-06-18 18:10:45', '2020-06-18 18:10:45', 9, 86, NULL),
(376, 'Air Bag Suspension Kits', NULL, 'air-bag-suspension-kits', '2020-06-19 18:10:45', '2020-06-19 18:10:45', 10, 89, NULL),
(377, 'Air Springs & Airbags', NULL, 'air-springs-airbags', '2020-06-20 18:10:45', '2020-06-20 18:10:45', 10, 89, NULL),
(378, 'Air Compressors & Air Tanks', NULL, 'air-compressors-air-tanks', '2020-06-21 18:10:45', '2020-06-21 18:10:45', 10, 89, NULL),
(379, 'Air Gauges, Control Units & Valves', NULL, 'air-gauges-control-units-valves', '2020-06-22 18:10:45', '2020-06-22 18:10:45', 10, 89, NULL),
(380, 'Air Tubes, Fittings & Adaptors', NULL, 'air-tubes-fittings-adaptors', '2020-06-23 18:10:45', '2020-06-23 18:10:45', 10, 89, NULL),
(381, 'Alignment Shims', NULL, 'alignment-shims', '2020-06-24 18:10:45', '2020-06-24 18:10:45', 10, 90, NULL),
(382, 'Camber Bolts', NULL, 'camber-bolts', '2020-06-25 18:10:45', '2020-06-25 18:10:45', 10, 90, NULL),
(383, 'Strut Bracing', NULL, 'strut-bracing', '2020-06-26 18:10:45', '2020-06-26 18:10:45', 10, 90, NULL),
(384, 'Chassis Bracing', NULL, 'chassis-bracing', '2020-06-27 18:10:45', '2020-06-27 18:10:45', 10, 90, NULL),
(385, 'Roll Center Kits', NULL, 'roll-center-kits', '2020-06-28 18:10:45', '2020-06-28 18:10:45', 10, 90, NULL),
(386, 'Anti Lift Caster Camber Kits', NULL, 'anti-lift-caster-camber-kits', '2020-06-29 18:10:45', '2020-06-29 18:10:45', 10, 90, NULL),
(387, 'Sway Bar Bushes', NULL, 'sway-bar-bushes', '2020-06-30 18:10:45', '2020-06-30 18:10:45', 10, 91, NULL),
(388, 'Sway Bar Links', NULL, 'sway-bar-links', '2020-07-01 18:10:45', '2020-07-01 18:10:45', 10, 91, NULL),
(389, 'Sway Bars', NULL, 'sway-bars', '2020-07-02 18:10:45', '2020-07-02 18:10:45', 10, 91, NULL),
(390, 'Steering Bushes', NULL, 'steering-bushes', '2020-07-03 18:10:45', '2020-07-03 18:10:45', 10, 92, NULL),
(391, 'Strut Bushes', NULL, 'strut-bushes', '2020-07-04 18:10:45', '2020-07-04 18:10:45', 10, 92, NULL),
(392, 'Strut Mounts & Strut Tops', NULL, 'strut-mounts-strut-tops', '2020-07-05 18:10:45', '2020-07-05 18:10:45', 10, 92, NULL),
(393, 'Bump Stops', NULL, 'bump-stops', '2020-07-06 18:10:45', '2020-07-06 18:10:45', 10, 92, NULL),
(394, 'Control Arm Bushes', NULL, 'control-arm-bushes', '2020-07-07 18:10:45', '2020-07-07 18:10:45', 10, 92, NULL),
(395, 'Suspension Bushes', NULL, 'suspension-bushes', '2020-07-08 18:10:45', '2020-07-08 18:10:45', 10, 92, NULL),
(396, 'Coilovers', NULL, 'coilovers', '2020-07-09 18:10:45', '2020-07-09 18:10:45', 10, 93, NULL),
(397, 'Lift Kits', NULL, 'lift-kits', '2020-07-10 18:10:45', '2020-07-10 18:10:45', 10, 93, NULL),
(398, 'Shock & Spring Kits', NULL, 'shock-spring-kits', '2020-07-11 18:10:45', '2020-07-11 18:10:45', 10, 93, NULL),
(399, 'Power Steering Hoses', NULL, 'power-steering-hoses', '2020-07-12 18:10:45', '2020-07-12 18:10:45', 10, 94, NULL),
(400, 'Power Steering Pumps', NULL, 'power-steering-pumps', '2020-07-13 18:10:45', '2020-07-13 18:10:45', 10, 94, NULL),
(401, 'Power Steering Oil Coolers', NULL, 'power-steering-oil-coolers', '2020-07-14 18:10:45', '2020-07-14 18:10:45', 10, 94, NULL),
(402, 'Power Steering Reservoirs', NULL, 'power-steering-reservoirs', '2020-07-15 18:10:45', '2020-07-15 18:10:45', 10, 94, NULL),
(403, 'Coil Springs', NULL, 'coil-springs', '2020-07-16 18:10:45', '2020-07-16 18:10:45', 10, 95, NULL),
(404, 'Leaf Springs', NULL, 'leaf-springs', '2020-07-17 18:10:45', '2020-07-17 18:10:45', 10, 95, NULL),
(405, 'Dust Covers', NULL, 'dust-covers', '2020-07-18 18:10:45', '2020-07-18 18:10:45', 10, 95, NULL),
(406, 'Shock Absorbers', NULL, 'shock-absorbers', '2020-07-19 18:10:45', '2020-07-19 18:10:45', 10, 95, NULL),
(407, 'Ball Joints', NULL, 'ball-joints', '2020-07-20 18:10:45', '2020-07-20 18:10:45', 10, 96, NULL),
(408, 'Steering Arms', NULL, 'steering-arms', '2020-07-21 18:10:45', '2020-07-21 18:10:45', 10, 96, NULL),
(409, 'Control Arms', NULL, 'control-arms', '2020-07-22 18:10:45', '2020-07-22 18:10:45', 10, 96, NULL),
(410, 'Rack Boots', NULL, 'rack-boots', '2020-07-23 18:10:45', '2020-07-23 18:10:45', 10, 97, NULL),
(411, 'Tie Rod Ends', NULL, 'tie-rod-ends', '2020-07-24 18:10:45', '2020-07-24 18:10:45', 10, 97, NULL),
(412, 'Rack Ends', NULL, 'rack-ends', '2020-07-25 18:10:45', '2020-07-25 18:10:45', 10, 97, NULL),
(413, 'Wheel Bearings', NULL, 'wheel-bearings', '2020-07-26 18:10:45', '2020-07-26 18:10:45', 10, 98, NULL),
(414, 'Hubs', NULL, 'hubs', '2020-07-27 18:10:45', '2020-07-27 18:10:45', 10, 98, NULL),
(415, 'Abrasives', NULL, 'abrasives', '2019-09-28 16:37:03', '2019-09-28 16:37:03', 11, NULL, 69),
(416, 'Air Tools & Compressors', NULL, 'air-tools-compressors', '2019-09-29 16:37:03', '2019-09-29 16:37:03', 11, NULL, 71),
(417, 'Automotive & Specialty', NULL, 'automotive-specialty', '2019-09-30 16:37:03', '2019-09-30 16:37:03', 11, NULL, 72),
(418, 'Bolts & Fasteners', NULL, 'bolts-fasteners', '2019-10-01 16:37:03', '2019-10-01 16:37:03', 11, NULL, 70),
(419, 'Diagnostic & Electrical Equipment', NULL, 'diagnostic-electrical-equipment', '2019-10-02 16:37:03', '2019-10-02 16:37:03', 11, NULL, 71),
(420, 'Garage & Workshop Equipment', NULL, 'garage-workshop-equipment', '2019-10-03 16:37:03', '2019-10-03 16:37:03', 11, NULL, 71),
(421, 'Hand Tools', NULL, 'hand-tools', '2019-10-04 16:37:03', '2019-10-04 16:37:03', 11, NULL, 70),
(422, 'Motorcycle Tools', NULL, 'motorcycle-tools', '2019-10-05 16:37:03', '2019-10-05 16:37:03', 11, NULL, 69),
(423, 'Power Tools', NULL, 'power-tools', '2019-10-06 16:37:03', '2019-10-06 16:37:03', 11, NULL, 70),
(424, 'Tool Kits & Storage', NULL, 'tool-kits-storage', '2019-10-07 16:37:03', '2019-10-07 16:37:03', 11, NULL, 69),
(425, 'Workshop Fluids, Sealants & Fluid Transfer', NULL, 'workshop-fluids-sealants-fluid-transfer', '2019-10-08 16:37:03', '2019-10-08 16:37:03', 11, NULL, 72),
(426, 'Air Compressors', NULL, 'air-compressors', '2019-10-09 16:37:03', '2019-10-09 16:37:03', 11, 416, NULL),
(427, 'Air Tools', NULL, 'air-tools', '2019-10-10 16:37:03', '2019-10-10 16:37:03', 11, 416, NULL),
(428, 'Air Tool Accessories', NULL, 'air-tool-accessories', '2019-10-11 16:37:03', '2019-10-11 16:37:03', 11, 416, NULL),
(429, 'Bearing Tools', NULL, 'bearing-tools', '2019-10-12 16:37:03', '2019-10-12 16:37:03', 11, 417, NULL),
(430, 'Body & Trim Tools', NULL, 'body-trim-tools', '2019-10-13 16:37:03', '2019-10-13 16:37:03', 11, 417, NULL),
(431, 'Brake Tools', NULL, 'brake-tools', '2019-10-14 16:37:03', '2019-10-14 16:37:03', 11, 417, NULL),
(432, 'Clutch & Transmission Tools', NULL, 'clutch-transmission-tools', '2019-10-15 16:37:03', '2019-10-15 16:37:03', 11, 417, NULL),
(433, 'Engine Service Tools', NULL, 'engine-service-tools', '2019-10-16 16:37:03', '2019-10-16 16:37:03', 11, 417, NULL),
(434, 'Pullers & Extractors', NULL, 'pullers-extractors', '2019-10-17 16:37:03', '2019-10-17 16:37:03', 11, 417, NULL),
(435, 'Steering & Suspension Tools', NULL, 'steering-suspension-tools', '2019-10-18 16:37:03', '2019-10-18 16:37:03', 11, 417, NULL),
(436, 'Tyre & Wheel Tools', NULL, 'tyre-wheel-tools', '2019-10-19 16:37:03', '2019-10-19 16:37:03', 11, 417, NULL),
(437, 'Brass Fittings', NULL, 'brass-fittings', '2019-10-20 16:37:03', '2019-10-20 16:37:03', 11, 418, NULL),
(438, 'UNF Nuts & Bolts', NULL, 'unf-nuts-bolts', '2019-10-21 16:37:03', '2019-10-21 16:37:03', 11, 418, NULL),
(439, 'UNC Nuts & Bolts', NULL, 'unc-nuts-bolts', '2019-10-22 16:37:03', '2019-10-22 16:37:03', 11, 418, NULL),
(440, 'Metric Nuts & Bolts', NULL, 'metric-nuts-bolts', '2019-10-23 16:37:03', '2019-10-23 16:37:03', 11, 418, NULL),
(441, 'Washers', NULL, 'washers', '2019-10-24 16:37:03', '2019-10-24 16:37:03', 11, 418, NULL),
(442, 'Screws', NULL, 'screws', '2019-10-25 16:37:03', '2019-10-25 16:37:03', 11, 418, NULL),
(443, 'Vacuum Hose Connections', NULL, 'vacuum-hose-connections', '2019-10-26 16:37:03', '2019-10-26 16:37:03', 11, 418, NULL),
(444, 'Clips', NULL, 'clips', '2019-10-27 16:37:03', '2019-10-27 16:37:03', 11, 418, NULL),
(445, 'Diagnostic Tools', NULL, 'diagnostic-tools', '2019-10-28 16:37:03', '2019-10-28 16:37:03', 11, 419, NULL),
(446, 'Battery Testing', NULL, 'battery-testing', '2019-10-29 16:37:03', '2019-10-29 16:37:03', 11, 419, NULL),
(447, 'Clamps & Vices', NULL, 'clamps-vices', '2019-10-30 16:37:03', '2019-10-30 16:37:03', 11, 420, NULL),
(448, 'Creepers', NULL, 'creepers', '2019-10-31 16:37:03', '2019-10-31 16:37:03', 11, 420, NULL),
(449, 'Engine Stands & Cranes', NULL, 'engine-stands-cranes', '2019-11-01 16:37:03', '2019-11-01 16:37:03', 11, 420, NULL),
(450, 'Jacks & Axle Stands', NULL, 'jacks-axle-stands', '2019-11-02 16:37:03', '2019-11-02 16:37:03', 11, 420, NULL),
(451, 'Parts Cleaning', NULL, 'parts-cleaning', '2019-11-03 16:37:03', '2019-11-03 16:37:03', 11, 420, NULL),
(452, 'Pressure Washers', NULL, 'pressure-washers', '2019-11-04 16:37:03', '2019-11-04 16:37:03', 11, 420, NULL),
(453, 'Safety Equipment', NULL, 'safety-equipment', '2019-11-05 16:37:03', '2019-11-05 16:37:03', 11, 420, NULL),
(454, 'Vehicle Positioning & Chocks', NULL, 'vehicle-positioning-chocks', '2019-11-06 16:37:03', '2019-11-06 16:37:03', 11, 420, NULL),
(455, 'Workshop Machinery', NULL, 'workshop-machinery', '2019-11-07 16:37:03', '2019-11-07 16:37:03', 11, 420, NULL),
(456, 'Repair Manuals', NULL, 'repair-manuals', '2019-11-08 16:37:03', '2019-11-08 16:37:03', 11, 420, NULL),
(457, 'Welders & Accessories', NULL, 'welders-accessories', '2019-11-09 16:37:03', '2019-11-09 16:37:03', 11, 420, NULL),
(458, 'Workshop Vacuums', NULL, 'workshop-vacuums', '2019-11-10 16:37:03', '2019-11-10 16:37:03', 11, 420, NULL),
(459, 'Electrical', NULL, 'electrical', '2019-11-11 16:37:03', '2019-11-11 16:37:03', 11, 421, NULL),
(460, 'Measuring', NULL, 'measuring', '2019-11-12 16:37:03', '2019-11-12 16:37:03', 11, 421, NULL),
(461, 'Pliers & Wrenches', NULL, 'pliers-wrenches', '2019-11-13 16:37:03', '2019-11-13 16:37:03', 11, 421, NULL),
(462, 'Screwdrivers & Fastening', NULL, 'screwdrivers-fastening', '2019-11-14 16:37:03', '2019-11-14 16:37:03', 11, 421, NULL),
(463, 'Socket & Socket Sets', NULL, 'socket-socket-sets', '2019-11-15 16:37:03', '2019-11-15 16:37:03', 11, 421, NULL),
(464, 'Spanners & Spanner Sets', NULL, 'spanners-spanner-sets', '2019-11-16 16:37:03', '2019-11-16 16:37:03', 11, 421, NULL),
(465, 'Striking, Cutting & Prying', NULL, 'striking-cutting-prying', '2019-11-17 16:37:03', '2019-11-17 16:37:03', 11, 421, NULL),
(466, 'Thread & Stud Repair', NULL, 'thread-stud-repair', '2019-11-18 16:37:03', '2019-11-18 16:37:03', 11, 421, NULL),
(467, 'Torque Wrenches', NULL, 'torque-wrenches', '2019-11-19 16:37:03', '2019-11-19 16:37:03', 11, 421, NULL),
(468, 'Bearing Service Tools', NULL, 'bearing-service-tools', '2019-11-20 16:37:03', '2019-11-20 16:37:03', 11, 422, NULL),
(469, 'Brake Service Tools', NULL, 'brake-service-tools', '2019-11-21 16:37:03', '2019-11-21 16:37:03', 11, 422, NULL),
(470, 'Chain & Belt Tools', NULL, 'chain-belt-tools', '2019-11-22 16:37:03', '2019-11-22 16:37:03', 11, 422, NULL),
(471, 'Clutch & Transmission Tools', NULL, 'clutch-transmission-tools', '2019-11-23 16:37:03', '2019-11-23 16:37:03', 11, 422, NULL),
(472, 'Electrical System Tools', NULL, 'electrical-system-tools', '2019-11-24 16:37:03', '2019-11-24 16:37:03', 11, 422, NULL),
(473, 'Engine Service Tools', NULL, 'engine-service-tools', '2019-11-25 16:37:03', '2019-11-25 16:37:03', 11, 422, NULL),
(474, 'Fuel & Exhaust Tools', NULL, 'fuel-exhaust-tools', '2019-11-26 16:37:03', '2019-11-26 16:37:03', 11, 422, NULL),
(475, 'Ignition Service Tools', NULL, 'ignition-service-tools', '2019-11-27 16:37:03', '2019-11-27 16:37:03', 11, 422, NULL),
(476, 'Steering & Suspension Tools', NULL, 'steering-suspension-tools', '2019-11-28 16:37:03', '2019-11-28 16:37:03', 11, 422, NULL),
(477, 'Tyre & Wheel Tools', NULL, 'tyre-wheel-tools', '2019-11-29 16:37:03', '2019-11-29 16:37:03', 11, 422, NULL),
(478, 'Stands', NULL, 'stands', '2019-11-30 16:37:03', '2019-11-30 16:37:03', 11, 422, NULL),
(479, 'Cordless Tools', NULL, 'cordless-tools', '2019-12-01 16:37:03', '2019-12-01 16:37:03', 11, 423, NULL),
(480, 'Cordless Tool Accessories', NULL, 'cordless-tool-accessories', '2019-12-02 16:37:03', '2019-12-02 16:37:03', 11, 423, NULL),
(481, 'Garage Storage & Organisers', NULL, 'garage-storage-organisers', '2019-12-03 16:37:03', '2019-12-03 16:37:03', 11, 424, NULL),
(482, 'Tool Bags', NULL, 'tool-bags', '2019-12-04 16:37:03', '2019-12-04 16:37:03', 11, 424, NULL),
(483, 'Tool Boxes', NULL, 'tool-boxes', '2019-12-05 16:37:03', '2019-12-05 16:37:03', 11, 424, NULL),
(484, 'Tool Kits', NULL, 'tool-kits', '2019-12-06 16:37:03', '2019-12-06 16:37:03', 11, 424, NULL),
(485, 'Tool Trolleys', NULL, 'tool-trolleys', '2019-12-07 16:37:03', '2019-12-07 16:37:03', 11, 424, NULL),
(486, 'Epoxy, Sealant & Glue', NULL, 'epoxy-sealant-glue', '2019-12-08 16:37:03', '2019-12-08 16:37:03', 11, 425, NULL),
(487, 'Grease Guns', NULL, 'grease-guns', '2019-12-09 16:37:03', '2019-12-09 16:37:03', 11, 425, NULL),
(488, 'Oils & Lubricants', NULL, 'oils-lubricants', '2019-12-10 16:37:03', '2019-12-10 16:37:03', 11, 425, NULL),
(489, 'Pumps, Hoses & Fittings', NULL, 'pumps-hoses-fittings', '2019-12-11 16:37:03', '2019-12-11 16:37:03', 11, 425, NULL),
(490, 'Cleaners & Degreasers', NULL, 'cleaners-degreasers', '2019-12-12 16:37:03', '2019-12-12 16:37:03', 11, 425, NULL);

-- 
-- Dumping data for table countries
--
INSERT INTO countries VALUES
(5, 'AF', 'Afghanistan', 'U+1F1E6, U+1F1EB', '2019-09-27 09:08:41', '2019-09-27 09:08:41'),
(6, 'AL', 'Albania', 'U+1F1E6, U+1F1F1', '2019-09-27 09:08:41', '2019-09-27 09:08:41'),
(7, 'DZ', 'Algeria', 'U+1F1E9, U+1F1FF', '2019-09-27 09:08:41', '2019-09-27 09:08:41'),
(8, 'AD', 'Andorra', 'U+1F1E6, U+1F1E9', '2019-09-27 09:08:41', '2019-09-27 09:08:41'),
(9, 'AO', 'Angola', 'U+1F1E6, U+1F1F4', '2019-09-27 09:08:41', '2019-09-27 09:08:41'),
(10, 'AG', 'Antigua and Barbuda', 'U+1F1E6, U+1F1EC', '2019-09-27 09:08:41', '2019-09-27 09:08:41'),
(11, 'AR', 'Argentina', 'U+1F1E6, U+1F1F7', '2019-09-27 09:08:41', '2019-09-27 09:08:41'),
(12, 'AM', 'Armenia', 'U+1F1E6, U+1F1F2', '2019-09-27 09:08:41', '2019-09-27 09:08:41'),
(13, 'AU', 'Australia', 'U+1F1E6, U+1F1FA', '2019-09-27 09:08:41', '2019-09-27 09:08:41'),
(14, 'AT', 'Austria', 'U+1F1E6, U+1F1F9', '2019-09-27 09:08:41', '2019-09-27 09:08:41'),
(15, 'AZ', 'Azerbaijan', 'U+1F1E6, U+1F1FF', '2019-09-27 09:08:41', '2019-09-27 09:08:41'),
(16, 'BS', 'The Bahamas', 'U+1F1E7, U+1F1F8', '2019-09-27 09:08:41', '2019-09-27 09:08:41'),
(17, 'BH', 'Bahrain', 'U+1F1E7, U+1F1ED', '2019-09-27 09:08:41', '2019-09-27 09:08:41'),
(18, 'BD', 'Bangladesh', 'U+1F1E7, U+1F1E9', '2019-09-27 09:08:41', '2019-09-27 09:08:41'),
(19, 'BB', 'Barbados', 'U+1F1E7, U+1F1E7', '2019-09-27 09:08:41', '2019-09-27 09:08:41'),
(20, 'BY', 'Belarus', 'U+1F1E7, U+1F1FE', '2019-09-27 09:08:41', '2019-09-27 09:08:41'),
(21, 'BE', 'Belgium', 'U+1F1E7, U+1F1EA', '2019-09-27 09:08:41', '2019-09-27 09:08:41'),
(22, 'BZ', 'Belize', 'U+1F1E7, U+1F1FF', '2019-09-27 09:08:41', '2019-09-27 09:08:41'),
(23, 'BJ', 'Benin', 'U+1F1E7, U+1F1EF', '2019-09-27 09:08:41', '2019-09-27 09:08:41'),
(24, 'BT', 'Bhutan', 'U+1F1E7, U+1F1F9', '2019-09-27 09:08:41', '2019-09-27 09:08:41'),
(25, 'BO', 'Bolivia', 'U+1F1E7, U+1F1F4', '2019-09-27 09:08:41', '2019-09-27 09:08:41'),
(26, 'BA', 'Bosnia and Herzegovina', 'U+1F1E7, U+1F1E6', '2019-09-27 09:08:41', '2019-09-27 09:08:41'),
(27, 'BW', 'Botswana', 'U+1F1E7, U+1F1FC', '2019-09-27 09:08:41', '2019-09-27 09:08:41'),
(28, 'BR', 'Brazil', 'U+1F1E7, U+1F1F7', '2019-09-27 09:08:41', '2019-09-27 09:08:41'),
(29, 'BN', 'Brunei', 'U+1F1E7, U+1F1F3', '2019-09-27 09:08:41', '2019-09-27 09:08:41'),
(30, 'BG', 'Bulgaria', 'U+1F1E7, U+1F1EC', '2019-09-27 09:08:41', '2019-09-27 09:08:41'),
(31, 'BF', 'Burkina Faso', 'U+1F1E7, U+1F1EB', '2019-09-27 09:08:41', '2019-09-27 09:08:41'),
(32, 'BI', 'Burundi', 'U+1F1E7, U+1F1EE', '2019-09-27 09:08:41', '2019-09-27 09:08:41'),
(33, 'KH', 'Cambodia', 'U+1F1F0, U+1F1ED', '2019-09-27 09:08:41', '2019-09-27 09:08:41'),
(34, 'CM', 'Cameroon', 'U+1F1E8, U+1F1F2', '2019-09-27 09:08:42', '2019-09-27 09:08:42'),
(35, 'CA', 'Canada', 'U+1F1E8, U+1F1E6', '2019-09-27 09:08:42', '2019-09-27 09:08:42'),
(36, 'CV', 'Cape Verde', 'U+1F1E8, U+1F1FB', '2019-09-27 09:08:42', '2019-09-27 09:08:42'),
(37, 'CF', 'The Central African Republic', 'U+1F1E8, U+1F1EB', '2019-09-27 09:08:42', '2019-09-27 09:08:42'),
(38, 'TD', 'Chad', 'U+1F1F9, U+1F1E9', '2019-09-27 09:08:42', '2019-09-27 09:08:42'),
(39, 'CL', 'Chile', 'U+1F1E8, U+1F1F1', '2019-09-27 09:08:42', '2019-09-27 09:08:42'),
(40, 'CO', 'Colombia', 'U+1F1E8, U+1F1F4', '2019-09-27 09:08:42', '2019-09-27 09:08:42'),
(41, 'KM', 'The Comoros', 'U+1F1F0, U+1F1F2', '2019-09-27 09:08:42', '2019-09-27 09:08:42'),
(42, 'CK', 'Cook Islands', 'U+1F1E8, U+1F1F0', '2019-09-27 09:08:42', '2019-09-27 09:08:42'),
(43, 'CR', 'Costa Rica', 'U+1F1E8, U+1F1F7', '2019-09-27 09:08:42', '2019-09-27 09:08:42'),
(44, 'CI', 'Coted Ivoire', 'U+1F1E8, U+1F1EE', '2019-09-27 09:08:42', '2019-09-27 09:08:42'),
(45, 'HR', 'Croatia', 'U+1F1ED, U+1F1F7', '2019-09-27 09:08:42', '2019-09-27 09:08:42'),
(46, 'CU', 'Cuba', 'U+1F1E8, U+1F1FA', '2019-09-27 09:08:42', '2019-09-27 09:08:42'),
(47, 'CY', 'Cyprus', 'U+1F1E8, U+1F1FE', '2019-09-27 09:08:42', '2019-09-27 09:08:42'),
(48, 'CZ', 'The Czech Republic', 'U+1F1E8, U+1F1FF', '2019-09-27 09:08:42', '2019-09-27 09:08:42'),
(49, 'CD', 'The Democratic Republic of the Congo', 'U+1F1E8, U+1F1E9', '2019-09-27 09:08:42', '2019-09-27 09:08:42'),
(50, 'DK', 'Denmark', 'U+1F1E9, U+1F1F0', '2019-09-27 09:08:42', '2019-09-27 09:08:42'),
(51, 'DJ', 'Djibouti', 'U+1F1E9, U+1F1EF', '2019-09-27 09:08:42', '2019-09-27 09:08:42'),
(52, 'DM', 'Dominica', 'U+1F1E9, U+1F1F2', '2019-09-27 09:08:42', '2019-09-27 09:08:42'),
(53, 'DO', 'The Dominican Republic', 'U+1F1E9, U+1F1F4', '2019-09-27 09:08:42', '2019-09-27 09:08:42'),
(54, 'TL', 'East Timor', 'U+1F1F9, U+1F1F1', '2019-09-27 09:08:42', '2019-09-27 09:08:42'),
(55, 'EC', 'Ecuador', 'U+1F1EA, U+1F1E8', '2019-09-27 09:08:42', '2019-09-27 09:08:42'),
(56, 'EG', 'Egypt', 'U+1F1EA, U+1F1EC', '2019-09-27 09:08:42', '2019-09-27 09:08:42'),
(57, 'SV', 'El Salvador', 'U+1F1F8, U+1F1FB', '2019-09-27 09:08:42', '2019-09-27 09:08:42'),
(58, 'GQ', 'Equatorial Guinea', 'U+1F1EC, U+1F1F6', '2019-09-27 09:08:42', '2019-09-27 09:08:42'),
(59, 'ER', 'Eritrea', 'U+1F1EA, U+1F1F7', '2019-09-27 09:08:42', '2019-09-27 09:08:42'),
(60, 'EE', 'Estonia', 'U+1F1EA, U+1F1EA', '2019-09-27 09:08:42', '2019-09-27 09:08:42'),
(61, 'ET', 'Ethiopia', 'U+1F1EA, U+1F1F9', '2019-09-27 09:08:42', '2019-09-27 09:08:42'),
(62, 'FJ', 'Fiji', 'U+1F1EB, U+1F1EF', '2019-09-27 09:08:42', '2019-09-27 09:08:42'),
(63, 'FI', 'Finland', 'U+1F1EB, U+1F1EE', '2019-09-27 09:08:42', '2019-09-27 09:08:42'),
(64, 'FR', 'France', 'U+1F1EB, U+1F1F7', '2019-09-27 09:08:42', '2019-09-27 09:08:42'),
(65, 'GA', 'Gabon', 'U+1F1EC, U+1F1E6', '2019-09-27 09:08:42', '2019-09-27 09:08:42'),
(66, 'GM', 'The Gambia', 'U+1F1EC, U+1F1F2', '2019-09-27 09:08:42', '2019-09-27 09:08:42'),
(67, 'GE', 'Georgia', 'U+1F1EC, U+1F1EA', '2019-09-27 09:08:42', '2019-09-27 09:08:42'),
(68, 'DE', 'Germany', 'U+1F1E9, U+1F1EA', '2019-09-27 09:08:42', '2019-09-27 09:08:42'),
(69, 'GH', 'Ghana', 'U+1F1EC, U+1F1ED', '2019-09-27 09:08:42', '2019-09-27 09:08:42'),
(70, 'GR', 'Greece', 'U+1F1EC, U+1F1F7', '2019-09-27 09:08:42', '2019-09-27 09:08:42'),
(71, 'GD', 'Grenada', 'U+1F1EC, U+1F1E9', '2019-09-27 09:08:42', '2019-09-27 09:08:42'),
(72, 'GT', 'Guatemala', 'U+1F1EC, U+1F1F9', '2019-09-27 09:08:42', '2019-09-27 09:08:42'),
(73, 'GN', 'Guinea', 'U+1F1EC, U+1F1F3', '2019-09-27 09:08:42', '2019-09-27 09:08:42'),
(74, 'GW', 'Guinea-Bissau', 'U+1F1EC, U+1F1FC', '2019-09-27 09:08:42', '2019-09-27 09:08:42'),
(75, 'GY', 'Guyana', 'U+1F1EC, U+1F1FE', '2019-09-27 09:08:42', '2019-09-27 09:08:42'),
(76, 'HT', 'Haiti', 'U+1F1ED, U+1F1F9', '2019-09-27 09:08:42', '2019-09-27 09:08:42'),
(77, 'HN', 'Honduras', 'U+1F1ED, U+1F1F3', '2019-09-27 09:08:42', '2019-09-27 09:08:42'),
(78, 'HU', 'Hungary', 'U+1F1ED, U+1F1FA', '2019-09-27 09:08:43', '2019-09-27 09:08:43'),
(79, 'IS', 'Iceland', 'U+1F1EE, U+1F1F8', '2019-09-27 09:08:43', '2019-09-27 09:08:43'),
(80, 'IN', 'India', 'U+1F1EE, U+1F1F3', '2019-09-27 09:08:43', '2019-09-27 09:08:43'),
(81, 'ID', 'Indonesia', 'U+1F1EE, U+1F1E9', '2019-09-27 09:08:43', '2019-09-27 09:08:43'),
(82, 'IR', 'Iran', 'U+1F1EE, U+1F1F7', '2019-09-27 09:08:43', '2019-09-27 09:08:43'),
(83, 'IQ', 'Iraq', 'U+1F1EE, U+1F1F6', '2019-09-27 09:08:43', '2019-09-27 09:08:43'),
(84, 'IE', 'Ireland', 'U+1F1EE, U+1F1EA', '2019-09-27 09:08:43', '2019-09-27 09:08:43'),
(85, 'IL', 'Israel', 'U+1F1EE, U+1F1F1', '2019-09-27 09:08:43', '2019-09-27 09:08:43'),
(86, 'IT', 'Italy', 'U+1F1EE, U+1F1F9', '2019-09-27 09:08:43', '2019-09-27 09:08:43'),
(87, 'JM', 'Jamaica', 'U+1F1EF, U+1F1F2', '2019-09-27 09:08:43', '2019-09-27 09:08:43'),
(88, 'JP', 'Japan', 'U+1F1EF, U+1F1F5', '2019-09-27 09:08:43', '2019-09-27 09:08:43'),
(89, 'JO', 'Jordan', 'U+1F1EF, U+1F1F4', '2019-09-27 09:08:43', '2019-09-27 09:08:43'),
(90, 'KZ', 'Kazakhstan', 'U+1F1F0, U+1F1FF', '2019-09-27 09:08:43', '2019-09-27 09:08:43'),
(91, 'KE', 'Kenya', 'U+1F1F0, U+1F1EA', '2019-09-27 09:08:43', '2019-09-27 09:08:43'),
(92, 'KI', 'Kiribati', 'U+1F1F0, U+1F1EE', '2019-09-27 09:08:43', '2019-09-27 09:08:43'),
(93, 'XK', 'Kosovo', 'U+1F1FD, U+1F1F0', '2019-09-27 09:08:43', '2019-09-27 09:08:43'),
(94, 'KW', 'Kuwait', 'U+1F1F0, U+1F1FC', '2019-09-27 09:08:43', '2019-09-27 09:08:43'),
(95, 'KG', 'Kyrgyzstan', 'U+1F1F0, U+1F1EC', '2019-09-27 09:08:43', '2019-09-27 09:08:43'),
(96, 'LA', 'Laos', 'U+1F1F1, U+1F1E6', '2019-09-27 09:08:43', '2019-09-27 09:08:43'),
(97, 'LV', 'Latvia', 'U+1F1F1, U+1F1FB', '2019-09-27 09:08:43', '2019-09-27 09:08:43'),
(98, 'LB', 'Lebanon', 'U+1F1F1, U+1F1E7', '2019-09-27 09:08:43', '2019-09-27 09:08:43'),
(99, 'LS', 'Lesotho', 'U+1F1F1, U+1F1F8', '2019-09-27 09:08:43', '2019-09-27 09:08:43'),
(100, 'LR', 'Liberia', 'U+1F1F1, U+1F1F7', '2019-09-27 09:08:43', '2019-09-27 09:08:43'),
(101, 'LY', 'Libya', 'U+1F1F1, U+1F1FE', '2019-09-27 09:08:43', '2019-09-27 09:08:43'),
(102, 'LI', 'Liechtenstein', 'U+1F1F1, U+1F1EE', '2019-09-27 09:08:43', '2019-09-27 09:08:43'),
(103, 'LT', 'Lithuania', 'U+1F1F1, U+1F1F9', '2019-09-27 09:08:43', '2019-09-27 09:08:43'),
(104, 'LU', 'Luxembourg', 'U+1F1F1, U+1F1FA', '2019-09-27 09:08:43', '2019-09-27 09:08:43'),
(105, 'MK', 'Macedonia', 'U+1F1F2, U+1F1F0', '2019-09-27 09:08:43', '2019-09-27 09:08:43'),
(106, 'MG', 'Madagascar', 'U+1F1F2, U+1F1EC', '2019-09-27 09:08:43', '2019-09-27 09:08:43'),
(107, 'MW', 'Malawi', 'U+1F1F2, U+1F1FC', '2019-09-27 09:08:43', '2019-09-27 09:08:43'),
(108, 'MY', 'Malaysia', 'U+1F1F2, U+1F1FE', '2019-09-27 09:08:43', '2019-09-27 09:08:43'),
(109, 'MV', 'Maldives', 'U+1F1F2, U+1F1FB', '2019-09-27 09:08:43', '2019-09-27 09:08:43'),
(110, 'ML', 'Mali', 'U+1F1F2, U+1F1F1', '2019-09-27 09:08:43', '2019-09-27 09:08:43'),
(111, 'MT', 'Malta', 'U+1F1F2, U+1F1F9', '2019-09-27 09:08:43', '2019-09-27 09:08:43'),
(112, 'MH', 'The Marshall Islands', 'U+1F1F2, U+1F1ED', '2019-09-27 09:08:43', '2019-09-27 09:08:43'),
(113, 'MR', 'Mauritania', 'U+1F1F2, U+1F1F7', '2019-09-27 09:08:43', '2019-09-27 09:08:43'),
(114, 'MU', 'Mauritius', 'U+1F1F2, U+1F1FA', '2019-09-27 09:08:43', '2019-09-27 09:08:43'),
(115, 'MX', 'Mexico', 'U+1F1F2, U+1F1FD', '2019-09-27 09:08:43', '2019-09-27 09:08:43'),
(116, 'FM', 'Micronesia', 'U+1F1EB, U+1F1F2', '2019-09-27 09:08:43', '2019-09-27 09:08:43'),
(117, 'MD', 'Moldova', 'U+1F1F2, U+1F1E9', '2019-09-27 09:08:43', '2019-09-27 09:08:43'),
(118, 'MC', 'Monaco', 'U+1F1F2, U+1F1E8', '2019-09-27 09:08:43', '2019-09-27 09:08:43'),
(119, 'MN', 'Mongolia', 'U+1F1F2, U+1F1F3', '2019-09-27 09:08:43', '2019-09-27 09:08:43'),
(120, 'ME', 'Montenegro', 'U+1F1F2, U+1F1EA', '2019-09-27 09:08:43', '2019-09-27 09:08:43'),
(121, 'MA', 'Morocco', 'U+1F1F2, U+1F1E6', '2019-09-27 09:08:43', '2019-09-27 09:08:43'),
(122, 'MZ', 'Mozambique', 'U+1F1F2, U+1F1FF', '2019-09-27 09:08:44', '2019-09-27 09:08:44'),
(123, 'MM', 'Myanmar', 'U+1F1F2, U+1F1F2', '2019-09-27 09:08:44', '2019-09-27 09:08:44'),
(124, 'NA', 'Namibia', 'U+1F1F3, U+1F1E6', '2019-09-27 09:08:44', '2019-09-27 09:08:44'),
(125, 'NR', 'Nauru', 'U+1F1F3, U+1F1F7', '2019-09-27 09:08:44', '2019-09-27 09:08:44'),
(126, 'NP', 'Nepal', 'U+1F1F3, U+1F1F5', '2019-09-27 09:08:44', '2019-09-27 09:08:44'),
(127, 'NL', 'The Netherlands', 'U+1F1F3, U+1F1F1', '2019-09-27 09:08:44', '2019-09-27 09:08:44'),
(128, 'NZ', 'New Zealand', 'U+1F1F3, U+1F1FF', '2019-09-27 09:08:44', '2019-09-27 09:08:44'),
(129, 'NI', 'Nicaragua', 'U+1F1F3, U+1F1EE', '2019-09-27 09:08:44', '2019-09-27 09:08:44'),
(130, 'NE', 'Niger', 'U+1F1F3, U+1F1EA', '2019-09-27 09:08:44', '2019-09-27 09:08:44'),
(131, 'NG', 'Nigeria', 'U+1F1F3, U+1F1EC', '2019-09-27 09:08:44', '2019-09-27 09:08:44'),
(132, 'NU', 'Niue', 'U+1F1F3, U+1F1FA', '2019-09-27 09:08:44', '2019-09-27 09:08:44'),
(133, 'KP', 'North Korea', 'U+1F1F0, U+1F1F5', '2019-09-27 09:08:44', '2019-09-27 09:08:44'),
(134, 'NO', 'Norway', 'U+1F1F3, U+1F1F4', '2019-09-27 09:08:44', '2019-09-27 09:08:44'),
(135, 'OM', 'Oman', 'U+1F1F4, U+1F1F2', '2019-09-27 09:08:44', '2019-09-27 09:08:44'),
(136, 'PK', 'Pakistan', 'U+1F1F5, U+1F1F0', '2019-09-27 09:08:44', '2019-09-27 09:08:44'),
(137, 'PW', 'Palau', 'U+1F1F5, U+1F1FC', '2019-09-27 09:08:44', '2019-09-27 09:08:44'),
(138, 'PA', 'Panama', 'U+1F1F5, U+1F1E6', '2019-09-27 09:08:44', '2019-09-27 09:08:44'),
(139, 'PG', 'Papua New Guinea', 'U+1F1F5, U+1F1EC', '2019-09-27 09:08:44', '2019-09-27 09:08:44'),
(140, 'PY', 'Paraguay', 'U+1F1F5, U+1F1FE', '2019-09-27 09:08:44', '2019-09-27 09:08:44'),
(141, 'CN', 'The Peoples Republic of China', 'U+1F1E8, U+1F1F3', '2019-09-27 09:08:44', '2019-09-27 09:08:44'),
(142, 'PE', 'Peru', 'U+1F1F5, U+1F1EA', '2019-09-27 09:08:44', '2019-09-27 09:08:44'),
(143, 'PH', 'The Philippines', 'U+1F1F5, U+1F1ED', '2019-09-27 09:08:44', '2019-09-27 09:08:44'),
(144, 'PL', 'Poland', 'U+1F1F5, U+1F1F1', '2019-09-27 09:08:44', '2019-09-27 09:08:44'),
(145, 'PT', 'Portugal', 'U+1F1F5, U+1F1F9', '2019-09-27 09:08:44', '2019-09-27 09:08:44'),
(146, 'QA', 'Qatar', 'U+1F1F6, U+1F1E6', '2019-09-27 09:08:44', '2019-09-27 09:08:44'),
(147, 'TW', 'The Republic of China', 'U+1F1F9, U+1F1FC', '2019-09-27 09:08:44', '2019-09-27 09:08:44'),
(148, 'CG', 'The Republic of the Congo', 'U+1F1E8, U+1F1EC', '2019-09-27 09:08:44', '2019-09-27 09:08:44'),
(149, 'RO', 'Romania', 'U+1F1F7, U+1F1F4', '2019-09-27 09:08:44', '2019-09-27 09:08:44'),
(150, 'RU', 'Russia', 'U+1F1F7, U+1F1FA', '2019-09-27 09:08:44', '2019-09-27 09:08:44'),
(151, 'RW', 'Rwanda', 'U+1F1F7, U+1F1FC', '2019-09-27 09:08:44', '2019-09-27 09:08:44'),
(152, 'KN', 'Saint Kitts and Nevis', 'U+1F1F0, U+1F1F3', '2019-09-27 09:08:44', '2019-09-27 09:08:44'),
(153, 'LC', 'Saint Lucia', 'U+1F1F1, U+1F1E8', '2019-09-27 09:08:44', '2019-09-27 09:08:44'),
(154, 'VC', 'Saint Vincent and the Grenadines', 'U+1F1FB, U+1F1E8', '2019-09-27 09:08:44', '2019-09-27 09:08:44'),
(155, 'WS', 'Samoa', 'U+1F1FC, U+1F1F8', '2019-09-27 09:08:44', '2019-09-27 09:08:44'),
(156, 'SM', 'San Marino', 'U+1F1F8, U+1F1F2', '2019-09-27 09:08:44', '2019-09-27 09:08:44'),
(157, 'ST', 'Sao Tome and Principe', 'U+1F1F8, U+1F1F9', '2019-09-27 09:08:44', '2019-09-27 09:08:44'),
(158, 'SA', 'Saudi Arabia', 'U+1F1F8, U+1F1E6', '2019-09-27 09:08:44', '2019-09-27 09:08:44'),
(159, 'SN', 'Senegal', 'U+1F1F8, U+1F1F3', '2019-09-27 09:08:45', '2019-09-27 09:08:45'),
(160, 'RS', 'Serbia', 'U+1F1F7, U+1F1F8', '2019-09-27 09:08:45', '2019-09-27 09:08:45'),
(161, 'SC', 'The Seychelles', 'U+1F1F8, U+1F1E8', '2019-09-27 09:08:45', '2019-09-27 09:08:45'),
(162, 'SL', 'Sierra Leone', 'U+1F1F8, U+1F1F1', '2019-09-27 09:08:45', '2019-09-27 09:08:45'),
(163, 'SG', 'Singapore', 'U+1F1F8, U+1F1EC', '2019-09-27 09:08:45', '2019-09-27 09:08:45'),
(164, 'SK', 'Slovakia', 'U+1F1F8, U+1F1F0', '2019-09-27 09:08:45', '2019-09-27 09:08:45'),
(165, 'SI', 'Slovenia', 'U+1F1F8, U+1F1EE', '2019-09-27 09:08:45', '2019-09-27 09:08:45'),
(166, 'SB', 'The Solomon Islands', 'U+1F1F8, U+1F1E7', '2019-09-27 09:08:45', '2019-09-27 09:08:45'),
(167, 'SO', 'Somalia', 'U+1F1F8, U+1F1F4', '2019-09-27 09:08:45', '2019-09-27 09:08:45'),
(168, 'ZA', 'South Africa', 'U+1F1FF, U+1F1E6', '2019-09-27 09:08:45', '2019-09-27 09:08:45'),
(169, 'KR', 'South Korea', 'U+1F1F0, U+1F1F7', '2019-09-27 09:08:45', '2019-09-27 09:08:45'),
(170, 'SS', 'South Sudan', 'U+1F1F8, U+1F1F8', '2019-09-27 09:08:45', '2019-09-27 09:08:45'),
(171, 'ES', 'Spain', 'U+1F1EA, U+1F1F8', '2019-09-27 09:08:45', '2019-09-27 09:08:45'),
(172, 'LK', 'Sri Lanka', 'U+1F1F1, U+1F1F0', '2019-09-27 09:08:45', '2019-09-27 09:08:45'),
(173, 'SD', 'Sudan', 'U+1F1F8, U+1F1E9', '2019-09-27 09:08:45', '2019-09-27 09:08:45'),
(174, 'SR', 'Suriname', 'U+1F1F8, U+1F1F7', '2019-09-27 09:08:45', '2019-09-27 09:08:45'),
(175, 'SZ', 'Swaziland', 'U+1F1F8, U+1F1FF', '2019-09-27 09:08:45', '2019-09-27 09:08:45'),
(176, 'SE', 'Sweden', 'U+1F1F8, U+1F1EA', '2019-09-27 09:08:45', '2019-09-27 09:08:45'),
(177, 'CH', 'Switzerland', 'U+1F1E8, U+1F1ED', '2019-09-27 09:08:45', '2019-09-27 09:08:45'),
(178, 'SY', 'Syria', 'U+1F1F8, U+1F1FE', '2019-09-27 09:08:45', '2019-09-27 09:08:45'),
(179, 'TJ', 'Tajikistan', 'U+1F1F9, U+1F1EF', '2019-09-27 09:08:46', '2019-09-27 09:08:46'),
(180, 'TZ', 'Tanzania', 'U+1F1F9, U+1F1FF', '2019-09-27 09:08:46', '2019-09-27 09:08:46'),
(181, 'TH', 'Thailand', 'U+1F1F9, U+1F1ED', '2019-09-27 09:08:46', '2019-09-27 09:08:46'),
(182, 'TG', 'Togo', 'U+1F1F9, U+1F1EC', '2019-09-27 09:08:46', '2019-09-27 09:08:46'),
(183, 'TO', 'Tonga', 'U+1F1F9, U+1F1F4', '2019-09-27 09:08:46', '2019-09-27 09:08:46'),
(184, 'TT', 'Trinidad and Tobago', 'U+1F1F9, U+1F1F9', '2019-09-27 09:08:46', '2019-09-27 09:08:46'),
(185, 'TN', 'Tunisia', 'U+1F1F9, U+1F1F3', '2019-09-27 09:08:46', '2019-09-27 09:08:46'),
(186, 'TR', 'Turkey', 'U+1F1F9, U+1F1F7', '2019-09-27 09:08:46', '2019-09-27 09:08:46'),
(187, 'TM', 'Turkmenistan', 'U+1F1F9, U+1F1F2', '2019-09-27 09:08:46', '2019-09-27 09:08:46'),
(188, 'TV', 'Tuvalu', 'U+1F1F9, U+1F1FB', '2019-09-27 09:08:46', '2019-09-27 09:08:46'),
(189, 'UG', 'Uganda', 'U+1F1FA, U+1F1EC', '2019-09-27 09:08:46', '2019-09-27 09:08:46'),
(190, 'UA', 'Ukraine', 'U+1F1FA, U+1F1E6', '2019-09-27 09:08:46', '2019-09-27 09:08:46'),
(191, 'AE', 'The United Arab Emirates', 'U+1F1E6, U+1F1EA', '2019-09-27 09:08:46', '2019-09-27 09:08:46'),
(192, 'GB', 'The United Kingdom', 'U+1F1EC, U+1F1E7', '2019-09-27 09:08:46', '2019-09-27 09:08:46'),
(193, 'US', 'The United States', 'U+1F1FA, U+1F1F8', '2019-09-27 09:08:46', '2019-09-27 09:08:46'),
(194, 'UY', 'Uruguay', 'U+1F1FA, U+1F1FE', '2019-09-27 09:08:46', '2019-09-27 09:08:46'),
(195, 'UZ', 'Uzbekistan', 'U+1F1FA, U+1F1FF', '2019-09-27 09:08:46', '2019-09-27 09:08:46'),
(196, 'VU', 'Vanuatu', 'U+1F1FB, U+1F1FA', '2019-09-27 09:08:46', '2019-09-27 09:08:46'),
(197, 'VA', 'The Vatican City', 'U+1F1FB, U+1F1E6', '2019-09-27 09:08:46', '2019-09-27 09:08:46'),
(198, 'VE', 'Venezuela', 'U+1F1FB, U+1F1EA', '2019-09-27 09:08:46', '2019-09-27 09:08:46'),
(199, 'VN', 'Vietnam', 'U+1F1FB, U+1F1F3', '2019-09-27 09:08:46', '2019-09-27 09:08:46'),
(200, 'EH', 'Western Sahara', 'U+1F1EA, U+1F1ED', '2019-09-27 09:08:46', '2019-09-27 09:08:46'),
(201, 'YE', 'Yemen', 'U+1F1FE, U+1F1EA', '2019-09-27 09:08:46', '2019-09-27 09:08:46'),
(202, 'ZM', 'Zambia', 'U+1F1FF, U+1F1F2', '2019-09-27 09:08:46', '2019-09-27 09:08:46'),
(203, 'ZW', 'Zimbabwe', 'U+1F1FF, U+1F1FC', '2019-09-27 09:08:46', '2019-09-27 09:08:46');

-- 
-- Dumping data for table brands
--
INSERT INTO brands VALUES
(1, 'Bar''s Bugs', '/images/brands/797db8d0-74b0-11ea-a2d4-9ffbc61a8c46.jpg', 'text', 'Bar''s-Bugs-812bf830-74b0-11ea-a2d4-9ffbc61a8c46', '2020-04-02 06:50:18', '2020-04-02 07:06:41', 12),
(2, 'ACL Bearings', '/images/brands/ea2375c0-74b0-11ea-a2d4-9ffbc61a8c46.jpg', 'Achieving the best performance from your vehicle is impossible to do without the best available parts, and that extends all the way to the bearings you use in your setup. ACL Bearings knows this, and they work to ensure that all their bearings and engine components have been designed with the utmost .', 'ACL-Bearings-ed0b2c60-74b0-11ea-a2d4-9ffbc61a8c46', '2020-04-02 07:08:56', '2020-04-02 07:09:42', 12);

-- 
-- Dumping data for table makers
--
INSERT INTO makers VALUES
(1, 'Acura', 'http://cdn.carbox.mn/makers/1.png', NULL, 'acura', '2019-09-27 09:17:39', '2019-09-27 09:17:39'),
(2, 'Alfa Romeo', 'http://cdn.carbox.mn/makers/2.png', NULL, 'alfa romeo', '2019-09-27 09:17:39', '2019-09-27 09:17:39'),
(3, 'AMC', 'http://cdn.carbox.mn/makers/3.png', NULL, 'amc', '2019-09-27 09:17:39', '2019-09-27 09:17:39'),
(4, 'Aston Martin', 'http://cdn.carbox.mn/makers/4.png', NULL, 'aston martin', '2019-09-27 09:17:39', '2019-09-27 09:17:39'),
(5, 'Audi', 'http://cdn.carbox.mn/makers/5.png', NULL, 'audi', '2019-09-27 09:17:39', '2019-09-27 09:17:39'),
(6, 'Avanti', 'http://cdn.carbox.mn/makers/6.png', NULL, 'avanti', '2019-09-27 09:17:39', '2019-09-27 09:17:39'),
(7, 'Bentley', 'http://cdn.carbox.mn/makers/7.png', NULL, 'bentley', '2019-09-27 09:17:39', '2019-09-27 09:17:39'),
(8, 'BMW', 'http://cdn.carbox.mn/makers/8.png', NULL, 'bmw', '2019-09-27 09:17:39', '2019-09-27 09:17:39'),
(9, 'Buick', 'http://cdn.carbox.mn/makers/9.png', NULL, 'buick', '2019-09-27 09:17:39', '2019-09-27 09:17:39'),
(10, 'Cadillac', 'http://cdn.carbox.mn/makers/10.png', NULL, 'cadillac', '2019-09-27 09:17:39', '2019-09-27 09:17:39'),
(11, 'Chevrolet', 'http://cdn.carbox.mn/makers/11.png', NULL, 'chevrolet', '2019-09-27 09:17:39', '2019-09-27 09:17:39'),
(12, 'Chrysler', 'http://cdn.carbox.mn/makers/12.png', NULL, 'chrysler', '2019-09-27 09:17:39', '2019-09-27 09:17:39'),
(13, 'Daewoo', 'http://cdn.carbox.mn/makers/13.png', NULL, 'daewoo', '2019-09-27 09:17:39', '2019-09-27 09:17:39'),
(14, 'Daihatsu', 'http://cdn.carbox.mn/makers/14.png', NULL, 'daihatsu', '2019-09-27 09:17:39', '2019-09-27 09:17:39'),
(15, 'Datsun', 'http://cdn.carbox.mn/makers/15.png', NULL, 'datsun', '2019-09-27 09:17:39', '2019-09-27 09:17:39'),
(16, 'DeLorean', 'http://cdn.carbox.mn/makers/16.png', NULL, 'delorean', '2019-09-27 09:17:39', '2019-09-27 09:17:39'),
(17, 'Dodge', 'http://cdn.carbox.mn/makers/17.png', NULL, 'dodge', '2019-09-27 09:17:39', '2019-09-27 09:17:39'),
(18, 'Eagle', 'http://cdn.carbox.mn/makers/18.png', NULL, 'eagle', '2019-09-27 09:17:39', '2019-09-27 09:17:39'),
(19, 'Ferrari', 'http://cdn.carbox.mn/makers/19.png', NULL, 'ferrari', '2019-09-27 09:17:39', '2019-09-27 09:17:39'),
(20, 'FIAT', 'http://cdn.carbox.mn/makers/20.png', NULL, 'fiat', '2019-09-27 09:17:39', '2019-09-27 09:17:39'),
(21, 'Fisker', 'http://cdn.carbox.mn/makers/21.png', NULL, 'fisker', '2019-09-27 09:17:39', '2019-09-27 09:17:39'),
(22, 'Ford', 'http://cdn.carbox.mn/makers/22.png', NULL, 'ford', '2019-09-27 09:17:39', '2019-09-27 09:17:39'),
(23, 'Freightliner', 'http://cdn.carbox.mn/makers/23.png', NULL, 'freightliner', '2019-09-27 09:17:39', '2019-09-27 09:17:39'),
(24, 'Geo', 'http://cdn.carbox.mn/makers/24.png', NULL, 'geo', '2019-09-27 09:17:39', '2019-09-27 09:17:39'),
(25, 'GMC', 'http://cdn.carbox.mn/makers/25.png', NULL, 'gmc', '2019-09-27 09:17:39', '2019-09-27 09:17:39'),
(26, 'Honda', 'http://cdn.carbox.mn/makers/26.png', NULL, 'honda', '2019-09-27 09:17:39', '2019-09-27 09:17:39'),
(27, 'HUMMER', 'http://cdn.carbox.mn/makers/27.png', NULL, 'hummer', '2019-09-27 09:17:39', '2019-09-27 09:17:39'),
(28, 'Hyundai', 'http://cdn.carbox.mn/makers/28.png', NULL, 'hyundai', '2019-09-27 09:17:39', '2019-09-27 09:17:39'),
(29, 'Infiniti', 'http://cdn.carbox.mn/makers/29.png', NULL, 'infiniti', '2019-09-27 09:17:39', '2019-09-27 09:17:39'),
(30, 'Isuzu', 'http://cdn.carbox.mn/makers/30.png', NULL, 'isuzu', '2019-09-27 09:17:39', '2019-09-27 09:17:39'),
(31, 'Jaguar', 'http://cdn.carbox.mn/makers/31.png', NULL, 'jaguar', '2019-09-27 09:17:39', '2019-09-27 09:17:39'),
(32, 'Jeep', 'http://cdn.carbox.mn/makers/32.png', NULL, 'jeep', '2019-09-27 09:17:39', '2019-09-27 09:17:39'),
(33, 'Kia', 'http://cdn.carbox.mn/makers/33.png', NULL, 'kia', '2019-09-27 09:17:39', '2019-09-27 09:17:39'),
(34, 'Lamborghini', 'http://cdn.carbox.mn/makers/34.png', NULL, 'lamborghini', '2019-09-27 09:17:39', '2019-09-27 09:17:39'),
(35, 'Lancia', 'http://cdn.carbox.mn/makers/35.png', NULL, 'lancia', '2019-09-27 09:17:39', '2019-09-27 09:17:39'),
(36, 'Land Rover', 'http://cdn.carbox.mn/makers/36.png', NULL, 'land rover', '2019-09-27 09:17:39', '2019-09-27 09:17:39'),
(37, 'Lexus', 'http://cdn.carbox.mn/makers/37.png', NULL, 'lexus', '2019-09-27 09:17:39', '2019-09-27 09:17:39'),
(38, 'Lincoln', 'http://cdn.carbox.mn/makers/38.png', NULL, 'lincoln', '2019-09-27 09:17:39', '2019-09-27 09:17:39'),
(39, 'Lotus', 'http://cdn.carbox.mn/makers/39.png', NULL, 'lotus', '2019-09-27 09:17:39', '2019-09-27 09:17:39'),
(40, 'Maserati', 'http://cdn.carbox.mn/makers/40.png', NULL, 'maserati', '2019-09-27 09:17:39', '2019-09-27 09:17:39'),
(41, 'Maybach', 'http://cdn.carbox.mn/makers/41.png', NULL, 'maybach', '2019-09-27 09:17:39', '2019-09-27 09:17:39'),
(42, 'Mazda', 'http://cdn.carbox.mn/makers/42.png', NULL, 'mazda', '2019-09-27 09:17:39', '2019-09-27 09:17:39'),
(43, 'McLaren', 'http://cdn.carbox.mn/makers/43.png', NULL, 'mclaren', '2019-09-27 09:17:39', '2019-09-27 09:17:39'),
(44, 'Mercedes-Benz', 'http://cdn.carbox.mn/makers/44.png', NULL, 'mercedes-benz', '2019-09-27 09:17:39', '2019-09-27 09:17:39'),
(45, 'Mercury', 'http://cdn.carbox.mn/makers/45.png', NULL, 'mercury', '2019-09-27 09:17:39', '2019-09-27 09:17:39'),
(46, 'Merkur', 'http://cdn.carbox.mn/makers/46.png', NULL, 'merkur', '2019-09-27 09:17:39', '2019-09-27 09:17:39'),
(47, 'MINI', 'http://cdn.carbox.mn/makers/47.png', NULL, 'mini', '2019-09-27 09:17:39', '2019-09-27 09:17:39'),
(48, 'Mitsubishi', 'http://cdn.carbox.mn/makers/48.png', NULL, 'mitsubishi', '2019-09-27 09:17:39', '2019-09-27 09:17:39'),
(49, 'Nissan', 'http://cdn.carbox.mn/makers/49.png', NULL, 'nissan', '2019-09-27 09:17:39', '2019-09-27 09:17:39'),
(50, 'Oldsmobile', 'http://cdn.carbox.mn/makers/50.png', NULL, 'oldsmobile', '2019-09-27 09:17:39', '2019-09-27 09:17:39'),
(51, 'Peugeot', 'http://cdn.carbox.mn/makers/51.png', NULL, 'peugeot', '2019-09-27 09:17:39', '2019-09-27 09:17:39'),
(52, 'Plymouth', 'http://cdn.carbox.mn/makers/52.png', NULL, 'plymouth', '2019-09-27 09:17:39', '2019-09-27 09:17:39'),
(53, 'Pontiac', 'http://cdn.carbox.mn/makers/53.png', NULL, 'pontiac', '2019-09-27 09:17:39', '2019-09-27 09:17:39'),
(54, 'Porsche', 'http://cdn.carbox.mn/makers/54.png', NULL, 'porsche', '2019-09-27 09:17:39', '2019-09-27 09:17:39'),
(55, 'RAM', 'http://cdn.carbox.mn/makers/55.png', NULL, 'ram', '2019-09-27 09:17:39', '2019-09-27 09:17:39'),
(56, 'Renault', 'http://cdn.carbox.mn/makers/56.png', NULL, 'renault', '2019-09-27 09:17:39', '2019-09-27 09:17:39'),
(57, 'Rolls-Royce', 'http://cdn.carbox.mn/makers/57.png', NULL, 'rolls-royce', '2019-09-27 09:17:39', '2019-09-27 09:17:39'),
(58, 'Saab', 'http://cdn.carbox.mn/makers/58.png', NULL, 'saab', '2019-09-27 09:17:39', '2019-09-27 09:17:39'),
(59, 'Saturn', 'http://cdn.carbox.mn/makers/59.png', NULL, 'saturn', '2019-09-27 09:17:39', '2019-09-27 09:17:39'),
(60, 'Scion', 'http://cdn.carbox.mn/makers/60.png', NULL, 'scion', '2019-09-27 09:17:39', '2019-09-27 09:17:39'),
(61, 'smart', 'http://cdn.carbox.mn/makers/61.png', NULL, 'smart', '2019-09-27 09:17:39', '2019-09-27 09:17:39'),
(62, 'SRT', 'http://cdn.carbox.mn/makers/62.png', NULL, 'srt', '2019-09-27 09:17:39', '2019-09-27 09:17:39'),
(63, 'Sterling', 'http://cdn.carbox.mn/makers/63.png', NULL, 'sterling', '2019-09-27 09:17:39', '2019-09-27 09:17:39'),
(64, 'Subaru', 'http://cdn.carbox.mn/makers/64.png', NULL, 'subaru', '2019-09-27 09:17:39', '2019-09-27 09:17:39'),
(65, 'Suzuki', 'http://cdn.carbox.mn/makers/65.png', NULL, 'suzuki', '2019-09-27 09:17:39', '2019-09-27 09:17:39'),
(66, 'Tesla', 'http://cdn.carbox.mn/makers/66.png', NULL, 'tesla', '2019-09-27 09:17:39', '2019-09-27 09:17:39'),
(67, 'Toyota', 'http://cdn.carbox.mn/makers/67.png', NULL, 'toyota', '2019-09-27 09:17:39', '2019-09-27 09:17:39'),
(68, 'Triumph', 'http://cdn.carbox.mn/makers/68.png', NULL, 'triumph', '2019-09-27 09:17:39', '2019-09-27 09:17:39'),
(69, 'Volkswagen', 'http://cdn.carbox.mn/makers/69.png', NULL, 'volkswagen', '2019-09-27 09:17:39', '2019-09-27 09:17:39'),
(70, 'Volvo', 'http://cdn.carbox.mn/makers/70.png', NULL, 'volvo', '2019-09-27 09:17:39', '2019-09-27 09:17:39'),
(71, 'Yugo', 'http://cdn.carbox.mn/makers/71.png', NULL, 'yugo', '2019-09-27 09:17:39', '2019-09-27 09:17:39');

-- 
-- Dumping data for table specs
--
INSERT INTO specs VALUES
(1, 'Service & Maintenance', 'service-maintenance', '/assets/images/faaf63fc-533d-4cf0-8334-b7d87314c55a.jpg', '2019-10-05 10:14:15', '2019-10-05 10:17:34'),
(2, 'Off-road & 4x4', 'off-road-4x4', '/assets/images/5d6a6bb7-1934-4588-82fd-21adca102527.jpg', '2019-10-05 10:19:09', '2019-10-05 10:19:09'),
(3, 'Performance', 'performance', '/assets/images/47b6ba32-0ad8-4991-b775-309f7fadac2f.jpg', '2019-10-05 10:20:16', '2019-10-05 10:20:16'),
(4, 'Tools & Workshop', 'tools-workshop', '/assets/images/ea4dbc00-5392-42d9-9671-064ea71b86c6.jpg', '2019-10-05 10:21:28', '2019-10-05 10:21:28');

-- 
-- Dumping data for table stores
--
INSERT INTO stores VALUES
(2, 'Cardoctor', 'Cardoctor-0380fc50-7497-11ea-9e4b-37f4c2bacad1', '/images/stores/e4bf4c40-7496-11ea-9e4b-37f4c2bacad1.png', '/images/stores/015a99e0-7497-11ea-9e4b-37f4c2bacad1.jpg', ' 70172424', 'Улаанбаатар хот, Баянзүрх дүүрэг, 6-р хороо, Нарны зам-2, № 165', '<blockquote><strong>"Доктор Авто Сүлжээ" ХХК</strong></blockquote>\n<p>Манай компани 1999 оны 06 сард автын бараа бүтээгдэхүүний худалдаа, засвар үйлчилгээний анхны салбараа нээн үйл ажиллагаагаа эхэлж байсан бол өнөөдрийн байдлаар автын супермаркет, засвар үйлчилгээний чиглэлээр үйл ажиллагаагаа өргөжүүлж Улаанбаатар хотод 6 салбар, Дархан, Эрдэнэт салбар болон бөөний худалдаа, интернэт худалдаа, байгууллагын борлуулалтын худалдаагаар дамжуулан үйлчлүүлэгсдэдээ автын хэрэгцээт чанартай бараа, үйлчилгээг үзүүлж байна.</p>\n<p>Доктор авто сүлжээгээр автомашины бүх төрлийн хөдөлгүүрийн тос, хүч дамжуулах эд ангийн тос, хөргөлтийн шингэн,&nbsp; авто хими, авто косметик, авто аксессуар, аяллын болон цахилгаан нэмэлт тоноглол зэрэг 3000 гаруй нэр төрлийн бараа бүтээгдэхүүнийг худалдаалахаас гадна үйлчлүүлэгчийн захиалгаар Япон сэлбэгийг богино хугацаанд нийлүүлдэг.</p>\n<p>&nbsp;</p>\n<p>Бид ёс зүй хариуцлагаа ухамсарлан үйлчлүүлэгсдээ чанартай бараа үйлчилгээг нийлүүлдэг.<br />Манай компани, засвар үйлчилгээнд орсон автомашин бүртээ баталгаат засварын дэвтэр нээн өгч үйлчилгээгээ баталгаажуулдаг.</p>\n<p>Мөн автомашины аюулгүй&nbsp; байдлын анхан шатны төлбөргүй үзлэгийг хийж тухайн автомашин эзэмшигчдэд мэргэшсэн инженерийн зөвлөгөө өгч, байнгын үйлчлүүлэгчээ бонус картаар урамшуулж, сугалаатай, бэлэгтэй худалдааг үе шаттайгаар зохион байгуулдаг .</p>\n<p>БНСУ, Япон, ОХУ, БНХАУ, Малайз зэрэг улс орон мэргэжил дээшлүүлэн, гадаад дотоодын их дээд сургуулиуд болон мэргэжлийн байгууллагуудтай хамтарсан сургалтыг тогтмол явуулж ажил мэргэжлийн ур чадварыг нэмэгдүүлж, ажилчдынхаа өсөн дэвших боломжийг хангаж ажиллаж байна.</p>\n<p>&nbsp;</p>', '47.8876785,106.8610082', '2020-04-02 02:44:03', '2020-04-02 04:04:13');

-- 
-- Dumping data for table parts
--
INSERT INTO parts VALUES
(1, 'Clutch Industries стандарт солих шүүрч авах хэрэгсэл', 'VoCty9cbsB3ul', '/images/parts/VoCty9cbsB3ul/07f88100-7563-11ea-9bc6-4d93fefc549e._AC_SL1200_.jpg', 'Designed and manufactured to replace the clutch system installed as Original Equipment, a CI standard replacement clutch kit is the reliable choice. Each component has been thoroughly tested and developed for a specific application. This range provides a Quality Assured replacement part that will meet or exceed the requirements of the original unit. After 60 years of experience in developing and manufacturing clutch kits for OEM and Aftermarket use, CI is the trusted source for a complete range of Clutch Kits suited to your vehicle.\n\nThis kit includes: Cover assembly, Clutch plate, Release bearing .\n\nClutch Plate Dimensions: 380 x 10T x 44.8\nTorque Capacity Meets OE Specification', 'Published', 375000.00, 375000.00, 0.00, 0.00, '2020-04-03 04:24:42', '2020-04-03 04:24:42', 2, 1, 12, 19),
(2, 'Clutch Industries стандарт -', 'jYWZkCdKkuaD1', '/images/parts/jYWZkCdKkuaD1/7d5c3b30-7563-11ea-9bc6-4d93fefc549e._AC_SL1200_.jpg', '\nChrome Vanadium Diaphragm for maximum durability\nForged clutch disc hubs for maximum strength\nClutch disc run out specification <0.5mm for smooth engagement\nFlywheels are balanced to <70gcm (gram centimeters)\nRelease bearings dynamically tested to 1,500,000 cycles at 180°C\nPremium friction materials for maximum torque capacity\nAll components are designed to meet the following specifications:\n\nAS 1830 T220\nUNI 8893\nSAE 6150\nAISI 1045', 'Published', 585000.00, 585000.00, 0.00, 0.00, '2020-04-03 04:27:57', '2020-04-03 04:27:57', 2, 1, 108, 19),
(3, 'update named', '8RuTLodzt4XTJ', '/images/parts/8RuTLodzt4XTJ/fab0c690-7564-11ea-8a1d-234ea328bdcb.jpg', '\nChrome Vanadium Diaphragm for maximum durability\nForged clutch disc hubs for maximum strength\nClutch disc run out specification <0.5mm for smooth engagement\nFlywheels are balanced to <70gcm (gram centimeters)\nRelease bearings dynamically tested to 1,500,000 cycles at 180°C\nPremium friction materials for maximum torque capacity\nAll components are designed to meet the following specifications:\n\nAS 1830 T220\nUNI 8893\nSAE 6150\nAISI 1045', 'Published', 585000.00, 585000.00, 0.00, 0.00, '2020-04-03 04:38:41', '2020-04-03 06:19:46', 2, 1, 108, 19),
(5, 'Хүүхдийн суудал', 'osge2GIvVTljO', '/images/parts/osge2GIvVTljO/9939c3d0-7573-11ea-a792-1d8775933cf7.png', '<div class="full-content">\n<p>Хүүхдэд зориулсан хамгаалалтын суудлыг анх 1963 онд Швейцарь улсад зохион бүтээжээ. Тэр цагаас хойш энэ бүтээл нь тоолж барамгүй олон бяцхан зорчигчийн амь нас, эрүүл мэндийг аварсаар ирсэн байна. Энэхүү аюулгүйн хэрэгсэл нь нийтээр өргөн хэрэглэснээр хүүхдийн эндэгдлийг 3.5 хувиар бууруулж, мөн зам тээврийн ослын улмаас авч болох гэмтэл бэртлийг багасгаж байгааг олон орны статистик судалгаа нотолж байна.</p>\n<p>Гадны улс орнуудад бага насны хүүхдийг автомашинд авч явахдаа зориулалтын хамгаалалтын суудалд суулгахыг хуульчилсан байдаг. Харин манай орны хувьд Замын хөдөлгөөний дүрмийн 21.8 е-д гурав хүртэлх насны хүүхдийг (харгалзах хүнгүй тохиолдолд) зориулалтын нэмэгдэл суудал, бэхэлгээ хийлгүйгээр тээвэрлэхийг хориглосон байдаг.</p>\n<p>Гэтэл дээрх заалт төдийлөн хэрэгждэггүй. Зарим эцэг эх хүүхдийн зориулалтын суудлын талаар сонсоо ч үгүй байдаг юм. Гар утас гангараа бус хэрэглээ болсонтой адил хамгаалалтын суудал бага насны хүүхэдтэй хүн бүрийн байнгын хэрэглээ болох учиртай. Тиймээс хүүхдэдээ зориулан хамгаалалтын суудал авах гэж буй эцэг эхчүүдэд хэрэгтэй мэдээллийг хүргэж байна.</p>\n<p><span style="color: #333399;"><strong>ХАМГААЛАЛТЫН СУУДЛЫН ЗЭРЭГЛЭЛ</strong></span><strong>&nbsp;</strong></p>\n<table style="height: 200px; border-color: #000000; background-color: #e8faf3;" border="1" width="500">\n<tbody>\n<tr>\n<td style="text-align: center;"><strong>Хүүхдийн жин</strong></td>\n<td style="text-align: center;"><strong>Нас</strong></td>\n<td style="text-align: center;"><strong>Бүлэг</strong></td>\n</tr>\n<tr>\n<td style="text-align: center;">Нярайгаас 10 кг хүртэл</td>\n<td style="text-align: center;">0-9 сар</td>\n<td style="text-align: center;">0</td>\n</tr>\n<tr>\n<td style="text-align: center;">Нярайгаас 13 кг хүртэл</td>\n<td style="text-align: center;">Нярайгаас 4 нас хүртэл</td>\n<td style="text-align: center;">0+</td>\n</tr>\n<tr>\n<td style="text-align: center;">9-18 кг</td>\n<td style="text-align: center;">9 сар - 4 нас хүртэл</td>\n<td style="text-align: center;">1</td>\n</tr>\n<tr>\n<td style="text-align: center;">15-25 кг</td>\n<td style="text-align: center;">6 нас хүртэл</td>\n<td style="text-align: center;">2</td>\n</tr>\n<tr>\n<td style="text-align: center;">22-36 кг</td>\n<td style="text-align: center;">12 нас хүртэл</td>\n<td style="text-align: center;">3</td>\n</tr>\n</tbody>\n</table>\n<p>Автомашины хамгаалалтын суудал нь олон янз байдаг. Дөнгөж төрсөн нярайгаас эхлээд өсөж том болсон хүүхдийг ч тээвэрлэх зориулалттай ч байдаг.<br /> Хүүхдийн нас, жингээс нь хамааран загвар нь янз бүр. Тийм учраас бяцхан үрдээ зориулалтын суудал худалдан авахын тулд хүүхдийнхээ жинг эхлээд үзээрэй.</p>\n<p><span style="color: #333399;"><strong><img class="wp-image-4502 size-full alignleft" src="http://www.maamuu.mn/wp-content/uploads/2017/06/0-zeregleltei-suudal-1.jpg" alt="" width="200" height="200" />&ldquo;0&rdquo; ЗЭРЭГЛЭЛ<br /> </strong></span>Хараахан суух болоогүй байгаа бяцхан зорчигчид зориулагдсан &ldquo;0&rdquo; зэрэглэлийн суудал нь нялх хүүхдийн тэрэгний дээд хэсэг бөгөөд түүнийг бөөрөөр нь машины арын суудалд тусгай бүсээр бэхэлнэ.</p>\n<p>&nbsp;</p>\n<p>&nbsp;</p>\n<p>&nbsp;</p>\n<p><span style="color: #333399;"><img class="alignleft wp-image-4503 size-full" src="http://www.maamuu.mn/wp-content/uploads/2017/06/0.jpg" alt="" width="200" height="200" /><strong>&ldquo;0+&rdquo; ЗЭРЭГЛЭЛ<br /> </strong></span>Энэ суудлууд нь олон талт ажиллагаатай. &nbsp;Маш эвтэйхэн бариулын тусламжтайгаар хэд хэдэн байрлалаар тохируулна. Энэ суудлыг автомашинд аюулгүйн суудал гэдэг утгаар нь хэрэглээд зогсохгүй мөн аялалд явахдаа, дэлгүүр, эмнэлэг орохдоо найз нөхдийндөө зочилж очихдоо бүр онгоцоор нисэхдээ ч зөөврийн суудал болгон хэрэглэж болно.</p>\n<p>Дугуйтай хөл дээр суурилуулбал түрдэг тэрэг ч болчихно. Автомашинд бэхлэхдээ зорчих хэсэг рүү нуруугаар нь харуулан арын, эсвэл урд суудалд хамгаалах бүсээр бүсэлж тогтооно. Ийм байрлал нь хамгийн аюулгүйд тооцогддог.</p>\n<p>Дотоод хамгаалалтын бүсгүй &ldquo;1/2/3&rdquo; загварын суудал байдаг. Олон зориулалттай суудлын загвар нь дан ганц зориулалттай загваруудын ололттой талуудыг нэгтгээд зогсохгүй бас дутагдалтай талуудыг ч нэгтгэсэн байна. Жишээ нь, ийм загварын суудлууд нь 1.5-2 настай хүүхдийн аюулгүй байдлыг хангахад зайлшгүй шаардлагатай зорчих чигийн эсрэг тохирогддоггүй байна.<br /> <strong><br /> </strong><img class="size-full wp-image-4504 alignleft" src="http://www.maamuu.mn/wp-content/uploads/2017/06/1.jpg" alt="" width="200" height="200" /><strong><span style="color: #333399;">&ldquo;1&rdquo; ЗЭРЭГЛЭЛ<br /> </span></strong>Ихэвчлэн зорчих хөдөлгөөний дагуу арын болон урд талын суудалд байрлуулах бөгөөд түшлэг нь хэд хэдэн байрлалын тохиргоотой, бас тохиргоогүй ч бий. Та холын замд хүүхэд тээвэрлэх гэж байгаа бол энэ суудал маш чухал. Суудлыг машины аюулгүйн бүсээр бэхэлж хүүхдийг машины хэсгийн хамгаалалтын бүсээр юм уу, өөрийнх нь хамгаалалтын суудлын бүсээр бүсэлж өгнө. Ихэнх загварын түшлэгний толгойг хүүхдийн биеийн өндөрт тохируулж болдог байна.</p>\n<p><strong><br /> </strong><img class="size-full wp-image-4505 alignleft" src="http://www.maamuu.mn/wp-content/uploads/2017/06/01.jpg" alt="" width="200" height="200" /><strong><span style="color: #333399;">&ldquo;0+1&rdquo;&nbsp;ЗЭРЭГЛЭЛ<br /> </span></strong>Энэ загварыг маш удаан хугацааны туршид хэрэглэх зориулалттай бөгөөд хүүхдийн нас болон биеийн жингээс хамааран зорчих чигийн дагуу юм, эсрэг тохируулж, арын ба урд талын суудалд байрлуулах боломжтой юм.&nbsp; Автомашины аюулгүйн бүсээр бэхэлж болох бөгөөд бяцхан зорчигчдод зориулсан өөрийнх нь жижиг бүстэй.</p>\n<p>Түшлэг нь хэд хэдэн байрлалын тохиргоотой, хариугүй сууж сурах гэж байгаа таван сартайгаас дээш насны хүүхдүүдэд маш тохиромжтой суудал юм.&nbsp;Мөн &ldquo;0+1/2&rdquo; гэсэн зэрэглэл байдаг ба энэ нь 0-25кг хүртэлх жинтэй хүүхдүүдэд зориулагдсан байдаг.<br /> <strong><br /> </strong><img class="size-full wp-image-4506 alignleft" src="http://www.maamuu.mn/wp-content/uploads/2017/06/1-2-3.jpg" alt="" width="200" height="200" /><strong><span style="color: #333399;">1/2/3 ЗЭРЭГЛЭЛ<br /> </span></strong>Хэмнэлт-ангилал нь хоёр дахин төлөх дургүй хүмүүст зориулагдсан загвар юм.&nbsp; Энэ загварыг ойролцоогоор 0-12 насны хүүхдүүдэд тохиромжтой гэдэг боловч яг амьдрал дээрээ нэг настай хүүхдүүдэд тиймч ч тохиромжтой биш. Яагаад гэвэл түшлэгний тохиргоо нь унтах байрлалд таардаггүй. Хүүхдийг 3-4 нас хүртэл нь хүүхдийн хамгаалалтын суудлын бүсээр, харин үүнээс дээш насны хүүхдийг машины хамгаалалтын бүсээр бүсэлнэ. Хэрэв суудал нь давчдаж эхэлбэл түшлэгийг авч хүүхдийг 150 см-ийн өндөртэй болтол нь хэрэглэж болно.<br /> <strong><br /> </strong><img class="size-full wp-image-4507 alignleft" src="http://www.maamuu.mn/wp-content/uploads/2017/06/2-3.jpg" alt="" width="200" height="200" /><strong><span style="color: #333399;">&ldquo;2/3+&rdquo; ЗЭРЭГЛЭЛ</span><br /> </strong>Цэвэр &ldquo;2&rdquo; гэсэн зэрэглэл байдаггүй. Өндөр түшлэгтэй суудал хүүхэдтэйгээ хамт &ldquo;өснө&rdquo; гэсэн үг. Хүүхдийг зориулалтын суудалд нь суулгаад автомашины хамгаалалтын бүсээр бүсэлнэ.<br /> Өөртөө хамгаалалтын бүстэй загварууд бас бий. Түшлэгний өргөнийг шаардлагатай хэмжээгээрээ өөрчлөх тохируулгатай загварыг ч авч болно.</p>\n<p>Хүүхэд өвлийн цагт дулаан хувцастайгаа чихэлдэхгүй байхад энэ загвар яг тохирдог.&nbsp; Энэ загварыг зөвхөн зорчих чигийн дагуу хоёрдугаар эгнээнд суурилуулна. Хүүхдийн өсөлтийн хэрээр суудлын дээд хэсэг авагдаж, зөвхөн доод хэсэг болох &ldquo;бустер&rdquo;-ыг үлдээнэ.</p>\n<p><strong>&ldquo;0+&rdquo; зэрэглэлийн</strong>&nbsp;суудлуудыг нь хэмжээний хувьд адилгүй, доторх зай нь арай уужуу, дунд зэрэг гэх мэт ялгаатай байгааг анзаараарай.&nbsp; Арай уужуухан зайтайг хүүхдээ нэг нас хүртэл нь хэрэглэнэ. Та энэ суудлыг дангаар нь буюу иж бүрдлээр нь /дугуйтай/ авч болно. Суудлыг автомашинд аюулгүйн бүсээр бэхэлж тогтоохоос гадна дугуй суулгаж өгвөл бууж суух, автомашинаа солих үед хүүхдийг сэрээх шаардлагагүй болно.</p>\n<div class="clearfix">&nbsp;</div>\n<div class="fb-comments fb_iframe_widget fb_iframe_widget_fluid_desktop" style="width: 100%;" data-href="https://www.maamuu.mn/?p=4173" data-width="100%" data-order-by="reverse_time" data-numposts="5">&nbsp;</div>\n<div class="clearfix">&nbsp;</div>\n</div>', 'Published', 956000.00, 956000.00, 0.00, 0.00, '2020-04-03 06:23:19', '2020-04-03 06:23:19', 2, 1, 108, 19);

-- 
-- Dumping data for table groups
--
INSERT INTO groups VALUES
(1, 'CL', 'cl', '2019-09-27 09:27:51', '2019-09-27 09:27:51', 1),
(6, 'ILX', 'ILX', '2019-09-27 09:27:51', '2019-09-27 09:27:51', 1),
(7, 'Integra', 'Integra', '2019-09-27 09:27:51', '2019-09-27 09:27:51', 1),
(8, 'Legend', 'Legend', '2019-09-27 09:27:51', '2019-09-27 09:27:51', 1),
(9, 'MDX', 'MDX', '2019-09-27 09:27:51', '2019-09-27 09:27:51', 1),
(10, 'NSX', 'NSX', '2019-09-27 09:27:51', '2019-09-27 09:27:51', 1),
(11, 'RDX', 'RDX', '2019-09-27 09:27:51', '2019-09-27 09:27:51', 1),
(12, 'RL', 'RL', '2019-09-27 09:27:51', '2019-09-27 09:27:51', 1),
(15, 'RSX', 'RSX', '2019-09-27 09:27:51', '2019-09-27 09:27:51', 1),
(16, 'SLX', 'SLX', '2019-09-27 09:27:51', '2019-09-27 09:27:51', 1),
(17, 'TL', 'TL', '2019-09-27 09:27:51', '2019-09-27 09:27:51', 1),
(21, 'TSX', 'TSX', '2019-09-27 09:27:51', '2019-09-27 09:27:51', 1),
(22, 'Vigor', 'Vigor', '2019-09-27 09:27:51', '2019-09-27 09:27:51', 1),
(23, 'ZDX', 'ZDX', '2019-09-27 09:27:51', '2019-09-27 09:27:51', 1),
(25, '164', '164', '2019-09-27 09:27:51', '2019-09-27 09:27:51', 2),
(26, '8C Competizione', '8C Competizione', '2019-09-27 09:27:51', '2019-09-27 09:27:51', 2),
(27, 'GTV-6', 'GTV-6', '2019-09-27 09:27:51', '2019-09-27 09:27:51', 2),
(28, 'Milano', 'Milano', '2019-09-27 09:27:51', '2019-09-27 09:27:51', 2),
(29, 'Spider', 'Spider', '2019-09-27 09:27:51', '2019-09-27 09:27:51', 2),
(31, 'Alliance', 'Alliance', '2019-09-27 09:27:51', '2019-09-27 09:27:51', 3),
(32, 'Concord', 'Concord', '2019-09-27 09:27:51', '2019-09-27 09:27:51', 3),
(33, 'Eagle', 'Eagle', '2019-09-27 09:27:51', '2019-09-27 09:27:51', 3),
(34, 'Encore', 'Encore', '2019-09-27 09:27:51', '2019-09-27 09:27:51', 3),
(35, 'Spirit', 'Spirit', '2019-09-27 09:27:51', '2019-09-27 09:27:51', 3),
(37, 'DB7', 'DB7', '2019-09-27 09:27:51', '2019-09-27 09:27:51', 4),
(38, 'DB9', 'DB9', '2019-09-27 09:27:51', '2019-09-27 09:27:51', 4),
(39, 'DBS', 'DBS', '2019-09-27 09:27:51', '2019-09-27 09:27:51', 4),
(40, 'Lagonda', 'Lagonda', '2019-09-27 09:27:51', '2019-09-27 09:27:51', 4),
(41, 'Rapide', 'Rapide', '2019-09-27 09:27:51', '2019-09-27 09:27:51', 4),
(42, 'V12 Vantage', 'V12 Vantage', '2019-09-27 09:27:51', '2019-09-27 09:27:51', 4),
(43, 'V8 Vantage', 'V8 Vantage', '2019-09-27 09:27:51', '2019-09-27 09:27:51', 4),
(44, 'Vanquish', 'Vanquish', '2019-09-27 09:27:51', '2019-09-27 09:27:51', 4),
(45, 'Virage', 'Virage', '2019-09-27 09:27:51', '2019-09-27 09:27:51', 4),
(47, '100', '100', '2019-09-27 09:27:51', '2019-09-27 09:27:51', 5),
(48, '200', '200', '2019-09-27 09:27:51', '2019-09-27 09:27:51', 5),
(49, '4000', '4000', '2019-09-27 09:27:51', '2019-09-27 09:27:51', 5),
(50, '5000', '5000', '2019-09-27 09:27:51', '2019-09-27 09:27:51', 5),
(51, '80', '80', '2019-09-27 09:27:51', '2019-09-27 09:27:51', 5),
(52, '90', '90', '2019-09-27 09:27:51', '2019-09-27 09:27:51', 5),
(53, 'A3', 'A3', '2019-09-27 09:27:51', '2019-09-27 09:27:51', 5),
(54, 'A4', 'A4', '2019-09-27 09:27:51', '2019-09-27 09:27:51', 5),
(55, 'A5', 'A5', '2019-09-27 09:27:51', '2019-09-27 09:27:51', 5),
(56, 'A6', 'A6', '2019-09-27 09:27:51', '2019-09-27 09:27:51', 5),
(57, 'A7', 'A7', '2019-09-27 09:27:51', '2019-09-27 09:27:51', 5),
(58, 'A8', 'A8', '2019-09-27 09:27:51', '2019-09-27 09:27:51', 5),
(59, 'allroad', 'allroad', '2019-09-27 09:27:51', '2019-09-27 09:27:51', 5),
(60, 'Cabriolet', 'Cabriolet', '2019-09-27 09:27:51', '2019-09-27 09:27:51', 5),
(61, 'Coupe', 'Coupe', '2019-09-27 09:27:51', '2019-09-27 09:27:51', 5),
(62, 'Q-series', 'Q-series', '2019-09-27 09:27:51', '2019-09-27 09:27:51', 5),
(65, 'Quattro', 'Quattro', '2019-09-27 09:27:51', '2019-09-27 09:27:51', 5),
(66, 'R8', 'R8', '2019-09-27 09:27:51', '2019-09-27 09:27:51', 5),
(67, 'RS-series', 'RS-series', '2019-09-27 09:27:51', '2019-09-27 09:27:51', 5),
(70, 'S-series', 'S-series', '2019-09-27 09:27:51', '2019-09-27 09:27:51', 5),
(75, 'TT-series', 'TT-series', '2019-09-27 09:27:51', '2019-09-27 09:27:51', 5),
(78, 'V8 Quattro', 'V8 Quattro', '2019-09-27 09:27:51', '2019-09-27 09:27:51', 5),
(80, 'Convertible', 'Convertible', '2019-09-27 09:27:51', '2019-09-27 09:27:51', 6),
(81, 'Coupe', 'Coupe', '2019-09-27 09:27:51', '2019-09-27 09:27:51', 6),
(82, 'Sedan', 'Sedan', '2019-09-27 09:27:51', '2019-09-27 09:27:51', 6),
(84, 'Arnage', 'Arnage', '2019-09-27 09:27:51', '2019-09-27 09:27:51', 7),
(85, 'Azure', 'Azure', '2019-09-27 09:27:51', '2019-09-27 09:27:51', 7),
(86, 'Brooklands', 'Brooklands', '2019-09-27 09:27:51', '2019-09-27 09:27:51', 7),
(87, 'Continental', 'Continental', '2019-09-27 09:27:51', '2019-09-27 09:27:51', 7),
(88, 'Corniche', 'Corniche', '2019-09-27 09:27:51', '2019-09-27 09:27:51', 7),
(89, 'Eight', 'Eight', '2019-09-27 09:27:51', '2019-09-27 09:27:51', 7),
(90, 'Mulsanne', 'Mulsanne', '2019-09-27 09:27:51', '2019-09-27 09:27:51', 7),
(91, 'Turbo R', 'Turbo R', '2019-09-27 09:27:51', '2019-09-27 09:27:51', 7),
(93, '1 Series (3)', '1 Series (3)', '2019-09-27 09:27:51', '2019-09-27 09:27:51', 8),
(97, '3 Series (29)', '3 Series (29)', '2019-09-27 09:27:51', '2019-09-27 09:27:51', 8),
(127, '5 Series (19)', '5 Series (19)', '2019-09-27 09:27:51', '2019-09-27 09:27:51', 8),
(147, '6 Series (8)', '6 Series (8)', '2019-09-27 09:27:51', '2019-09-27 09:27:51', 8),
(156, '7 Series (15)', '7 Series (15)', '2019-09-27 09:27:51', '2019-09-27 09:27:51', 8),
(170, ' - ActiveHybrid 7', ' - ActiveHybrid 7', '2019-09-27 09:27:51', '2019-09-27 09:27:51', 8),
(171, ' - Alpina B7', ' - Alpina B7', '2019-09-27 09:27:51', '2019-09-27 09:27:51', 8),
(172, '8 Series (4)', '8 Series (4)', '2019-09-27 09:27:51', '2019-09-27 09:27:51', 8),
(177, 'L Series (1)', 'L Series (1)', '2019-09-27 09:27:51', '2019-09-27 09:27:51', 8),
(179, 'M Series (8)', 'M Series (8)', '2019-09-27 09:27:51', '2019-09-27 09:27:51', 8),
(188, 'X Series (5)', 'X Series (5)', '2019-09-27 09:27:51', '2019-09-27 09:27:51', 8),
(194, 'Z Series (3)', 'Z Series (3)', '2019-09-27 09:27:51', '2019-09-27 09:27:51', 8),
(198, 'Other BMW Models', 'Other BMW Models', '2019-09-27 09:27:51', '2019-09-27 09:27:51', 8),
(199, 'Century', 'Century', '2019-09-27 09:27:51', '2019-09-27 09:27:51', 9),
(200, 'Electra', 'Electra', '2019-09-27 09:27:51', '2019-09-27 09:27:51', 9),
(201, 'Enclave', 'Enclave', '2019-09-27 09:27:51', '2019-09-27 09:27:51', 9),
(202, 'Encore', 'Encore', '2019-09-27 09:27:51', '2019-09-27 09:27:51', 9),
(203, 'LaCrosse', 'LaCrosse', '2019-09-27 09:27:51', '2019-09-27 09:27:51', 9),
(204, 'Le Sabre', 'Le Sabre', '2019-09-27 09:27:51', '2019-09-27 09:27:51', 9),
(205, 'Lucerne', 'Lucerne', '2019-09-27 09:27:51', '2019-09-27 09:27:51', 9),
(206, 'Park Avenue', 'Park Avenue', '2019-09-27 09:27:51', '2019-09-27 09:27:51', 9),
(207, 'Rainier', 'Rainier', '2019-09-27 09:27:51', '2019-09-27 09:27:51', 9),
(208, 'Reatta', 'Reatta', '2019-09-27 09:27:51', '2019-09-27 09:27:51', 9),
(209, 'Regal', 'Regal', '2019-09-27 09:27:51', '2019-09-27 09:27:51', 9),
(210, 'Rendezvous', 'Rendezvous', '2019-09-27 09:27:51', '2019-09-27 09:27:51', 9),
(211, 'Riviera', 'Riviera', '2019-09-27 09:27:51', '2019-09-27 09:27:51', 9),
(212, 'Roadmaster', 'Roadmaster', '2019-09-27 09:27:51', '2019-09-27 09:27:51', 9),
(213, 'Skyhawk', 'Skyhawk', '2019-09-27 09:27:51', '2019-09-27 09:27:51', 9),
(214, 'Skylark', 'Skylark', '2019-09-27 09:27:51', '2019-09-27 09:27:51', 9),
(215, 'Somerset', 'Somerset', '2019-09-27 09:27:51', '2019-09-27 09:27:51', 9),
(216, 'Terraza', 'Terraza', '2019-09-27 09:27:51', '2019-09-27 09:27:51', 9),
(217, 'Verano', 'Verano', '2019-09-27 09:27:51', '2019-09-27 09:27:51', 9),
(219, 'Allante', 'Allante', '2019-09-27 09:27:51', '2019-09-27 09:27:51', 10),
(220, 'ATS', 'ATS', '2019-09-27 09:27:51', '2019-09-27 09:27:51', 10),
(221, 'Brougham', 'Brougham', '2019-09-27 09:27:51', '2019-09-27 09:27:51', 10),
(222, 'Catera', 'Catera', '2019-09-27 09:27:51', '2019-09-27 09:27:51', 10),
(223, 'Cimarron', 'Cimarron', '2019-09-27 09:27:51', '2019-09-27 09:27:51', 10),
(224, 'CTS', 'CTS', '2019-09-27 09:27:51', '2019-09-27 09:27:51', 10),
(225, 'De Ville', 'De Ville', '2019-09-27 09:27:51', '2019-09-27 09:27:51', 10),
(226, 'DTS', 'DTS', '2019-09-27 09:27:51', '2019-09-27 09:27:51', 10),
(227, 'Eldorado', 'Eldorado', '2019-09-27 09:27:51', '2019-09-27 09:27:51', 10),
(228, 'Escalade', 'Escalade', '2019-09-27 09:27:51', '2019-09-27 09:27:51', 10),
(229, 'Escalade ESV', 'Escalade ESV', '2019-09-27 09:27:51', '2019-09-27 09:27:51', 10),
(230, 'Escalade EXT', 'Escalade EXT', '2019-09-27 09:27:51', '2019-09-27 09:27:51', 10),
(231, 'Fleetwood', 'Fleetwood', '2019-09-27 09:27:51', '2019-09-27 09:27:51', 10),
(232, 'Seville', 'Seville', '2019-09-27 09:27:51', '2019-09-27 09:27:51', 10),
(233, 'SRX', 'SRX', '2019-09-27 09:27:51', '2019-09-27 09:27:51', 10),
(234, 'STS', 'STS', '2019-09-27 09:27:51', '2019-09-27 09:27:51', 10),
(235, 'XLR', 'XLR', '2019-09-27 09:27:51', '2019-09-27 09:27:51', 10),
(236, 'XTS', 'XTS', '2019-09-27 09:27:51', '2019-09-27 09:27:51', 10),
(238, 'Astro', 'Astro', '2019-09-27 09:27:51', '2019-09-27 09:27:51', 11),
(239, 'Avalanche', 'Avalanche', '2019-09-27 09:27:51', '2019-09-27 09:27:51', 11),
(240, 'Aveo', 'Aveo', '2019-09-27 09:27:51', '2019-09-27 09:27:51', 11),
(241, 'Aveo5', 'Aveo5', '2019-09-27 09:27:51', '2019-09-27 09:27:51', 11),
(242, 'Beretta', 'Beretta', '2019-09-27 09:27:51', '2019-09-27 09:27:51', 11),
(243, 'Blazer', 'Blazer', '2019-09-27 09:27:51', '2019-09-27 09:27:51', 11),
(244, 'Camaro', 'Camaro', '2019-09-27 09:27:51', '2019-09-27 09:27:51', 11),
(245, 'Caprice', 'Caprice', '2019-09-27 09:27:51', '2019-09-27 09:27:51', 11),
(246, 'Captiva Sport', 'Captiva Sport', '2019-09-27 09:27:51', '2019-09-27 09:27:51', 11),
(247, 'Cavalier', 'Cavalier', '2019-09-27 09:27:51', '2019-09-27 09:27:51', 11),
(248, 'Celebrity', 'Celebrity', '2019-09-27 09:27:51', '2019-09-27 09:27:51', 11),
(249, 'Chevette', 'Chevette', '2019-09-27 09:27:51', '2019-09-27 09:27:51', 11),
(250, 'Citation', 'Citation', '2019-09-27 09:27:51', '2019-09-27 09:27:51', 11),
(251, 'Cobalt', 'Cobalt', '2019-09-27 09:27:51', '2019-09-27 09:27:51', 11),
(252, 'Colorado', 'Colorado', '2019-09-27 09:27:51', '2019-09-27 09:27:51', 11),
(253, 'Corsica', 'Corsica', '2019-09-27 09:27:51', '2019-09-27 09:27:51', 11),
(254, 'Corvette', 'Corvette', '2019-09-27 09:27:51', '2019-09-27 09:27:51', 11),
(255, 'Cruze', 'Cruze', '2019-09-27 09:27:51', '2019-09-27 09:27:51', 11),
(256, 'El Camino', 'El Camino', '2019-09-27 09:27:51', '2019-09-27 09:27:51', 11),
(257, 'Equinox', 'Equinox', '2019-09-27 09:27:51', '2019-09-27 09:27:51', 11),
(258, 'Express Van', 'Express Van', '2019-09-27 09:27:51', '2019-09-27 09:27:51', 11),
(259, 'G Van', 'G Van', '2019-09-27 09:27:51', '2019-09-27 09:27:51', 11),
(260, 'HHR', 'HHR', '2019-09-27 09:27:51', '2019-09-27 09:27:51', 11),
(261, 'Impala', 'Impala', '2019-09-27 09:27:51', '2019-09-27 09:27:51', 11),
(262, 'Kodiak C4500', 'Kodiak C4500', '2019-09-27 09:27:51', '2019-09-27 09:27:51', 11),
(263, 'Lumina', 'Lumina', '2019-09-27 09:27:51', '2019-09-27 09:27:51', 11),
(264, 'Lumina APV', 'Lumina APV', '2019-09-27 09:27:51', '2019-09-27 09:27:51', 11),
(265, 'LUV', 'LUV', '2019-09-27 09:27:51', '2019-09-27 09:27:51', 11),
(266, 'Malibu', 'Malibu', '2019-09-27 09:27:51', '2019-09-27 09:27:51', 11),
(267, 'Metro', 'Metro', '2019-09-27 09:27:51', '2019-09-27 09:27:51', 11),
(268, 'Monte Carlo', 'Monte Carlo', '2019-09-27 09:27:51', '2019-09-27 09:27:51', 11),
(269, 'Nova', 'Nova', '2019-09-27 09:27:51', '2019-09-27 09:27:51', 11),
(270, 'Prizm', 'Prizm', '2019-09-27 09:27:51', '2019-09-27 09:27:51', 11),
(271, 'S10 Blazer', 'S10 Blazer', '2019-09-27 09:27:51', '2019-09-27 09:27:51', 11),
(272, 'S10 Pickup', 'S10 Pickup', '2019-09-27 09:27:51', '2019-09-27 09:27:51', 11),
(273, 'Silverado and other C/K1500', 'Silverado and other C/K1500', '2019-09-27 09:27:51', '2019-09-27 09:27:51', 11),
(274, 'Silverado and other C/K2500', 'Silverado and other C/K2500', '2019-09-27 09:27:51', '2019-09-27 09:27:51', 11),
(275, 'Silverado and other C/K3500', 'Silverado and other C/K3500', '2019-09-27 09:27:51', '2019-09-27 09:27:51', 11),
(276, 'Sonic', 'Sonic', '2019-09-27 09:27:51', '2019-09-27 09:27:51', 11),
(277, 'Spark', 'Spark', '2019-09-27 09:27:51', '2019-09-27 09:27:51', 11),
(278, 'Spectrum', 'Spectrum', '2019-09-27 09:27:51', '2019-09-27 09:27:51', 11),
(279, 'Sprint', 'Sprint', '2019-09-27 09:27:51', '2019-09-27 09:27:51', 11),
(280, 'SSR', 'SSR', '2019-09-27 09:27:51', '2019-09-27 09:27:51', 11),
(281, 'Suburban', 'Suburban', '2019-09-27 09:27:51', '2019-09-27 09:27:51', 11),
(282, 'Tahoe', 'Tahoe', '2019-09-27 09:27:51', '2019-09-27 09:27:51', 11),
(283, 'Tracker', 'Tracker', '2019-09-27 09:27:51', '2019-09-27 09:27:51', 11),
(284, 'TrailBlazer', 'TrailBlazer', '2019-09-27 09:27:51', '2019-09-27 09:27:51', 11),
(285, 'TrailBlazer EXT', 'TrailBlazer EXT', '2019-09-27 09:27:51', '2019-09-27 09:27:51', 11),
(286, 'Traverse', 'Traverse', '2019-09-27 09:27:51', '2019-09-27 09:27:51', 11),
(287, 'Uplander', 'Uplander', '2019-09-27 09:27:51', '2019-09-27 09:27:51', 11),
(288, 'Venture', 'Venture', '2019-09-27 09:27:51', '2019-09-27 09:27:51', 11),
(289, 'Volt', 'Volt', '2019-09-27 09:27:51', '2019-09-27 09:27:51', 11),
(291, '200', '200', '2019-09-27 09:27:51', '2019-09-27 09:27:51', 12),
(292, '300', '300', '2019-09-27 09:27:51', '2019-09-27 09:27:51', 12),
(293, '300M', '300M', '2019-09-27 09:27:51', '2019-09-27 09:27:51', 12),
(294, 'Aspen', 'Aspen', '2019-09-27 09:27:51', '2019-09-27 09:27:51', 12),
(295, 'Caravan', 'Caravan', '2019-09-27 09:27:51', '2019-09-27 09:27:51', 12),
(296, 'Cirrus', 'Cirrus', '2019-09-27 09:27:51', '2019-09-27 09:27:51', 12),
(297, 'Concorde', 'Concorde', '2019-09-27 09:27:51', '2019-09-27 09:27:51', 12),
(298, 'Conquest', 'Conquest', '2019-09-27 09:27:51', '2019-09-27 09:27:51', 12),
(299, 'Cordoba', 'Cordoba', '2019-09-27 09:27:51', '2019-09-27 09:27:51', 12),
(300, 'Crossfire', 'Crossfire', '2019-09-27 09:27:51', '2019-09-27 09:27:51', 12),
(301, 'E Class', 'E Class', '2019-09-27 09:27:51', '2019-09-27 09:27:51', 12),
(302, 'Fifth Avenue', 'Fifth Avenue', '2019-09-27 09:27:51', '2019-09-27 09:27:51', 12),
(303, 'Grand Voyager', 'Grand Voyager', '2019-09-27 09:27:51', '2019-09-27 09:27:51', 12),
(304, 'Imperial', 'Imperial', '2019-09-27 09:27:51', '2019-09-27 09:27:51', 12),
(305, 'Intrepid', 'Intrepid', '2019-09-27 09:27:51', '2019-09-27 09:27:51', 12),
(306, 'Laser', 'Laser', '2019-09-27 09:27:51', '2019-09-27 09:27:51', 12),
(307, 'LeBaron', 'LeBaron', '2019-09-27 09:27:51', '2019-09-27 09:27:51', 12),
(308, 'LHS', 'LHS', '2019-09-27 09:27:51', '2019-09-27 09:27:51', 12),
(309, 'Neon', 'Neon', '2019-09-27 09:27:51', '2019-09-27 09:27:51', 12),
(310, 'New Yorker', 'New Yorker', '2019-09-27 09:27:51', '2019-09-27 09:27:51', 12),
(311, 'Newport', 'Newport', '2019-09-27 09:27:51', '2019-09-27 09:27:51', 12),
(312, 'Pacifica', 'Pacifica', '2019-09-27 09:27:51', '2019-09-27 09:27:51', 12),
(313, 'Prowler', 'Prowler', '2019-09-27 09:27:51', '2019-09-27 09:27:51', 12),
(314, 'PT Cruiser', 'PT Cruiser', '2019-09-27 09:27:51', '2019-09-27 09:27:51', 12),
(315, 'Sebring', 'Sebring', '2019-09-27 09:27:51', '2019-09-27 09:27:51', 12),
(316, 'TC by Maserati', 'TC by Maserati', '2019-09-27 09:27:51', '2019-09-27 09:27:51', 12),
(317, 'Town & Country', 'Town & Country', '2019-09-27 09:27:51', '2019-09-27 09:27:51', 12),
(318, 'Voyager', 'Voyager', '2019-09-27 09:27:51', '2019-09-27 09:27:51', 12),
(320, 'Lanos', 'Lanos', '2019-09-27 09:27:51', '2019-09-27 09:27:51', 13),
(321, 'Leganza', 'Leganza', '2019-09-27 09:27:51', '2019-09-27 09:27:51', 13),
(322, 'Nubira', 'Nubira', '2019-09-27 09:27:51', '2019-09-27 09:27:51', 13),
(324, 'Charade', 'Charade', '2019-09-27 09:27:51', '2019-09-27 09:27:51', 14),
(325, 'Rocky', 'Rocky', '2019-09-27 09:27:51', '2019-09-27 09:27:51', 14),
(327, '200SX', '200SX', '2019-09-27 09:27:51', '2019-09-27 09:27:51', 15),
(328, '210', '210', '2019-09-27 09:27:51', '2019-09-27 09:27:51', 15),
(329, '280ZX', '280ZX', '2019-09-27 09:27:51', '2019-09-27 09:27:51', 15),
(330, '300ZX', '300ZX', '2019-09-27 09:27:51', '2019-09-27 09:27:51', 15),
(331, '310', '310', '2019-09-27 09:27:51', '2019-09-27 09:27:51', 15),
(332, '510', '510', '2019-09-27 09:27:51', '2019-09-27 09:27:51', 15),
(333, '720', '720', '2019-09-27 09:27:51', '2019-09-27 09:27:51', 15),
(334, '810', '810', '2019-09-27 09:27:51', '2019-09-27 09:27:51', 15),
(335, 'Maxima', 'Maxima', '2019-09-27 09:27:51', '2019-09-27 09:27:51', 15),
(336, 'Pickup', 'Pickup', '2019-09-27 09:27:51', '2019-09-27 09:27:51', 15),
(337, 'Pulsar', 'Pulsar', '2019-09-27 09:27:51', '2019-09-27 09:27:51', 15),
(338, 'Sentra', 'Sentra', '2019-09-27 09:27:51', '2019-09-27 09:27:51', 15),
(339, 'Stanza', 'Stanza', '2019-09-27 09:27:51', '2019-09-27 09:27:51', 15),
(341, 'DMC-12', 'DMC-12', '2019-09-27 09:27:51', '2019-09-27 09:27:51', 16),
(342, '400', '400', '2019-09-27 09:27:51', '2019-09-27 09:27:51', 17),
(343, '600', '600', '2019-09-27 09:27:51', '2019-09-27 09:27:51', 17),
(344, 'Aries', 'Aries', '2019-09-27 09:27:51', '2019-09-27 09:27:51', 17),
(345, 'Avenger', 'Avenger', '2019-09-27 09:27:51', '2019-09-27 09:27:51', 17),
(346, 'Caliber', 'Caliber', '2019-09-27 09:27:51', '2019-09-27 09:27:51', 17),
(347, 'Caravan', 'Caravan', '2019-09-27 09:27:51', '2019-09-27 09:27:51', 17),
(348, 'Challenger', 'Challenger', '2019-09-27 09:27:51', '2019-09-27 09:27:51', 17),
(349, 'Charger', 'Charger', '2019-09-27 09:27:51', '2019-09-27 09:27:51', 17),
(350, 'Colt', 'Colt', '2019-09-27 09:27:51', '2019-09-27 09:27:51', 17),
(351, 'Conquest', 'Conquest', '2019-09-27 09:27:51', '2019-09-27 09:27:51', 17),
(352, 'D/W Truck', 'D/W Truck', '2019-09-27 09:27:51', '2019-09-27 09:27:51', 17),
(353, 'Dakota', 'Dakota', '2019-09-27 09:27:51', '2019-09-27 09:27:51', 17),
(354, 'Dart', 'Dart', '2019-09-27 09:27:51', '2019-09-27 09:27:51', 17),
(355, 'Daytona', 'Daytona', '2019-09-27 09:27:51', '2019-09-27 09:27:51', 17),
(356, 'Diplomat', 'Diplomat', '2019-09-27 09:27:51', '2019-09-27 09:27:51', 17),
(357, 'Durango', 'Durango', '2019-09-27 09:27:51', '2019-09-27 09:27:51', 17),
(358, 'Dynasty', 'Dynasty', '2019-09-27 09:27:51', '2019-09-27 09:27:51', 17),
(359, 'Grand Caravan', 'Grand Caravan', '2019-09-27 09:27:51', '2019-09-27 09:27:51', 17),
(360, 'Intrepid', 'Intrepid', '2019-09-27 09:27:51', '2019-09-27 09:27:51', 17),
(361, 'Journey', 'Journey', '2019-09-27 09:27:51', '2019-09-27 09:27:51', 17),
(362, 'Lancer', 'Lancer', '2019-09-27 09:27:51', '2019-09-27 09:27:51', 17),
(363, 'Magnum', 'Magnum', '2019-09-27 09:27:51', '2019-09-27 09:27:51', 17),
(364, 'Mirada', 'Mirada', '2019-09-27 09:27:51', '2019-09-27 09:27:51', 17),
(365, 'Monaco', 'Monaco', '2019-09-27 09:27:51', '2019-09-27 09:27:51', 17),
(366, 'Neon', 'Neon', '2019-09-27 09:27:51', '2019-09-27 09:27:51', 17),
(367, 'Nitro', 'Nitro', '2019-09-27 09:27:51', '2019-09-27 09:27:51', 17),
(368, 'Omni', 'Omni', '2019-09-27 09:27:51', '2019-09-27 09:27:51', 17),
(369, 'Raider', 'Raider', '2019-09-27 09:27:51', '2019-09-27 09:27:51', 17),
(370, 'Ram 1500 Truck', 'Ram 1500 Truck', '2019-09-27 09:27:51', '2019-09-27 09:27:51', 17),
(371, 'Ram 2500 Truck', 'Ram 2500 Truck', '2019-09-27 09:27:51', '2019-09-27 09:27:51', 17),
(372, 'Ram 3500 Truck', 'Ram 3500 Truck', '2019-09-27 09:27:51', '2019-09-27 09:27:51', 17),
(373, 'Ram 4500 Truck', 'Ram 4500 Truck', '2019-09-27 09:27:51', '2019-09-27 09:27:51', 17),
(374, 'Ram 50 Truck', 'Ram 50 Truck', '2019-09-27 09:27:51', '2019-09-27 09:27:51', 17),
(375, 'RAM C/V', 'RAM C/V', '2019-09-27 09:27:51', '2019-09-27 09:27:51', 17),
(376, 'Ram SRT-10', 'Ram SRT-10', '2019-09-27 09:27:51', '2019-09-27 09:27:51', 17),
(377, 'Ram Van', 'Ram Van', '2019-09-27 09:27:51', '2019-09-27 09:27:51', 17),
(378, 'Ram Wagon', 'Ram Wagon', '2019-09-27 09:27:51', '2019-09-27 09:27:51', 17),
(379, 'Ramcharger', 'Ramcharger', '2019-09-27 09:27:51', '2019-09-27 09:27:51', 17),
(380, 'Rampage', 'Rampage', '2019-09-27 09:27:51', '2019-09-27 09:27:51', 17),
(381, 'Shadow', 'Shadow', '2019-09-27 09:27:51', '2019-09-27 09:27:51', 17),
(382, 'Spirit', 'Spirit', '2019-09-27 09:27:51', '2019-09-27 09:27:51', 17),
(383, 'Sprinter', 'Sprinter', '2019-09-27 09:27:51', '2019-09-27 09:27:51', 17),
(384, 'SRT-4', 'SRT-4', '2019-09-27 09:27:51', '2019-09-27 09:27:51', 17),
(385, 'St. Regis', 'St. Regis', '2019-09-27 09:27:51', '2019-09-27 09:27:51', 17),
(386, 'Stealth', 'Stealth', '2019-09-27 09:27:51', '2019-09-27 09:27:51', 17),
(387, 'Stratus', 'Stratus', '2019-09-27 09:27:51', '2019-09-27 09:27:51', 17),
(388, 'Viper', 'Viper', '2019-09-27 09:27:51', '2019-09-27 09:27:51', 17),
(390, 'Medallion', 'Medallion', '2019-09-27 09:27:51', '2019-09-27 09:27:51', 18),
(391, 'Premier', 'Premier', '2019-09-27 09:27:51', '2019-09-27 09:27:51', 18),
(392, 'Summit', 'Summit', '2019-09-27 09:27:51', '2019-09-27 09:27:51', 18),
(393, 'Talon', 'Talon', '2019-09-27 09:27:51', '2019-09-27 09:27:51', 18),
(394, 'Vision', 'Vision', '2019-09-27 09:27:51', '2019-09-27 09:27:51', 18),
(396, '308 GTB Quattrovalvole', '308 GTB Quattrovalvole', '2019-09-27 09:27:51', '2019-09-27 09:27:51', 19),
(397, '308 GTBI', '308 GTBI', '2019-09-27 09:27:51', '2019-09-27 09:27:51', 19),
(398, '308 GTS Quattrovalvole', '308 GTS Quattrovalvole', '2019-09-27 09:27:51', '2019-09-27 09:27:51', 19),
(399, '308 GTSI', '308 GTSI', '2019-09-27 09:27:51', '2019-09-27 09:27:51', 19),
(400, '328 GTB', '328 GTB', '2019-09-27 09:27:51', '2019-09-27 09:27:51', 19),
(401, '328 GTS', '328 GTS', '2019-09-27 09:27:51', '2019-09-27 09:27:51', 19),
(402, '348 GTB', '348 GTB', '2019-09-27 09:27:51', '2019-09-27 09:27:51', 19),
(403, '348 GTS', '348 GTS', '2019-09-27 09:27:51', '2019-09-27 09:27:51', 19),
(404, '348 Spider', '348 Spider', '2019-09-27 09:27:51', '2019-09-27 09:27:51', 19),
(405, '348 TB', '348 TB', '2019-09-27 09:27:51', '2019-09-27 09:27:51', 19),
(406, '348 TS', '348 TS', '2019-09-27 09:27:51', '2019-09-27 09:27:51', 19),
(407, '360', '360', '2019-09-27 09:27:51', '2019-09-27 09:27:51', 19),
(408, '456 GT', '456 GT', '2019-09-27 09:27:51', '2019-09-27 09:27:51', 19),
(409, '456M GT', '456M GT', '2019-09-27 09:27:51', '2019-09-27 09:27:51', 19),
(410, '458 Italia', '458 Italia', '2019-09-27 09:27:51', '2019-09-27 09:27:51', 19),
(411, '512 BBi', '512 BBi', '2019-09-27 09:27:51', '2019-09-27 09:27:51', 19),
(412, '512M', '512M', '2019-09-27 09:27:51', '2019-09-27 09:27:51', 19),
(413, '512TR', '512TR', '2019-09-27 09:27:51', '2019-09-27 09:27:51', 19),
(414, '550 Maranello', '550 Maranello', '2019-09-27 09:27:51', '2019-09-27 09:27:51', 19),
(415, '575M Maranello', '575M Maranello', '2019-09-27 09:27:51', '2019-09-27 09:27:51', 19),
(416, '599 GTB Fiorano', '599 GTB Fiorano', '2019-09-27 09:27:51', '2019-09-27 09:27:51', 19),
(417, '599 GTO', '599 GTO', '2019-09-27 09:27:51', '2019-09-27 09:27:51', 19),
(418, '612 Scaglietti', '612 Scaglietti', '2019-09-27 09:27:51', '2019-09-27 09:27:51', 19),
(419, 'California', 'California', '2019-09-27 09:27:51', '2019-09-27 09:27:51', 19),
(420, 'Enzo', 'Enzo', '2019-09-27 09:27:51', '2019-09-27 09:27:51', 19),
(421, 'F355', 'F355', '2019-09-27 09:27:51', '2019-09-27 09:27:51', 19),
(422, 'F40', 'F40', '2019-09-27 09:27:51', '2019-09-27 09:27:51', 19),
(423, 'F430', 'F430', '2019-09-27 09:27:51', '2019-09-27 09:27:51', 19),
(424, 'F50', 'F50', '2019-09-27 09:27:51', '2019-09-27 09:27:51', 19),
(425, 'FF', 'FF', '2019-09-27 09:27:51', '2019-09-27 09:27:51', 19),
(426, 'Mondial', 'Mondial', '2019-09-27 09:27:51', '2019-09-27 09:27:51', 19),
(427, 'Testarossa', 'Testarossa', '2019-09-27 09:27:51', '2019-09-27 09:27:51', 19),
(429, '2000 Spider', '2000 Spider', '2019-09-27 09:27:51', '2019-09-27 09:27:51', 20),
(430, '500', '500', '2019-09-27 09:27:51', '2019-09-27 09:27:51', 20),
(431, 'Bertone X1/9', 'Bertone X1/9', '2019-09-27 09:27:51', '2019-09-27 09:27:51', 20),
(432, 'Brava', 'Brava', '2019-09-27 09:27:51', '2019-09-27 09:27:51', 20),
(433, 'Pininfarina Spider', 'Pininfarina Spider', '2019-09-27 09:27:51', '2019-09-27 09:27:51', 20),
(434, 'Strada', 'Strada', '2019-09-27 09:27:51', '2019-09-27 09:27:51', 20),
(435, 'X1/9', 'X1/9', '2019-09-27 09:27:51', '2019-09-27 09:27:51', 20),
(437, 'Karma', 'Karma', '2019-09-27 09:27:51', '2019-09-27 09:27:51', 21),
(438, 'Aerostar', 'Aerostar', '2019-09-27 09:27:51', '2019-09-27 09:27:51', 22),
(439, 'Aspire', 'Aspire', '2019-09-27 09:27:51', '2019-09-27 09:27:51', 22),
(440, 'Bronco', 'Bronco', '2019-09-27 09:27:51', '2019-09-27 09:27:51', 22),
(441, 'Bronco II', 'Bronco II', '2019-09-27 09:27:51', '2019-09-27 09:27:51', 22),
(442, 'C-MAX', 'C-MAX', '2019-09-27 09:27:51', '2019-09-27 09:27:51', 22),
(443, 'Club Wagon', 'Club Wagon', '2019-09-27 09:27:51', '2019-09-27 09:27:51', 22),
(444, 'Contour', 'Contour', '2019-09-27 09:27:51', '2019-09-27 09:27:51', 22),
(445, 'Courier', 'Courier', '2019-09-27 09:27:51', '2019-09-27 09:27:51', 22),
(446, 'Crown Victoria', 'Crown Victoria', '2019-09-27 09:27:51', '2019-09-27 09:27:51', 22),
(447, 'E-150 and Econoline 150', 'E-150 and Econoline 150', '2019-09-27 09:27:51', '2019-09-27 09:27:51', 22),
(448, 'E-250 and Econoline 250', 'E-250 and Econoline 250', '2019-09-27 09:27:51', '2019-09-27 09:27:51', 22),
(449, 'E-350 and Econoline 350', 'E-350 and Econoline 350', '2019-09-27 09:27:51', '2019-09-27 09:27:51', 22),
(450, 'Edge', 'Edge', '2019-09-27 09:27:51', '2019-09-27 09:27:51', 22),
(451, 'Escape', 'Escape', '2019-09-27 09:27:51', '2019-09-27 09:27:51', 22),
(452, 'Escort', 'Escort', '2019-09-27 09:27:51', '2019-09-27 09:27:51', 22),
(453, 'Excursion', 'Excursion', '2019-09-27 09:27:51', '2019-09-27 09:27:51', 22),
(454, 'EXP', 'EXP', '2019-09-27 09:27:51', '2019-09-27 09:27:51', 22),
(455, 'Expedition', 'Expedition', '2019-09-27 09:27:51', '2019-09-27 09:27:51', 22),
(456, 'Expedition EL', 'Expedition EL', '2019-09-27 09:27:51', '2019-09-27 09:27:51', 22),
(457, 'Explorer', 'Explorer', '2019-09-27 09:27:51', '2019-09-27 09:27:51', 22),
(458, 'Explorer Sport Trac', 'Explorer Sport Trac', '2019-09-27 09:27:51', '2019-09-27 09:27:51', 22),
(459, 'F100', 'F100', '2019-09-27 09:27:51', '2019-09-27 09:27:51', 22),
(460, 'F150', 'F150', '2019-09-27 09:27:51', '2019-09-27 09:27:51', 22),
(461, 'F250', 'F250', '2019-09-27 09:27:51', '2019-09-27 09:27:51', 22),
(462, 'F350', 'F350', '2019-09-27 09:27:51', '2019-09-27 09:27:51', 22),
(463, 'F450', 'F450', '2019-09-27 09:27:51', '2019-09-27 09:27:51', 22),
(464, 'Fairmont', 'Fairmont', '2019-09-27 09:27:51', '2019-09-27 09:27:51', 22),
(465, 'Festiva', 'Festiva', '2019-09-27 09:27:51', '2019-09-27 09:27:51', 22),
(466, 'Fiesta', 'Fiesta', '2019-09-27 09:27:51', '2019-09-27 09:27:51', 22),
(467, 'Five Hundred', 'Five Hundred', '2019-09-27 09:27:51', '2019-09-27 09:27:51', 22),
(468, 'Flex', 'Flex', '2019-09-27 09:27:51', '2019-09-27 09:27:51', 22),
(469, 'Focus', 'Focus', '2019-09-27 09:27:51', '2019-09-27 09:27:51', 22),
(470, 'Freestar', 'Freestar', '2019-09-27 09:27:51', '2019-09-27 09:27:51', 22),
(471, 'Freestyle', 'Freestyle', '2019-09-27 09:27:51', '2019-09-27 09:27:51', 22),
(472, 'Fusion', 'Fusion', '2019-09-27 09:27:51', '2019-09-27 09:27:51', 22),
(473, 'Granada', 'Granada', '2019-09-27 09:27:51', '2019-09-27 09:27:51', 22),
(474, 'GT', 'GT', '2019-09-27 09:27:51', '2019-09-27 09:27:51', 22),
(475, 'LTD', 'LTD', '2019-09-27 09:27:51', '2019-09-27 09:27:51', 22),
(476, 'Mustang', 'Mustang', '2019-09-27 09:27:51', '2019-09-27 09:27:51', 22),
(477, 'Probe', 'Probe', '2019-09-27 09:27:51', '2019-09-27 09:27:51', 22),
(478, 'Ranger', 'Ranger', '2019-09-27 09:27:51', '2019-09-27 09:27:51', 22),
(479, 'Taurus', 'Taurus', '2019-09-27 09:27:51', '2019-09-27 09:27:51', 22),
(480, 'Taurus X', 'Taurus X', '2019-09-27 09:27:51', '2019-09-27 09:27:51', 22),
(481, 'Tempo', 'Tempo', '2019-09-27 09:27:51', '2019-09-27 09:27:51', 22),
(482, 'Thunderbird', 'Thunderbird', '2019-09-27 09:27:51', '2019-09-27 09:27:51', 22),
(483, 'Transit Connect', 'Transit Connect', '2019-09-27 09:27:51', '2019-09-27 09:27:51', 22),
(484, 'Windstar', 'Windstar', '2019-09-27 09:27:51', '2019-09-27 09:27:51', 22),
(485, 'ZX2 Escort', 'ZX2 Escort', '2019-09-27 09:27:51', '2019-09-27 09:27:51', 22),
(487, 'Sprinter', 'Sprinter', '2019-09-27 09:27:51', '2019-09-27 09:27:51', 23),
(488, 'Metro', 'Metro', '2019-09-27 09:27:51', '2019-09-27 09:27:51', 24),
(489, 'Prizm', 'Prizm', '2019-09-27 09:27:51', '2019-09-27 09:27:51', 24),
(490, 'Spectrum', 'Spectrum', '2019-09-27 09:27:51', '2019-09-27 09:27:51', 24),
(491, 'Storm', 'Storm', '2019-09-27 09:27:51', '2019-09-27 09:27:51', 24),
(492, 'Tracker', 'Tracker', '2019-09-27 09:27:51', '2019-09-27 09:27:51', 24),
(494, 'Acadia', 'Acadia', '2019-09-27 09:27:51', '2019-09-27 09:27:51', 25),
(495, 'Caballero', 'Caballero', '2019-09-27 09:27:51', '2019-09-27 09:27:51', 25),
(496, 'Canyon', 'Canyon', '2019-09-27 09:27:51', '2019-09-27 09:27:51', 25),
(497, 'Envoy', 'Envoy', '2019-09-27 09:27:51', '2019-09-27 09:27:51', 25),
(498, 'Envoy XL', 'Envoy XL', '2019-09-27 09:27:51', '2019-09-27 09:27:51', 25),
(499, 'Envoy XUV', 'Envoy XUV', '2019-09-27 09:27:51', '2019-09-27 09:27:51', 25),
(500, 'Jimmy', 'Jimmy', '2019-09-27 09:27:51', '2019-09-27 09:27:51', 25),
(501, 'Rally Wagon', 'Rally Wagon', '2019-09-27 09:27:51', '2019-09-27 09:27:51', 25),
(502, 'S15 Jimmy', 'S15 Jimmy', '2019-09-27 09:27:51', '2019-09-27 09:27:51', 25),
(503, 'S15 Pickup', 'S15 Pickup', '2019-09-27 09:27:51', '2019-09-27 09:27:51', 25),
(504, 'Safari', 'Safari', '2019-09-27 09:27:51', '2019-09-27 09:27:51', 25),
(505, 'Savana', 'Savana', '2019-09-27 09:27:51', '2019-09-27 09:27:51', 25),
(506, 'Sierra C/K1500', 'Sierra C/K1500', '2019-09-27 09:27:51', '2019-09-27 09:27:51', 25),
(507, 'Sierra C/K2500', 'Sierra C/K2500', '2019-09-27 09:27:51', '2019-09-27 09:27:51', 25),
(508, 'Sierra C/K3500', 'Sierra C/K3500', '2019-09-27 09:27:51', '2019-09-27 09:27:51', 25),
(509, 'Sonoma', 'Sonoma', '2019-09-27 09:27:51', '2019-09-27 09:27:51', 25),
(510, 'Suburban', 'Suburban', '2019-09-27 09:27:51', '2019-09-27 09:27:51', 25),
(511, 'Syclone', 'Syclone', '2019-09-27 09:27:51', '2019-09-27 09:27:51', 25),
(512, 'Terrain', 'Terrain', '2019-09-27 09:27:51', '2019-09-27 09:27:51', 25),
(513, 'TopKick C4500', 'TopKick C4500', '2019-09-27 09:27:51', '2019-09-27 09:27:51', 25),
(514, 'Typhoon', 'Typhoon', '2019-09-27 09:27:51', '2019-09-27 09:27:51', 25),
(515, 'Vandura', 'Vandura', '2019-09-27 09:27:51', '2019-09-27 09:27:51', 25),
(516, 'Yukon', 'Yukon', '2019-09-27 09:27:51', '2019-09-27 09:27:51', 25),
(517, 'Yukon XL', 'Yukon XL', '2019-09-27 09:27:51', '2019-09-27 09:27:51', 25),
(519, 'Accord', 'Accord', '2019-09-27 09:27:51', '2019-09-27 09:27:51', 26),
(520, 'Civic', 'Civic', '2019-09-27 09:27:51', '2019-09-27 09:27:51', 26),
(521, 'CR-V', 'CR-V', '2019-09-27 09:27:51', '2019-09-27 09:27:51', 26),
(522, 'CR-Z', 'CR-Z', '2019-09-27 09:27:51', '2019-09-27 09:27:51', 26),
(523, 'CRX', 'CRX', '2019-09-27 09:27:51', '2019-09-27 09:27:51', 26),
(524, 'Crosstour and Accord Crosstour Models (2)', 'Crosstour and Accord Crosstour', '2019-09-27 09:27:51', '2019-09-27 09:27:51', 26),
(527, 'Del Sol', 'Del Sol', '2019-09-27 09:27:51', '2019-09-27 09:27:51', 26),
(528, 'Element', 'Element', '2019-09-27 09:27:51', '2019-09-27 09:27:51', 26),
(529, 'Fit', 'Fit', '2019-09-27 09:27:51', '2019-09-27 09:27:51', 26),
(530, 'Insight', 'Insight', '2019-09-27 09:27:51', '2019-09-27 09:27:51', 26),
(531, 'Odyssey', 'Odyssey', '2019-09-27 09:27:51', '2019-09-27 09:27:51', 26),
(532, 'Passport', 'Passport', '2019-09-27 09:27:51', '2019-09-27 09:27:51', 26),
(533, 'Pilot', 'Pilot', '2019-09-27 09:27:51', '2019-09-27 09:27:51', 26),
(534, 'Prelude', 'Prelude', '2019-09-27 09:27:51', '2019-09-27 09:27:51', 26),
(535, 'Ridgeline', 'Ridgeline', '2019-09-27 09:27:51', '2019-09-27 09:27:51', 26),
(536, 'S2000', 'S2000', '2019-09-27 09:27:51', '2019-09-27 09:27:51', 26),
(538, 'H1', 'H1', '2019-09-27 09:27:51', '2019-09-27 09:27:51', 27),
(539, 'H2', 'H2', '2019-09-27 09:27:51', '2019-09-27 09:27:51', 27),
(540, 'H3', 'H3', '2019-09-27 09:27:51', '2019-09-27 09:27:51', 27),
(541, 'H3T', 'H3T', '2019-09-27 09:27:51', '2019-09-27 09:27:51', 27),
(543, 'Accent', 'Accent', '2019-09-27 09:27:51', '2019-09-27 09:27:51', 28),
(544, 'Azera', 'Azera', '2019-09-27 09:27:51', '2019-09-27 09:27:51', 28),
(545, 'Elantra', 'Elantra', '2019-09-27 09:27:51', '2019-09-27 09:27:51', 28),
(546, 'Elantra Coupe', 'Elantra Coupe', '2019-09-27 09:27:51', '2019-09-27 09:27:51', 28),
(547, 'Elantra Touring', 'Elantra Touring', '2019-09-27 09:27:51', '2019-09-27 09:27:51', 28),
(548, 'Entourage', 'Entourage', '2019-09-27 09:27:51', '2019-09-27 09:27:51', 28),
(549, 'Equus', 'Equus', '2019-09-27 09:27:51', '2019-09-27 09:27:51', 28),
(550, 'Excel', 'Excel', '2019-09-27 09:27:51', '2019-09-27 09:27:51', 28),
(551, 'Genesis', 'Genesis', '2019-09-27 09:27:51', '2019-09-27 09:27:51', 28),
(552, 'Genesis Coupe', 'Genesis Coupe', '2019-09-27 09:27:51', '2019-09-27 09:27:51', 28),
(553, 'Santa Fe', 'Santa Fe', '2019-09-27 09:27:51', '2019-09-27 09:27:51', 28),
(554, 'Scoupe', 'Scoupe', '2019-09-27 09:27:51', '2019-09-27 09:27:51', 28),
(555, 'Sonata', 'Sonata', '2019-09-27 09:27:51', '2019-09-27 09:27:51', 28),
(556, 'Tiburon', 'Tiburon', '2019-09-27 09:27:51', '2019-09-27 09:27:51', 28),
(557, 'Tucson', 'Tucson', '2019-09-27 09:27:51', '2019-09-27 09:27:51', 28),
(558, 'Veloster', 'Veloster', '2019-09-27 09:27:51', '2019-09-27 09:27:51', 28),
(559, 'Veracruz', 'Veracruz', '2019-09-27 09:27:51', '2019-09-27 09:27:51', 28),
(560, 'XG300', 'XG300', '2019-09-27 09:27:51', '2019-09-27 09:27:51', 28),
(561, 'XG350', 'XG350', '2019-09-27 09:27:51', '2019-09-27 09:27:51', 28),
(563, 'EX Models (2)', 'EX Models (2)', '2019-09-27 09:27:51', '2019-09-27 09:27:51', 29),
(566, 'FX Models (4)', 'FX Models (4)', '2019-09-27 09:27:51', '2019-09-27 09:27:51', 29),
(571, 'G Models (4)', 'G Models (4)', '2019-09-27 09:27:51', '2019-09-27 09:27:51', 29),
(576, 'I Models (2)', 'I Models (2)', '2019-09-27 09:27:51', '2019-09-27 09:27:51', 29),
(579, 'J Models (1)', 'J Models (1)', '2019-09-27 09:27:51', '2019-09-27 09:27:51', 29),
(581, 'JX Models (1)', 'JX Models (1)', '2019-09-27 09:27:51', '2019-09-27 09:27:51', 29),
(583, 'M Models (6)', 'M Models (6)', '2019-09-27 09:27:51', '2019-09-27 09:27:51', 29),
(590, 'Q Models (1)', 'Q Models (1)', '2019-09-27 09:27:51', '2019-09-27 09:27:51', 29),
(592, 'QX Models (2)', 'QX Models (2)', '2019-09-27 09:27:51', '2019-09-27 09:27:51', 29),
(596, 'Amigo', 'Amigo', '2019-09-27 09:27:51', '2019-09-27 09:27:51', 30),
(597, 'Ascender', 'Ascender', '2019-09-27 09:27:51', '2019-09-27 09:27:51', 30),
(598, 'Axiom', 'Axiom', '2019-09-27 09:27:51', '2019-09-27 09:27:51', 30),
(599, 'Hombre', 'Hombre', '2019-09-27 09:27:51', '2019-09-27 09:27:51', 30),
(600, 'i-280', 'i-280', '2019-09-27 09:27:51', '2019-09-27 09:27:51', 30),
(601, 'i-290', 'i-290', '2019-09-27 09:27:51', '2019-09-27 09:27:51', 30),
(602, 'i-350', 'i-350', '2019-09-27 09:27:51', '2019-09-27 09:27:51', 30),
(603, 'i-370', 'i-370', '2019-09-27 09:27:51', '2019-09-27 09:27:51', 30),
(604, 'I-Mark', 'I-Mark', '2019-09-27 09:27:51', '2019-09-27 09:27:51', 30),
(605, 'Impulse', 'Impulse', '2019-09-27 09:27:51', '2019-09-27 09:27:51', 30),
(606, 'Oasis', 'Oasis', '2019-09-27 09:27:51', '2019-09-27 09:27:51', 30),
(607, 'Pickup', 'Pickup', '2019-09-27 09:27:51', '2019-09-27 09:27:51', 30),
(608, 'Rodeo', 'Rodeo', '2019-09-27 09:27:51', '2019-09-27 09:27:51', 30),
(609, 'Stylus', 'Stylus', '2019-09-27 09:27:51', '2019-09-27 09:27:51', 30),
(610, 'Trooper', 'Trooper', '2019-09-27 09:27:51', '2019-09-27 09:27:51', 30),
(611, 'Trooper II', 'Trooper II', '2019-09-27 09:27:51', '2019-09-27 09:27:51', 30),
(612, 'VehiCROSS', 'VehiCROSS', '2019-09-27 09:27:51', '2019-09-27 09:27:51', 30),
(614, 'S-Type', 'S-Type', '2019-09-27 09:27:51', '2019-09-27 09:27:51', 31),
(615, 'X-Type', 'X-Type', '2019-09-27 09:27:51', '2019-09-27 09:27:51', 31),
(616, 'XF', 'XF', '2019-09-27 09:27:51', '2019-09-27 09:27:51', 31),
(617, 'XJ Series (10)', 'XJ Series (10)', '2019-09-27 09:27:51', '2019-09-27 09:27:51', 31),
(628, 'XK Series (3)', 'XK Series (3)', '2019-09-27 09:27:51', '2019-09-27 09:27:51', 31),
(633, 'Cherokee', 'Cherokee', '2019-09-27 09:27:51', '2019-09-27 09:27:51', 32),
(634, 'CJ', 'CJ', '2019-09-27 09:27:51', '2019-09-27 09:27:51', 32),
(635, 'Comanche', 'Comanche', '2019-09-27 09:27:51', '2019-09-27 09:27:51', 32),
(636, 'Commander', 'Commander', '2019-09-27 09:27:51', '2019-09-27 09:27:51', 32),
(637, 'Compass', 'Compass', '2019-09-27 09:27:51', '2019-09-27 09:27:51', 32),
(638, 'Grand Cherokee', 'Grand Cherokee', '2019-09-27 09:27:51', '2019-09-27 09:27:51', 32),
(639, 'Grand Wagoneer', 'Grand Wagoneer', '2019-09-27 09:27:51', '2019-09-27 09:27:51', 32),
(640, 'Liberty', 'Liberty', '2019-09-27 09:27:51', '2019-09-27 09:27:51', 32),
(641, 'Patriot', 'Patriot', '2019-09-27 09:27:51', '2019-09-27 09:27:51', 32),
(642, 'Pickup', 'Pickup', '2019-09-27 09:27:51', '2019-09-27 09:27:51', 32),
(643, 'Scrambler', 'Scrambler', '2019-09-27 09:27:51', '2019-09-27 09:27:51', 32),
(644, 'Wagoneer', 'Wagoneer', '2019-09-27 09:27:51', '2019-09-27 09:27:51', 32),
(645, 'Wrangler', 'Wrangler', '2019-09-27 09:27:51', '2019-09-27 09:27:51', 32),
(647, 'Amanti', 'Amanti', '2019-09-27 09:27:51', '2019-09-27 09:27:51', 33),
(648, 'Borrego', 'Borrego', '2019-09-27 09:27:51', '2019-09-27 09:27:51', 33),
(649, 'Forte', 'Forte', '2019-09-27 09:27:51', '2019-09-27 09:27:51', 33),
(650, 'Forte Koup', 'Forte Koup', '2019-09-27 09:27:51', '2019-09-27 09:27:51', 33),
(651, 'Optima', 'Optima', '2019-09-27 09:27:51', '2019-09-27 09:27:51', 33),
(652, 'Rio', 'Rio', '2019-09-27 09:27:51', '2019-09-27 09:27:51', 33),
(653, 'Rio5', 'Rio5', '2019-09-27 09:27:51', '2019-09-27 09:27:51', 33),
(654, 'Rondo', 'Rondo', '2019-09-27 09:27:51', '2019-09-27 09:27:51', 33),
(655, 'Sedona', 'Sedona', '2019-09-27 09:27:51', '2019-09-27 09:27:51', 33),
(656, 'Sephia', 'Sephia', '2019-09-27 09:27:51', '2019-09-27 09:27:51', 33),
(657, 'Sorento', 'Sorento', '2019-09-27 09:27:51', '2019-09-27 09:27:51', 33),
(658, 'Soul', 'Soul', '2019-09-27 09:27:51', '2019-09-27 09:27:51', 33),
(659, 'Spectra', 'Spectra', '2019-09-27 09:27:51', '2019-09-27 09:27:51', 33),
(660, 'Spectra5', 'Spectra5', '2019-09-27 09:27:51', '2019-09-27 09:27:51', 33),
(661, 'Sportage', 'Sportage', '2019-09-27 09:27:51', '2019-09-27 09:27:51', 33),
(663, 'Aventador', 'Aventador', '2019-09-27 09:27:51', '2019-09-27 09:27:51', 34),
(664, 'Countach', 'Countach', '2019-09-27 09:27:51', '2019-09-27 09:27:51', 34),
(665, 'Diablo', 'Diablo', '2019-09-27 09:27:51', '2019-09-27 09:27:51', 34),
(666, 'Gallardo', 'Gallardo', '2019-09-27 09:27:51', '2019-09-27 09:27:51', 34),
(667, 'Jalpa', 'Jalpa', '2019-09-27 09:27:51', '2019-09-27 09:27:51', 34),
(668, 'LM002', 'LM002', '2019-09-27 09:27:51', '2019-09-27 09:27:51', 34),
(669, 'Murcielago', 'Murcielago', '2019-09-27 09:27:51', '2019-09-27 09:27:51', 34),
(671, 'Beta', 'Beta', '2019-09-27 09:27:51', '2019-09-27 09:27:51', 35),
(672, 'Zagato', 'Zagato', '2019-09-27 09:27:51', '2019-09-27 09:27:51', 35),
(674, 'Defender', 'Defender', '2019-09-27 09:27:51', '2019-09-27 09:27:51', 36),
(675, 'Discovery', 'Discovery', '2019-09-27 09:27:51', '2019-09-27 09:27:51', 36),
(676, 'Freelander', 'Freelander', '2019-09-27 09:27:51', '2019-09-27 09:27:51', 36),
(677, 'LR2', 'LR2', '2019-09-27 09:27:51', '2019-09-27 09:27:51', 36),
(678, 'LR3', 'LR3', '2019-09-27 09:27:51', '2019-09-27 09:27:51', 36),
(679, 'LR4', 'LR4', '2019-09-27 09:27:51', '2019-09-27 09:27:51', 36),
(680, 'Range Rover', 'Range Rover', '2019-09-27 09:27:51', '2019-09-27 09:27:51', 36),
(681, 'Range Rover Evoque', 'Range Rover Evoque', '2019-09-27 09:27:51', '2019-09-27 09:27:51', 36),
(682, 'Range Rover Sport', 'Range Rover Sport', '2019-09-27 09:27:51', '2019-09-27 09:27:51', 36),
(684, 'CT Models (1)', 'CT Models (1)', '2019-09-27 09:27:51', '2019-09-27 09:27:51', 37),
(686, 'ES Models (5)', 'ES Models (5)', '2019-09-27 09:27:51', '2019-09-27 09:27:51', 37),
(692, 'GS Models (6)', 'GS Models (6)', '2019-09-27 09:27:51', '2019-09-27 09:27:51', 37),
(699, 'GX Models (2)', 'GX Models (2)', '2019-09-27 09:27:51', '2019-09-27 09:27:51', 37),
(702, 'HS Models (1)', 'HS Models (1)', '2019-09-27 09:27:51', '2019-09-27 09:27:51', 37),
(704, 'IS Models (6)', 'IS Models (6)', '2019-09-27 09:27:51', '2019-09-27 09:27:51', 37),
(711, 'LFA', 'LFA', '2019-09-27 09:27:51', '2019-09-27 09:27:51', 37),
(712, 'LS Models (4)', 'LS Models (4)', '2019-09-27 09:27:51', '2019-09-27 09:27:51', 37),
(717, 'LX Models (3)', 'LX Models (3)', '2019-09-27 09:27:51', '2019-09-27 09:27:51', 37),
(721, 'RX Models (5)', 'RX Models (5)', '2019-09-27 09:27:51', '2019-09-27 09:27:51', 37),
(727, 'SC Models (3)', 'SC Models (3)', '2019-09-27 09:27:51', '2019-09-27 09:27:51', 37),
(732, 'Aviator', 'Aviator', '2019-09-27 09:27:51', '2019-09-27 09:27:51', 38),
(733, 'Blackwood', 'Blackwood', '2019-09-27 09:27:51', '2019-09-27 09:27:51', 38),
(734, 'Continental', 'Continental', '2019-09-27 09:27:51', '2019-09-27 09:27:51', 38),
(735, 'LS', 'LS', '2019-09-27 09:27:51', '2019-09-27 09:27:51', 38),
(736, 'Mark LT', 'Mark LT', '2019-09-27 09:27:51', '2019-09-27 09:27:51', 38),
(737, 'Mark VI', 'Mark VI', '2019-09-27 09:27:51', '2019-09-27 09:27:51', 38),
(738, 'Mark VII', 'Mark VII', '2019-09-27 09:27:51', '2019-09-27 09:27:51', 38),
(739, 'Mark VIII', 'Mark VIII', '2019-09-27 09:27:51', '2019-09-27 09:27:51', 38),
(740, 'MKS', 'MKS', '2019-09-27 09:27:51', '2019-09-27 09:27:51', 38),
(741, 'MKT', 'MKT', '2019-09-27 09:27:51', '2019-09-27 09:27:51', 38),
(742, 'MKX', 'MKX', '2019-09-27 09:27:51', '2019-09-27 09:27:51', 38),
(743, 'MKZ', 'MKZ', '2019-09-27 09:27:51', '2019-09-27 09:27:51', 38),
(744, 'Navigator', 'Navigator', '2019-09-27 09:27:51', '2019-09-27 09:27:51', 38),
(745, 'Navigator L', 'Navigator L', '2019-09-27 09:27:51', '2019-09-27 09:27:51', 38),
(746, 'Town Car', 'Town Car', '2019-09-27 09:27:51', '2019-09-27 09:27:51', 38),
(747, 'Zephyr', 'Zephyr', '2019-09-27 09:27:51', '2019-09-27 09:27:51', 38),
(749, 'Elan', 'Elan', '2019-09-27 09:27:51', '2019-09-27 09:27:51', 39),
(750, 'Elise', 'Elise', '2019-09-27 09:27:51', '2019-09-27 09:27:51', 39),
(751, 'Esprit', 'Esprit', '2019-09-27 09:27:51', '2019-09-27 09:27:51', 39),
(752, 'Evora', 'Evora', '2019-09-27 09:27:51', '2019-09-27 09:27:51', 39),
(753, 'Exige', 'Exige', '2019-09-27 09:27:51', '2019-09-27 09:27:51', 39),
(755, '430', '430', '2019-09-27 09:27:51', '2019-09-27 09:27:51', 40),
(756, 'Biturbo', 'Biturbo', '2019-09-27 09:27:51', '2019-09-27 09:27:51', 40),
(757, 'Coupe', 'Coupe', '2019-09-27 09:27:51', '2019-09-27 09:27:51', 40),
(758, 'GranSport', 'GranSport', '2019-09-27 09:27:51', '2019-09-27 09:27:51', 40),
(759, 'GranTurismo', 'GranTurismo', '2019-09-27 09:27:51', '2019-09-27 09:27:51', 40),
(760, 'Quattroporte', 'Quattroporte', '2019-09-27 09:27:51', '2019-09-27 09:27:51', 40),
(761, 'Spyder', 'Spyder', '2019-09-27 09:27:51', '2019-09-27 09:27:51', 40),
(763, '57', '57', '2019-09-27 09:27:51', '2019-09-27 09:27:51', 41),
(764, '62', '62', '2019-09-27 09:27:51', '2019-09-27 09:27:51', 41),
(766, '323', '323', '2019-09-27 09:27:51', '2019-09-27 09:27:51', 42),
(767, '626', '626', '2019-09-27 09:27:51', '2019-09-27 09:27:51', 42),
(768, '929', '929', '2019-09-27 09:27:51', '2019-09-27 09:27:51', 42),
(769, 'B-Series Pickup', 'B-Series Pickup', '2019-09-27 09:27:51', '2019-09-27 09:27:51', 42),
(770, 'CX-5', 'CX-5', '2019-09-27 09:27:51', '2019-09-27 09:27:51', 42),
(771, 'CX-7', 'CX-7', '2019-09-27 09:27:51', '2019-09-27 09:27:51', 42),
(772, 'CX-9', 'CX-9', '2019-09-27 09:27:51', '2019-09-27 09:27:51', 42),
(773, 'GLC', 'GLC', '2019-09-27 09:27:51', '2019-09-27 09:27:51', 42),
(774, 'MAZDA2', 'MAZDA2', '2019-09-27 09:27:51', '2019-09-27 09:27:51', 42),
(775, 'MAZDA3', 'MAZDA3', '2019-09-27 09:27:51', '2019-09-27 09:27:51', 42),
(776, 'MAZDA5', 'MAZDA5', '2019-09-27 09:27:51', '2019-09-27 09:27:51', 42),
(777, 'MAZDA6', 'MAZDA6', '2019-09-27 09:27:51', '2019-09-27 09:27:51', 42),
(778, 'MAZDASPEED3', 'MAZDASPEED3', '2019-09-27 09:27:51', '2019-09-27 09:27:51', 42),
(779, 'MAZDASPEED6', 'MAZDASPEED6', '2019-09-27 09:27:51', '2019-09-27 09:27:51', 42),
(780, 'Miata MX5', 'Miata MX5', '2019-09-27 09:27:51', '2019-09-27 09:27:51', 42),
(781, 'Millenia', 'Millenia', '2019-09-27 09:27:51', '2019-09-27 09:27:51', 42),
(782, 'MPV', 'MPV', '2019-09-27 09:27:51', '2019-09-27 09:27:51', 42),
(783, 'MX3', 'MX3', '2019-09-27 09:27:51', '2019-09-27 09:27:51', 42),
(784, 'MX6', 'MX6', '2019-09-27 09:27:51', '2019-09-27 09:27:51', 42),
(785, 'Navajo', 'Navajo', '2019-09-27 09:27:51', '2019-09-27 09:27:51', 42),
(786, 'Protege', 'Protege', '2019-09-27 09:27:51', '2019-09-27 09:27:51', 42),
(787, 'Protege5', 'Protege5', '2019-09-27 09:27:51', '2019-09-27 09:27:51', 42),
(788, 'RX-7', 'RX-7', '2019-09-27 09:27:51', '2019-09-27 09:27:51', 42),
(789, 'RX-8', 'RX-8', '2019-09-27 09:27:51', '2019-09-27 09:27:51', 42),
(790, 'Tribute', 'Tribute', '2019-09-27 09:27:51', '2019-09-27 09:27:51', 42),
(792, 'MP4-12C', 'MP4-12C', '2019-09-27 09:27:51', '2019-09-27 09:27:51', 43),
(793, '190 Class (2)', '190 Class (2)', '2019-09-27 09:27:51', '2019-09-27 09:27:51', 44),
(796, '240 Class (1)', '240 Class (1)', '2019-09-27 09:27:51', '2019-09-27 09:27:51', 44),
(798, '300 Class / E Class (6)', '300 Class / E Class (6)', '2019-09-27 09:27:51', '2019-09-27 09:27:51', 44),
(805, 'C Class (13)', 'C Class (13)', '2019-09-27 09:27:51', '2019-09-27 09:27:51', 44),
(819, 'CL Class (6)', 'CL Class (6)', '2019-09-27 09:27:51', '2019-09-27 09:27:51', 44),
(826, 'CLK Class (7)', 'CLK Class (7)', '2019-09-27 09:27:51', '2019-09-27 09:27:51', 44),
(834, 'CLS Class (4)', 'CLS Class (4)', '2019-09-27 09:27:51', '2019-09-27 09:27:51', 44),
(839, 'E Class (18)', 'E Class (18)', '2019-09-27 09:27:51', '2019-09-27 09:27:51', 44),
(858, 'G Class (4)', 'G Class (4)', '2019-09-27 09:27:51', '2019-09-27 09:27:51', 44),
(863, 'GL Class (5)', 'GL Class (5)', '2019-09-27 09:27:51', '2019-09-27 09:27:51', 44),
(869, 'GLK Class (1)', 'GLK Class (1)', '2019-09-27 09:27:51', '2019-09-27 09:27:51', 44),
(871, 'M Class (11)', 'M Class (11)', '2019-09-27 09:27:51', '2019-09-27 09:27:51', 44),
(883, 'R Class (6)', 'R Class (6)', '2019-09-27 09:27:51', '2019-09-27 09:27:51', 44),
(890, 'S Class (30)', 'S Class (30)', '2019-09-27 09:27:51', '2019-09-27 09:27:51', 44),
(921, 'SL Class (13)', 'SL Class (13)', '2019-09-27 09:27:51', '2019-09-27 09:27:51', 44),
(935, 'SLK Class (8)', 'SLK Class (8)', '2019-09-27 09:27:51', '2019-09-27 09:27:51', 44),
(944, 'SLR Class (1)', 'SLR Class (1)', '2019-09-27 09:27:51', '2019-09-27 09:27:51', 44),
(946, 'SLS Class (1)', 'SLS Class (1)', '2019-09-27 09:27:51', '2019-09-27 09:27:51', 44),
(948, 'Sprinter Class (1)', 'Sprinter Class (1)', '2019-09-27 09:27:51', '2019-09-27 09:27:51', 44),
(951, 'Capri', 'Capri', '2019-09-27 09:27:51', '2019-09-27 09:27:51', 45),
(952, 'Cougar', 'Cougar', '2019-09-27 09:27:51', '2019-09-27 09:27:51', 45),
(953, 'Grand Marquis', 'Grand Marquis', '2019-09-27 09:27:51', '2019-09-27 09:27:51', 45),
(954, 'Lynx', 'Lynx', '2019-09-27 09:27:51', '2019-09-27 09:27:51', 45),
(955, 'Marauder', 'Marauder', '2019-09-27 09:27:51', '2019-09-27 09:27:51', 45),
(956, 'Mariner', 'Mariner', '2019-09-27 09:27:51', '2019-09-27 09:27:51', 45),
(957, 'Marquis', 'Marquis', '2019-09-27 09:27:51', '2019-09-27 09:27:51', 45),
(958, 'Milan', 'Milan', '2019-09-27 09:27:51', '2019-09-27 09:27:51', 45),
(959, 'Montego', 'Montego', '2019-09-27 09:27:51', '2019-09-27 09:27:51', 45),
(960, 'Monterey', 'Monterey', '2019-09-27 09:27:51', '2019-09-27 09:27:51', 45),
(961, 'Mountaineer', 'Mountaineer', '2019-09-27 09:27:51', '2019-09-27 09:27:51', 45),
(962, 'Mystique', 'Mystique', '2019-09-27 09:27:51', '2019-09-27 09:27:51', 45),
(963, 'Sable', 'Sable', '2019-09-27 09:27:51', '2019-09-27 09:27:51', 45),
(964, 'Topaz', 'Topaz', '2019-09-27 09:27:51', '2019-09-27 09:27:51', 45),
(965, 'Tracer', 'Tracer', '2019-09-27 09:27:51', '2019-09-27 09:27:51', 45),
(966, 'Villager', 'Villager', '2019-09-27 09:27:51', '2019-09-27 09:27:51', 45),
(967, 'Zephyr', 'Zephyr', '2019-09-27 09:27:51', '2019-09-27 09:27:51', 45),
(969, 'Scorpio', 'Scorpio', '2019-09-27 09:27:51', '2019-09-27 09:27:51', 46),
(970, 'XR4Ti', 'XR4Ti', '2019-09-27 09:27:51', '2019-09-27 09:27:51', 46),
(972, 'Cooper Clubman Models (2)', 'Cooper Clubman Models (2)', '2019-09-27 09:27:51', '2019-09-27 09:27:51', 47),
(975, 'Cooper Countryman Models (2)', 'Cooper Countryman Models (2)', '2019-09-27 09:27:51', '2019-09-27 09:27:51', 47),
(978, 'Cooper Coupe Models (2)', 'Cooper Coupe Models (2)', '2019-09-27 09:27:51', '2019-09-27 09:27:51', 47),
(981, 'Cooper Models (2)', 'Cooper Models (2)', '2019-09-27 09:27:51', '2019-09-27 09:27:51', 47),
(984, 'Cooper Roadster Models (2)', 'Cooper Roadster Models (2)', '2019-09-27 09:27:51', '2019-09-27 09:27:51', 47),
(987, '3000GT', '3000GT', '2019-09-27 09:27:51', '2019-09-27 09:27:51', 48),
(988, 'Cordia', 'Cordia', '2019-09-27 09:27:51', '2019-09-27 09:27:51', 48),
(989, 'Diamante', 'Diamante', '2019-09-27 09:27:51', '2019-09-27 09:27:51', 48),
(990, 'Eclipse', 'Eclipse', '2019-09-27 09:27:51', '2019-09-27 09:27:51', 48),
(991, 'Endeavor', 'Endeavor', '2019-09-27 09:27:51', '2019-09-27 09:27:51', 48),
(992, 'Expo', 'Expo', '2019-09-27 09:27:51', '2019-09-27 09:27:51', 48),
(993, 'Galant', 'Galant', '2019-09-27 09:27:51', '2019-09-27 09:27:51', 48),
(994, 'i', 'i', '2019-09-27 09:27:51', '2019-09-27 09:27:51', 48),
(995, 'Lancer', 'Lancer', '2019-09-27 09:27:51', '2019-09-27 09:27:51', 48),
(996, 'Lancer Evolution', 'Lancer Evolution', '2019-09-27 09:27:51', '2019-09-27 09:27:51', 48),
(997, 'Mighty Max', 'Mighty Max', '2019-09-27 09:27:51', '2019-09-27 09:27:51', 48),
(998, 'Mirage', 'Mirage', '2019-09-27 09:27:51', '2019-09-27 09:27:51', 48),
(999, 'Montero', 'Montero', '2019-09-27 09:27:51', '2019-09-27 09:27:51', 48),
(1000, 'Montero Sport', 'Montero Sport', '2019-09-27 09:27:51', '2019-09-27 09:27:51', 48),
(1001, 'Outlander', 'Outlander', '2019-09-27 09:27:51', '2019-09-27 09:27:51', 48),
(1002, 'Outlander Sport', 'Outlander Sport', '2019-09-27 09:27:51', '2019-09-27 09:27:51', 48),
(1003, 'Precis', 'Precis', '2019-09-27 09:27:51', '2019-09-27 09:27:51', 48),
(1004, 'Raider', 'Raider', '2019-09-27 09:27:51', '2019-09-27 09:27:51', 48),
(1005, 'Sigma', 'Sigma', '2019-09-27 09:27:51', '2019-09-27 09:27:51', 48),
(1006, 'Starion', 'Starion', '2019-09-27 09:27:51', '2019-09-27 09:27:51', 48),
(1007, 'Tredia', 'Tredia', '2019-09-27 09:27:51', '2019-09-27 09:27:51', 48),
(1008, 'Van', 'Van', '2019-09-27 09:27:51', '2019-09-27 09:27:51', 48),
(1010, '200SX', '200SX', '2019-09-27 09:27:51', '2019-09-27 09:27:51', 49),
(1011, '240SX', '240SX', '2019-09-27 09:27:51', '2019-09-27 09:27:51', 49),
(1012, '300ZX', '300ZX', '2019-09-27 09:27:51', '2019-09-27 09:27:51', 49),
(1013, '350Z', '350Z', '2019-09-27 09:27:51', '2019-09-27 09:27:51', 49),
(1014, '370Z', '370Z', '2019-09-27 09:27:51', '2019-09-27 09:27:51', 49),
(1015, 'Altima', 'Altima', '2019-09-27 09:27:51', '2019-09-27 09:27:51', 49),
(1016, 'Armada', 'Armada', '2019-09-27 09:27:51', '2019-09-27 09:27:51', 49),
(1017, 'Axxess', 'Axxess', '2019-09-27 09:27:51', '2019-09-27 09:27:51', 49),
(1018, 'Cube', 'Cube', '2019-09-27 09:27:51', '2019-09-27 09:27:51', 49),
(1019, 'Frontier', 'Frontier', '2019-09-27 09:27:51', '2019-09-27 09:27:51', 49),
(1020, 'GT-R', 'GT-R', '2019-09-27 09:27:51', '2019-09-27 09:27:51', 49),
(1021, 'Juke', 'Juke', '2019-09-27 09:27:51', '2019-09-27 09:27:51', 49),
(1022, 'Leaf', 'Leaf', '2019-09-27 09:27:51', '2019-09-27 09:27:51', 49),
(1023, 'Maxima', 'Maxima', '2019-09-27 09:27:51', '2019-09-27 09:27:51', 49),
(1024, 'Murano', 'Murano', '2019-09-27 09:27:51', '2019-09-27 09:27:51', 49),
(1025, 'Murano CrossCabriolet', 'Murano CrossCabriolet', '2019-09-27 09:27:51', '2019-09-27 09:27:51', 49),
(1026, 'NV', 'NV', '2019-09-27 09:27:51', '2019-09-27 09:27:51', 49),
(1027, 'NX', 'NX', '2019-09-27 09:27:51', '2019-09-27 09:27:51', 49),
(1028, 'Pathfinder', 'Pathfinder', '2019-09-27 09:27:51', '2019-09-27 09:27:51', 49),
(1029, 'Pickup', 'Pickup', '2019-09-27 09:27:51', '2019-09-27 09:27:51', 49),
(1030, 'Pulsar', 'Pulsar', '2019-09-27 09:27:51', '2019-09-27 09:27:51', 49),
(1031, 'Quest', 'Quest', '2019-09-27 09:27:51', '2019-09-27 09:27:51', 49),
(1032, 'Rogue', 'Rogue', '2019-09-27 09:27:51', '2019-09-27 09:27:51', 49),
(1033, 'Sentra', 'Sentra', '2019-09-27 09:27:51', '2019-09-27 09:27:51', 49),
(1034, 'Stanza', 'Stanza', '2019-09-27 09:27:51', '2019-09-27 09:27:51', 49),
(1035, 'Titan', 'Titan', '2019-09-27 09:27:51', '2019-09-27 09:27:51', 49),
(1036, 'Van', 'Van', '2019-09-27 09:27:51', '2019-09-27 09:27:51', 49),
(1037, 'Versa', 'Versa', '2019-09-27 09:27:51', '2019-09-27 09:27:51', 49),
(1038, 'Xterra', 'Xterra', '2019-09-27 09:27:51', '2019-09-27 09:27:51', 49),
(1040, '88', '88', '2019-09-27 09:27:51', '2019-09-27 09:27:51', 50),
(1041, 'Achieva', 'Achieva', '2019-09-27 09:27:51', '2019-09-27 09:27:51', 50),
(1042, 'Alero', 'Alero', '2019-09-27 09:27:51', '2019-09-27 09:27:51', 50),
(1043, 'Aurora', 'Aurora', '2019-09-27 09:27:51', '2019-09-27 09:27:51', 50),
(1044, 'Bravada', 'Bravada', '2019-09-27 09:27:51', '2019-09-27 09:27:51', 50),
(1045, 'Custom Cruiser', 'Custom Cruiser', '2019-09-27 09:27:51', '2019-09-27 09:27:51', 50),
(1046, 'Cutlass', 'Cutlass', '2019-09-27 09:27:51', '2019-09-27 09:27:51', 50),
(1047, 'Cutlass Calais', 'Cutlass Calais', '2019-09-27 09:27:51', '2019-09-27 09:27:51', 50),
(1048, 'Cutlass Ciera', 'Cutlass Ciera', '2019-09-27 09:27:51', '2019-09-27 09:27:51', 50),
(1049, 'Cutlass Supreme', 'Cutlass Supreme', '2019-09-27 09:27:51', '2019-09-27 09:27:51', 50),
(1050, 'Firenza', 'Firenza', '2019-09-27 09:27:51', '2019-09-27 09:27:51', 50),
(1051, 'Intrigue', 'Intrigue', '2019-09-27 09:27:51', '2019-09-27 09:27:51', 50),
(1052, 'Ninety-Eight', 'Ninety-Eight', '2019-09-27 09:27:51', '2019-09-27 09:27:51', 50),
(1053, 'Omega', 'Omega', '2019-09-27 09:27:51', '2019-09-27 09:27:51', 50),
(1054, 'Regency', 'Regency', '2019-09-27 09:27:51', '2019-09-27 09:27:51', 50),
(1055, 'Silhouette', 'Silhouette', '2019-09-27 09:27:51', '2019-09-27 09:27:51', 50),
(1056, 'Toronado', 'Toronado', '2019-09-27 09:27:51', '2019-09-27 09:27:51', 50),
(1058, '405', '405', '2019-09-27 09:27:51', '2019-09-27 09:27:51', 51),
(1059, '504', '504', '2019-09-27 09:27:51', '2019-09-27 09:27:51', 51),
(1060, '505', '505', '2019-09-27 09:27:51', '2019-09-27 09:27:51', 51),
(1061, '604', '604', '2019-09-27 09:27:51', '2019-09-27 09:27:51', 51),
(1063, 'Acclaim', 'Acclaim', '2019-09-27 09:27:51', '2019-09-27 09:27:51', 52),
(1064, 'Arrow', 'Arrow', '2019-09-27 09:27:51', '2019-09-27 09:27:51', 52),
(1065, 'Breeze', 'Breeze', '2019-09-27 09:27:51', '2019-09-27 09:27:51', 52),
(1066, 'Caravelle', 'Caravelle', '2019-09-27 09:27:51', '2019-09-27 09:27:51', 52),
(1067, 'Champ', 'Champ', '2019-09-27 09:27:51', '2019-09-27 09:27:51', 52),
(1068, 'Colt', 'Colt', '2019-09-27 09:27:51', '2019-09-27 09:27:51', 52),
(1069, 'Conquest', 'Conquest', '2019-09-27 09:27:51', '2019-09-27 09:27:51', 52),
(1070, 'Gran Fury', 'Gran Fury', '2019-09-27 09:27:51', '2019-09-27 09:27:51', 52),
(1071, 'Grand Voyager', 'Grand Voyager', '2019-09-27 09:27:51', '2019-09-27 09:27:51', 52),
(1072, 'Horizon', 'Horizon', '2019-09-27 09:27:51', '2019-09-27 09:27:51', 52),
(1073, 'Laser', 'Laser', '2019-09-27 09:27:51', '2019-09-27 09:27:51', 52),
(1074, 'Neon', 'Neon', '2019-09-27 09:27:51', '2019-09-27 09:27:51', 52),
(1075, 'Prowler', 'Prowler', '2019-09-27 09:27:51', '2019-09-27 09:27:51', 52),
(1076, 'Reliant', 'Reliant', '2019-09-27 09:27:51', '2019-09-27 09:27:51', 52),
(1077, 'Sapporo', 'Sapporo', '2019-09-27 09:27:51', '2019-09-27 09:27:51', 52),
(1078, 'Scamp', 'Scamp', '2019-09-27 09:27:51', '2019-09-27 09:27:51', 52),
(1079, 'Sundance', 'Sundance', '2019-09-27 09:27:51', '2019-09-27 09:27:51', 52),
(1080, 'Trailduster', 'Trailduster', '2019-09-27 09:27:51', '2019-09-27 09:27:51', 52),
(1081, 'Voyager', 'Voyager', '2019-09-27 09:27:51', '2019-09-27 09:27:51', 52),
(1083, '1000', '1000', '2019-09-27 09:27:51', '2019-09-27 09:27:51', 53),
(1084, '6000', '6000', '2019-09-27 09:27:51', '2019-09-27 09:27:51', 53),
(1085, 'Aztek', 'Aztek', '2019-09-27 09:27:51', '2019-09-27 09:27:51', 53),
(1086, 'Bonneville', 'Bonneville', '2019-09-27 09:27:51', '2019-09-27 09:27:51', 53),
(1087, 'Catalina', 'Catalina', '2019-09-27 09:27:51', '2019-09-27 09:27:51', 53),
(1088, 'Fiero', 'Fiero', '2019-09-27 09:27:51', '2019-09-27 09:27:51', 53),
(1089, 'Firebird', 'Firebird', '2019-09-27 09:27:51', '2019-09-27 09:27:51', 53),
(1090, 'G3', 'G3', '2019-09-27 09:27:51', '2019-09-27 09:27:51', 53),
(1091, 'G5', 'G5', '2019-09-27 09:27:51', '2019-09-27 09:27:51', 53),
(1092, 'G6', 'G6', '2019-09-27 09:27:51', '2019-09-27 09:27:51', 53),
(1093, 'G8', 'G8', '2019-09-27 09:27:51', '2019-09-27 09:27:51', 53),
(1094, 'Grand Am', 'Grand Am', '2019-09-27 09:27:51', '2019-09-27 09:27:51', 53),
(1095, 'Grand Prix', 'Grand Prix', '2019-09-27 09:27:51', '2019-09-27 09:27:51', 53),
(1096, 'GTO', 'GTO', '2019-09-27 09:27:51', '2019-09-27 09:27:51', 53),
(1097, 'J2000', 'J2000', '2019-09-27 09:27:51', '2019-09-27 09:27:51', 53),
(1098, 'Le Mans', 'Le Mans', '2019-09-27 09:27:51', '2019-09-27 09:27:51', 53),
(1099, 'Montana', 'Montana', '2019-09-27 09:27:51', '2019-09-27 09:27:51', 53),
(1100, 'Parisienne', 'Parisienne', '2019-09-27 09:27:51', '2019-09-27 09:27:51', 53),
(1101, 'Phoenix', 'Phoenix', '2019-09-27 09:27:51', '2019-09-27 09:27:51', 53),
(1102, 'Safari', 'Safari', '2019-09-27 09:27:51', '2019-09-27 09:27:51', 53),
(1103, 'Solstice', 'Solstice', '2019-09-27 09:27:51', '2019-09-27 09:27:51', 53),
(1104, 'Sunbird', 'Sunbird', '2019-09-27 09:27:51', '2019-09-27 09:27:51', 53),
(1105, 'Sunfire', 'Sunfire', '2019-09-27 09:27:51', '2019-09-27 09:27:51', 53),
(1106, 'Torrent', 'Torrent', '2019-09-27 09:27:51', '2019-09-27 09:27:51', 53),
(1107, 'Trans Sport', 'Trans Sport', '2019-09-27 09:27:51', '2019-09-27 09:27:51', 53),
(1108, 'Vibe', 'Vibe', '2019-09-27 09:27:51', '2019-09-27 09:27:51', 53),
(1110, '911', '911', '2019-09-27 09:27:51', '2019-09-27 09:27:51', 54),
(1111, '924', '924', '2019-09-27 09:27:51', '2019-09-27 09:27:51', 54),
(1112, '928', '928', '2019-09-27 09:27:51', '2019-09-27 09:27:51', 54),
(1113, '944', '944', '2019-09-27 09:27:51', '2019-09-27 09:27:51', 54),
(1114, '968', '968', '2019-09-27 09:27:51', '2019-09-27 09:27:51', 54),
(1115, 'Boxster', 'Boxster', '2019-09-27 09:27:51', '2019-09-27 09:27:51', 54),
(1116, 'Carrera GT', 'Carrera GT', '2019-09-27 09:27:51', '2019-09-27 09:27:51', 54),
(1117, 'Cayenne', 'Cayenne', '2019-09-27 09:27:51', '2019-09-27 09:27:51', 54),
(1118, 'Cayman', 'Cayman', '2019-09-27 09:27:51', '2019-09-27 09:27:51', 54),
(1119, 'Panamera', 'Panamera', '2019-09-27 09:27:51', '2019-09-27 09:27:51', 54),
(1121, '1500', '1500', '2019-09-27 09:27:51', '2019-09-27 09:27:51', 55),
(1122, '2500', '2500', '2019-09-27 09:27:51', '2019-09-27 09:27:51', 55),
(1123, '3500', '3500', '2019-09-27 09:27:51', '2019-09-27 09:27:51', 55),
(1124, '4500', '4500', '2019-09-27 09:27:51', '2019-09-27 09:27:51', 55),
(1125, '18i', '18i', '2019-09-27 09:27:51', '2019-09-27 09:27:51', 56),
(1126, 'Fuego', 'Fuego', '2019-09-27 09:27:51', '2019-09-27 09:27:51', 56),
(1127, 'Le Car', 'Le Car', '2019-09-27 09:27:51', '2019-09-27 09:27:51', 56),
(1128, 'R18', 'R18', '2019-09-27 09:27:51', '2019-09-27 09:27:51', 56),
(1129, 'Sportwagon', 'Sportwagon', '2019-09-27 09:27:51', '2019-09-27 09:27:51', 56),
(1131, 'Camargue', 'Camargue', '2019-09-27 09:27:51', '2019-09-27 09:27:51', 57),
(1132, 'Corniche', 'Corniche', '2019-09-27 09:27:51', '2019-09-27 09:27:51', 57),
(1133, 'Ghost', 'Ghost', '2019-09-27 09:27:51', '2019-09-27 09:27:51', 57),
(1134, 'Park Ward', 'Park Ward', '2019-09-27 09:27:51', '2019-09-27 09:27:51', 57),
(1135, 'Phantom', 'Phantom', '2019-09-27 09:27:51', '2019-09-27 09:27:51', 57),
(1136, 'Silver Dawn', 'Silver Dawn', '2019-09-27 09:27:51', '2019-09-27 09:27:51', 57),
(1137, 'Silver Seraph', 'Silver Seraph', '2019-09-27 09:27:51', '2019-09-27 09:27:51', 57),
(1138, 'Silver Spirit', 'Silver Spirit', '2019-09-27 09:27:51', '2019-09-27 09:27:51', 57),
(1139, 'Silver Spur', 'Silver Spur', '2019-09-27 09:27:51', '2019-09-27 09:27:51', 57),
(1141, '9-2X', '9-2X', '2019-09-27 09:27:51', '2019-09-27 09:27:51', 58),
(1142, '9-3', '9-3', '2019-09-27 09:27:51', '2019-09-27 09:27:51', 58),
(1143, '9-4X', '9-4X', '2019-09-27 09:27:51', '2019-09-27 09:27:51', 58),
(1144, '9-5', '9-5', '2019-09-27 09:27:51', '2019-09-27 09:27:51', 58),
(1145, '9-7X', '9-7X', '2019-09-27 09:27:51', '2019-09-27 09:27:51', 58),
(1146, '900', '900', '2019-09-27 09:27:51', '2019-09-27 09:27:51', 58),
(1147, '9000', '9000', '2019-09-27 09:27:51', '2019-09-27 09:27:51', 58),
(1149, 'Astra', 'Astra', '2019-09-27 09:27:51', '2019-09-27 09:27:51', 59),
(1150, 'Aura', 'Aura', '2019-09-27 09:27:51', '2019-09-27 09:27:51', 59),
(1151, 'ION', 'ION', '2019-09-27 09:27:51', '2019-09-27 09:27:51', 59),
(1152, 'L Series (3)', 'L Series (3)', '2019-09-27 09:27:51', '2019-09-27 09:27:51', 59),
(1156, 'LS', 'LS', '2019-09-27 09:27:51', '2019-09-27 09:27:51', 59),
(1157, 'LW Series (4)', 'LW Series (4)', '2019-09-27 09:27:51', '2019-09-27 09:27:51', 59),
(1162, 'Outlook', 'Outlook', '2019-09-27 09:27:51', '2019-09-27 09:27:51', 59),
(1163, 'Relay', 'Relay', '2019-09-27 09:27:51', '2019-09-27 09:27:51', 59),
(1164, 'SC Series (2)', 'SC Series (2)', '2019-09-27 09:27:51', '2019-09-27 09:27:51', 59),
(1167, 'Sky', 'Sky', '2019-09-27 09:27:51', '2019-09-27 09:27:51', 59),
(1168, 'SL Series (3)', 'SL Series (3)', '2019-09-27 09:27:51', '2019-09-27 09:27:51', 59),
(1172, 'SW Series (2)', 'SW Series (2)', '2019-09-27 09:27:51', '2019-09-27 09:27:51', 59),
(1175, 'Vue', 'Vue', '2019-09-27 09:27:51', '2019-09-27 09:27:51', 59),
(1177, 'FR-S', 'FR-S', '2019-09-27 09:27:51', '2019-09-27 09:27:51', 60),
(1178, 'iQ', 'iQ', '2019-09-27 09:27:51', '2019-09-27 09:27:51', 60),
(1179, 'tC', 'tC', '2019-09-27 09:27:51', '2019-09-27 09:27:51', 60),
(1180, 'xA', 'xA', '2019-09-27 09:27:51', '2019-09-27 09:27:51', 60),
(1181, 'xB', 'xB', '2019-09-27 09:27:51', '2019-09-27 09:27:51', 60),
(1182, 'xD', 'xD', '2019-09-27 09:27:51', '2019-09-27 09:27:51', 60),
(1183, 'fortwo', 'fortwo', '2019-09-27 09:27:51', '2019-09-27 09:27:51', 61),
(1185, 'Viper', 'Viper', '2019-09-27 09:27:51', '2019-09-27 09:27:51', 62),
(1186, '825', '825', '2019-09-27 09:27:51', '2019-09-27 09:27:51', 63),
(1187, '827', '827', '2019-09-27 09:27:51', '2019-09-27 09:27:51', 63),
(1189, 'Baja', 'Baja', '2019-09-27 09:27:51', '2019-09-27 09:27:51', 64),
(1190, 'Brat', 'Brat', '2019-09-27 09:27:51', '2019-09-27 09:27:51', 64),
(1191, 'BRZ', 'BRZ', '2019-09-27 09:27:51', '2019-09-27 09:27:51', 64),
(1192, 'Forester', 'Forester', '2019-09-27 09:27:51', '2019-09-27 09:27:51', 64),
(1193, 'Impreza', 'Impreza', '2019-09-27 09:27:51', '2019-09-27 09:27:51', 64),
(1194, 'Impreza WRX', 'Impreza WRX', '2019-09-27 09:27:51', '2019-09-27 09:27:51', 64),
(1195, 'Justy', 'Justy', '2019-09-27 09:27:51', '2019-09-27 09:27:51', 64),
(1196, 'L Series', 'L Series', '2019-09-27 09:27:51', '2019-09-27 09:27:51', 64),
(1197, 'Legacy', 'Legacy', '2019-09-27 09:27:51', '2019-09-27 09:27:51', 64),
(1198, 'Loyale', 'Loyale', '2019-09-27 09:27:51', '2019-09-27 09:27:51', 64),
(1199, 'Outback', 'Outback', '2019-09-27 09:27:51', '2019-09-27 09:27:51', 64),
(1200, 'SVX', 'SVX', '2019-09-27 09:27:51', '2019-09-27 09:27:51', 64),
(1201, 'Tribeca', 'Tribeca', '2019-09-27 09:27:51', '2019-09-27 09:27:51', 64),
(1202, 'XT', 'XT', '2019-09-27 09:27:51', '2019-09-27 09:27:51', 64),
(1203, 'XV Crosstrek', 'XV Crosstrek', '2019-09-27 09:27:51', '2019-09-27 09:27:51', 64),
(1205, 'Aerio', 'Aerio', '2019-09-27 09:27:51', '2019-09-27 09:27:51', 65),
(1206, 'Equator', 'Equator', '2019-09-27 09:27:51', '2019-09-27 09:27:51', 65),
(1207, 'Esteem', 'Esteem', '2019-09-27 09:27:51', '2019-09-27 09:27:51', 65),
(1208, 'Forenza', 'Forenza', '2019-09-27 09:27:51', '2019-09-27 09:27:51', 65),
(1209, 'Grand Vitara', 'Grand Vitara', '2019-09-27 09:27:51', '2019-09-27 09:27:51', 65),
(1210, 'Kizashi', 'Kizashi', '2019-09-27 09:27:51', '2019-09-27 09:27:51', 65),
(1211, 'Reno', 'Reno', '2019-09-27 09:27:51', '2019-09-27 09:27:51', 65),
(1212, 'Samurai', 'Samurai', '2019-09-27 09:27:51', '2019-09-27 09:27:51', 65),
(1213, 'Sidekick', 'Sidekick', '2019-09-27 09:27:51', '2019-09-27 09:27:51', 65),
(1214, 'Swift', 'Swift', '2019-09-27 09:27:51', '2019-09-27 09:27:51', 65),
(1215, 'SX4', 'SX4', '2019-09-27 09:27:51', '2019-09-27 09:27:51', 65),
(1216, 'Verona', 'Verona', '2019-09-27 09:27:51', '2019-09-27 09:27:51', 65),
(1217, 'Vitara', 'Vitara', '2019-09-27 09:27:51', '2019-09-27 09:27:51', 65),
(1218, 'X-90', 'X-90', '2019-09-27 09:27:51', '2019-09-27 09:27:51', 65),
(1219, 'XL7', 'XL7', '2019-09-27 09:27:51', '2019-09-27 09:27:51', 65),
(1221, 'Roadster', 'Roadster', '2019-09-27 09:27:51', '2019-09-27 09:27:51', 66),
(1222, '4Runner', '4Runner', '2019-09-27 09:27:51', '2019-09-27 09:27:51', 67),
(1223, 'Avalon', 'Avalon', '2019-09-27 09:27:51', '2019-09-27 09:27:51', 67),
(1224, 'Camry', 'Camry', '2019-09-27 09:27:51', '2019-09-27 09:27:51', 67),
(1225, 'Celica', 'Celica', '2019-09-27 09:27:51', '2019-09-27 09:27:51', 67),
(1226, 'Corolla', 'Corolla', '2019-09-27 09:27:51', '2019-09-27 09:27:51', 67),
(1227, 'Corona', 'Corona', '2019-09-27 09:27:51', '2019-09-27 09:27:51', 67),
(1228, 'Cressida', 'Cressida', '2019-09-27 09:27:51', '2019-09-27 09:27:51', 67),
(1229, 'Echo', 'Echo', '2019-09-27 09:27:51', '2019-09-27 09:27:51', 67),
(1230, 'FJ Cruiser', 'FJ Cruiser', '2019-09-27 09:27:51', '2019-09-27 09:27:51', 67),
(1231, 'Highlander', 'Highlander', '2019-09-27 09:27:51', '2019-09-27 09:27:51', 67),
(1232, 'Land Cruiser', 'Land Cruiser', '2019-09-27 09:27:51', '2019-09-27 09:27:51', 67),
(1233, 'Matrix', 'Matrix', '2019-09-27 09:27:51', '2019-09-27 09:27:51', 67),
(1234, 'MR2', 'MR2', '2019-09-27 09:27:51', '2019-09-27 09:27:51', 67),
(1235, 'MR2 Spyder', 'MR2 Spyder', '2019-09-27 09:27:51', '2019-09-27 09:27:51', 67),
(1236, 'Paseo', 'Paseo', '2019-09-27 09:27:51', '2019-09-27 09:27:51', 67),
(1237, 'Pickup', 'Pickup', '2019-09-27 09:27:51', '2019-09-27 09:27:51', 67),
(1238, 'Previa', 'Previa', '2019-09-27 09:27:51', '2019-09-27 09:27:51', 67),
(1239, 'Prius', 'Prius', '2019-09-27 09:27:51', '2019-09-27 09:27:51', 67),
(1240, 'Prius C', 'Prius C', '2019-09-27 09:27:51', '2019-09-27 09:27:51', 67),
(1241, 'Prius V', 'Prius V', '2019-09-27 09:27:51', '2019-09-27 09:27:51', 67),
(1242, 'RAV4', 'RAV4', '2019-09-27 09:27:51', '2019-09-27 09:27:51', 67),
(1243, 'Sequoia', 'Sequoia', '2019-09-27 09:27:51', '2019-09-27 09:27:51', 67),
(1244, 'Sienna', 'Sienna', '2019-09-27 09:27:51', '2019-09-27 09:27:51', 67),
(1245, 'Solara', 'Solara', '2019-09-27 09:27:51', '2019-09-27 09:27:51', 67),
(1246, 'Starlet', 'Starlet', '2019-09-27 09:27:51', '2019-09-27 09:27:51', 67),
(1247, 'Supra', 'Supra', '2019-09-27 09:27:51', '2019-09-27 09:27:51', 67),
(1248, 'T100', 'T100', '2019-09-27 09:27:51', '2019-09-27 09:27:51', 67),
(1249, 'Tacoma', 'Tacoma', '2019-09-27 09:27:51', '2019-09-27 09:27:51', 67),
(1250, 'Tercel', 'Tercel', '2019-09-27 09:27:51', '2019-09-27 09:27:51', 67),
(1251, 'Tundra', 'Tundra', '2019-09-27 09:27:51', '2019-09-27 09:27:51', 67),
(1252, 'Van', 'Van', '2019-09-27 09:27:51', '2019-09-27 09:27:51', 67),
(1253, 'Venza', 'Venza', '2019-09-27 09:27:51', '2019-09-27 09:27:51', 67),
(1254, 'Yaris', 'Yaris', '2019-09-27 09:27:51', '2019-09-27 09:27:51', 67),
(1256, 'TR7', 'TR7', '2019-09-27 09:27:51', '2019-09-27 09:27:51', 68),
(1257, 'TR8', 'TR8', '2019-09-27 09:27:51', '2019-09-27 09:27:51', 68),
(1259, 'Beetle', 'Beetle', '2019-09-27 09:27:51', '2019-09-27 09:27:51', 69),
(1260, 'Cabrio', 'Cabrio', '2019-09-27 09:27:51', '2019-09-27 09:27:51', 69),
(1261, 'Cabriolet', 'Cabriolet', '2019-09-27 09:27:51', '2019-09-27 09:27:51', 69),
(1262, 'CC', 'CC', '2019-09-27 09:27:51', '2019-09-27 09:27:51', 69),
(1263, 'Corrado', 'Corrado', '2019-09-27 09:27:51', '2019-09-27 09:27:51', 69),
(1264, 'Dasher', 'Dasher', '2019-09-27 09:27:51', '2019-09-27 09:27:51', 69),
(1265, 'Eos', 'Eos', '2019-09-27 09:27:51', '2019-09-27 09:27:51', 69),
(1266, 'Eurovan', 'Eurovan', '2019-09-27 09:27:51', '2019-09-27 09:27:51', 69),
(1267, 'Fox', 'Fox', '2019-09-27 09:27:51', '2019-09-27 09:27:51', 69),
(1268, 'GLI', 'GLI', '2019-09-27 09:27:51', '2019-09-27 09:27:51', 69),
(1269, 'Golf R', 'Golf R', '2019-09-27 09:27:51', '2019-09-27 09:27:51', 69),
(1270, 'GTI', 'GTI', '2019-09-27 09:27:51', '2019-09-27 09:27:51', 69),
(1271, 'Golf and Rabbit Models (2)', 'Golf and Rabbit Models (2)', '2019-09-27 09:27:51', '2019-09-27 09:27:51', 69),
(1274, 'Jetta', 'Jetta', '2019-09-27 09:27:51', '2019-09-27 09:27:51', 69),
(1275, 'Passat', 'Passat', '2019-09-27 09:27:51', '2019-09-27 09:27:51', 69),
(1276, 'Phaeton', 'Phaeton', '2019-09-27 09:27:51', '2019-09-27 09:27:51', 69),
(1277, 'Pickup', 'Pickup', '2019-09-27 09:27:51', '2019-09-27 09:27:51', 69),
(1278, 'Quantum', 'Quantum', '2019-09-27 09:27:51', '2019-09-27 09:27:51', 69),
(1279, 'R32', 'R32', '2019-09-27 09:27:51', '2019-09-27 09:27:51', 69),
(1280, 'Routan', 'Routan', '2019-09-27 09:27:51', '2019-09-27 09:27:51', 69),
(1281, 'Scirocco', 'Scirocco', '2019-09-27 09:27:51', '2019-09-27 09:27:51', 69),
(1282, 'Tiguan', 'Tiguan', '2019-09-27 09:27:51', '2019-09-27 09:27:51', 69),
(1283, 'Touareg', 'Touareg', '2019-09-27 09:27:51', '2019-09-27 09:27:51', 69),
(1284, 'Vanagon', 'Vanagon', '2019-09-27 09:27:51', '2019-09-27 09:27:51', 69),
(1286, '240', '240', '2019-09-27 09:27:51', '2019-09-27 09:27:51', 70),
(1287, '260', '260', '2019-09-27 09:27:51', '2019-09-27 09:27:51', 70),
(1288, '740', '740', '2019-09-27 09:27:51', '2019-09-27 09:27:51', 70),
(1289, '760', '760', '2019-09-27 09:27:51', '2019-09-27 09:27:51', 70),
(1290, '780', '780', '2019-09-27 09:27:51', '2019-09-27 09:27:51', 70),
(1291, '850', '850', '2019-09-27 09:27:51', '2019-09-27 09:27:51', 70),
(1292, '940', '940', '2019-09-27 09:27:51', '2019-09-27 09:27:51', 70),
(1293, '960', '960', '2019-09-27 09:27:51', '2019-09-27 09:27:51', 70),
(1294, 'C30', 'C30', '2019-09-27 09:27:51', '2019-09-27 09:27:51', 70),
(1295, 'C70', 'C70', '2019-09-27 09:27:51', '2019-09-27 09:27:51', 70),
(1296, 'S40', 'S40', '2019-09-27 09:27:51', '2019-09-27 09:27:51', 70),
(1297, 'S60', 'S60', '2019-09-27 09:27:51', '2019-09-27 09:27:51', 70),
(1298, 'S70', 'S70', '2019-09-27 09:27:51', '2019-09-27 09:27:51', 70),
(1299, 'S80', 'S80', '2019-09-27 09:27:51', '2019-09-27 09:27:51', 70),
(1300, 'S90', 'S90', '2019-09-27 09:27:51', '2019-09-27 09:27:51', 70),
(1301, 'V40', 'V40', '2019-09-27 09:27:51', '2019-09-27 09:27:51', 70),
(1302, 'V50', 'V50', '2019-09-27 09:27:51', '2019-09-27 09:27:51', 70),
(1303, 'V70', 'V70', '2019-09-27 09:27:51', '2019-09-27 09:27:51', 70),
(1304, 'V90', 'V90', '2019-09-27 09:27:51', '2019-09-27 09:27:51', 70),
(1305, 'XC60', 'XC60', '2019-09-27 09:27:51', '2019-09-27 09:27:51', 70),
(1306, 'XC70', 'XC70', '2019-09-27 09:27:51', '2019-09-27 09:27:51', 70),
(1307, 'XC90', 'XC90', '2019-09-27 09:27:51', '2019-09-27 09:27:51', 70),
(1309, 'GV', 'GV', '2019-09-27 09:27:51', '2019-09-27 09:27:51', 71),
(1310, 'GVC', 'GVC', '2019-09-27 09:27:51', '2019-09-27 09:27:51', 71),
(1311, 'GVL', 'GVL', '2019-09-27 09:27:51', '2019-09-27 09:27:51', 71),
(1312, 'GVS', 'GVS', '2019-09-27 09:27:51', '2019-09-27 09:27:51', 71),
(1313, 'GVX', 'GVX', '2019-09-27 09:27:51', '2019-09-27 09:27:51', 71);

-- 
-- Dumping data for table propertytypes
--
INSERT INTO propertytypes VALUES
(1, 'Улирал', '2020-04-06 00:00:00', '2020-04-06 00:00:00'),
(2, 'Өнгө', '2020-04-06 00:00:00', '2020-04-06 00:00:00'),
(3, 'Хийц', '2020-04-06 00:00:00', '2020-04-06 00:00:00');

-- 
-- Dumping data for table temp_data
--
INSERT INTO temp_data VALUES
(1, 'fgdfg', '2020-04-04 00:00:00', '2020-04-04 00:00:00', NULL),
(2, 'fghfgh', '2020-04-04 00:00:00', '2020-04-04 00:00:00', 1),
(3, 'asdasd', '2020-04-04 00:00:00', '2020-04-04 00:00:00', 1),
(4, 'sadasdAD', '2020-04-04 00:00:00', '2020-04-04 00:00:00', 1),
(5, 'sadasda', '2020-04-04 00:00:00', '2020-04-04 00:00:00', NULL),
(6, 'ddd', '2020-04-01 00:00:00', '2020-04-14 00:00:00', 5);

-- 
-- Dumping data for table specs_subcategories
--
INSERT INTO specs_subcategories VALUES
(1, 'Draft', '2020-04-01 00:00:00', '2020-04-01 00:00:00', 1, 1),
(2, 'Draft', '2020-04-01 00:00:00', '2020-04-01 00:00:00', 2, 1);

-- 
-- Dumping data for table sectors
--
INSERT INTO sectors VALUES
(1, 'Гандан салбар', NULL, '99114578', 'sada', '2020-04-06 00:00:00', '2020-04-06 00:00:00', 2),
(2, 'Нарны зам салбар', NULL, '99115689', 'ыбй', '2020-04-06 00:00:00', '2020-04-06 00:00:00', 2);

-- 
-- Dumping data for table property_type_values
--
INSERT INTO property_type_values VALUES
(1, 'Өвөл', '2020-04-06 00:00:00', '2020-04-06 00:00:00', 1),
(2, 'Зун', '2020-04-06 00:00:00', '2020-04-06 00:00:00', 1),
(3, 'Хавар', '2020-04-06 00:00:00', '2020-04-06 00:00:00', 1),
(4, 'Намар', '2020-04-06 00:00:00', '2020-04-06 00:00:00', 1),
(5, 'Дөрвөн улирал', '2020-04-06 00:00:00', '2020-04-06 00:00:00', 1),
(6, 'Хар', '2020-04-06 00:00:00', '2020-04-06 00:00:00', 2),
(7, 'Цагаан', '2020-04-06 00:00:00', '2020-04-06 00:00:00', 2),
(8, 'Хүрэн', '2020-04-06 00:00:00', '2020-04-06 00:00:00', 1),
(9, 'Никель', '2020-04-06 00:00:00', '2020-04-06 00:00:00', 2),
(10, 'Метал', '2020-04-06 00:00:00', '2020-04-06 00:00:00', 3),
(11, 'Хуванцар', '2020-04-06 00:00:00', '2020-04-06 00:00:00', 3);

-- 
-- Dumping data for table parts_properties
--
INSERT INTO parts_properties VALUES
(1, 'Хавар', '2020-04-06 00:00:00', '2020-04-06 00:00:00', 1, 1),
(2, 'Метал', '2020-04-06 00:00:00', '2020-04-06 00:00:00', 1, 3),
(3, 'Цагаан', '2020-04-06 00:00:00', '2020-04-06 00:00:00', 1, 2),
(4, '4 улирал', '2020-04-06 00:00:00', '2020-04-06 00:00:00', 2, 1),
(5, 'Хуванцар', '2020-04-06 00:00:00', '2020-04-06 00:00:00', 2, 3),
(6, 'Никель', '2020-04-06 00:00:00', '2020-04-06 00:00:00', 2, 2),
(7, 'Зун', '2020-04-06 00:00:00', '2020-04-06 00:00:00', 5, 1),
(8, 'Улаан', '2020-04-06 00:00:00', '2020-04-06 00:00:00', 5, 2),
(9, 'Даавуу', '2020-04-06 00:00:00', '2020-04-06 00:00:00', 5, 3);

-- 
-- Dumping data for table partsimages
--
INSERT INTO partsimages VALUES
(1, '/images/parts/osge2GIvVTljO/76c2d2f0-757e-11ea-aa47-ab0868d1a44e.png', '2020-04-03 07:41:02', '2020-04-03 07:41:02', 5),
(2, '/images/parts/osge2GIvVTljO/72dff370-757e-11ea-aa47-ab0868d1a44e.png', '2020-04-03 07:41:02', '2020-04-03 07:41:02', 5),
(3, '/images/parts/VoCty9cbsB3ul/1f109be0-757f-11ea-aa47-ab0868d1a44e.jpg', '2020-04-03 07:45:49', '2020-04-03 07:45:49', 1),
(4, '/images/parts/VoCty9cbsB3ul/20811bd0-757f-11ea-aa47-ab0868d1a44e.jpg', '2020-04-03 07:45:49', '2020-04-03 07:45:49', 1),
(5, '/images/parts/VoCty9cbsB3ul/21649e00-757f-11ea-aa47-ab0868d1a44e.jpg', '2020-04-03 07:45:49', '2020-04-03 07:45:49', 1),
(6, '/images/parts/VoCty9cbsB3ul/c60e21a0-7580-11ea-b996-af117cab8f39.jpg', '2020-04-03 07:57:36', '2020-04-03 07:57:36', 1),
(7, '/images/parts/VoCty9cbsB3ul/c38e5490-7580-11ea-b996-af117cab8f39.jpg', '2020-04-03 07:57:36', '2020-04-03 07:57:36', 1);

-- 
-- Dumping data for table models
--
INSERT INTO models VALUES
(2, ' - 2.2CL', ' - 2.2CL', '2019-09-27 09:27:51', '2019-09-27 09:27:51', 1),
(3, ' - 2.3CL', ' - 2.3CL', '2019-09-27 09:27:51', '2019-09-27 09:27:51', 1),
(4, ' - 3.0CL', ' - 3.0CL', '2019-09-27 09:27:51', '2019-09-27 09:27:51', 1),
(5, ' - 3.2CL', ' - 3.2CL', '2019-09-27 09:27:51', '2019-09-27 09:27:51', 1),
(6, 'ILX', 'ILX', '2019-09-27 09:27:51', '2019-09-27 09:27:51', 6),
(7, 'Integra', 'Integra', '2019-09-27 09:27:51', '2019-09-27 09:27:51', 7),
(8, 'Legend', 'Legend', '2019-09-27 09:27:51', '2019-09-27 09:27:51', 8),
(9, 'MDX', 'MDX', '2019-09-27 09:27:51', '2019-09-27 09:27:51', 9),
(10, 'NSX', 'NSX', '2019-09-27 09:27:51', '2019-09-27 09:27:51', 10),
(11, 'RDX', 'RDX', '2019-09-27 09:27:51', '2019-09-27 09:27:51', 11),
(13, ' - 3.5 RL', ' - 3.5 RL', '2019-09-27 09:27:51', '2019-09-27 09:27:51', 12),
(14, ' - RL', ' - RL', '2019-09-27 09:27:51', '2019-09-27 09:27:51', 12),
(15, 'RSX', 'RSX', '2019-09-27 09:27:51', '2019-09-27 09:27:51', 15),
(16, 'SLX', 'SLX', '2019-09-27 09:27:51', '2019-09-27 09:27:51', 16),
(18, ' - 2.5TL', ' - 2.5TL', '2019-09-27 09:27:51', '2019-09-27 09:27:51', 17),
(19, ' - 3.2TL', ' - 3.2TL', '2019-09-27 09:27:51', '2019-09-27 09:27:51', 17),
(20, ' - TL', ' - TL', '2019-09-27 09:27:51', '2019-09-27 09:27:51', 17),
(21, 'TSX', 'TSX', '2019-09-27 09:27:51', '2019-09-27 09:27:51', 21),
(22, 'Vigor', 'Vigor', '2019-09-27 09:27:51', '2019-09-27 09:27:51', 22),
(23, 'ZDX', 'ZDX', '2019-09-27 09:27:51', '2019-09-27 09:27:51', 22),
(25, '164', '164', '2019-09-27 09:27:51', '2019-09-27 09:27:51', 25),
(26, '8C Competizione', '8C Competizione', '2019-09-27 09:27:51', '2019-09-27 09:27:51', 26),
(27, 'GTV-6', 'GTV-6', '2019-09-27 09:27:51', '2019-09-27 09:27:51', 27),
(28, 'Milano', 'Milano', '2019-09-27 09:27:51', '2019-09-27 09:27:51', 28),
(29, 'Spider', 'Spider', '2019-09-27 09:27:51', '2019-09-27 09:27:51', 29),
(31, 'Alliance', 'Alliance', '2019-09-27 09:27:51', '2019-09-27 09:27:51', 31),
(32, 'Concord', 'Concord', '2019-09-27 09:27:51', '2019-09-27 09:27:51', 32),
(33, 'Eagle', 'Eagle', '2019-09-27 09:27:51', '2019-09-27 09:27:51', 33),
(34, 'Encore', 'Encore', '2019-09-27 09:27:51', '2019-09-27 09:27:51', 34),
(35, 'Spirit', 'Spirit', '2019-09-27 09:27:51', '2019-09-27 09:27:51', 35),
(37, 'DB7', 'DB7', '2019-09-27 09:27:51', '2019-09-27 09:27:51', 37),
(38, 'DB9', 'DB9', '2019-09-27 09:27:51', '2019-09-27 09:27:51', 38),
(39, 'DBS', 'DBS', '2019-09-27 09:27:51', '2019-09-27 09:27:51', 39),
(40, 'Lagonda', 'Lagonda', '2019-09-27 09:27:51', '2019-09-27 09:27:51', 40),
(41, 'Rapide', 'Rapide', '2019-09-27 09:27:51', '2019-09-27 09:27:51', 41),
(42, 'V12 Vantage', 'V12 Vantage', '2019-09-27 09:27:51', '2019-09-27 09:27:51', 42),
(43, 'V8 Vantage', 'V8 Vantage', '2019-09-27 09:27:51', '2019-09-27 09:27:51', 43),
(44, 'Vanquish', 'Vanquish', '2019-09-27 09:27:51', '2019-09-27 09:27:51', 44),
(45, 'Virage', 'Virage', '2019-09-27 09:27:51', '2019-09-27 09:27:51', 45),
(47, '100', '100', '2019-09-27 09:27:51', '2019-09-27 09:27:51', 47),
(48, '200', '200', '2019-09-27 09:27:51', '2019-09-27 09:27:51', 48),
(49, '4000', '4000', '2019-09-27 09:27:51', '2019-09-27 09:27:51', 49),
(50, '5000', '5000', '2019-09-27 09:27:51', '2019-09-27 09:27:51', 50),
(51, '80', '80', '2019-09-27 09:27:51', '2019-09-27 09:27:51', 51),
(52, '90', '90', '2019-09-27 09:27:51', '2019-09-27 09:27:51', 52),
(53, 'A3', 'A3', '2019-09-27 09:27:51', '2019-09-27 09:27:51', 53),
(54, 'A4', 'A4', '2019-09-27 09:27:51', '2019-09-27 09:27:51', 54),
(55, 'A5', 'A5', '2019-09-27 09:27:51', '2019-09-27 09:27:51', 55),
(56, 'A6', 'A6', '2019-09-27 09:27:51', '2019-09-27 09:27:51', 56),
(57, 'A7', 'A7', '2019-09-27 09:27:51', '2019-09-27 09:27:51', 57),
(58, 'A8', 'A8', '2019-09-27 09:27:51', '2019-09-27 09:27:51', 58),
(59, 'allroad', 'allroad', '2019-09-27 09:27:51', '2019-09-27 09:27:51', 59),
(60, 'Cabriolet', 'Cabriolet', '2019-09-27 09:27:51', '2019-09-27 09:27:51', 60),
(61, 'Coupe', 'Coupe', '2019-09-27 09:27:51', '2019-09-27 09:27:51', 61),
(62, 'Q3', 'Q3', '2019-09-27 09:27:51', '2019-09-27 09:27:51', 62),
(63, 'Q5', 'Q5', '2019-09-27 09:27:51', '2019-09-27 09:27:51', 62),
(64, 'Q7', 'Q7', '2019-09-27 09:27:51', '2019-09-27 09:27:51', 62),
(65, 'Quattro', 'Quattro', '2019-09-27 09:27:51', '2019-09-27 09:27:51', 65),
(66, 'R8', 'R8', '2019-09-27 09:27:51', '2019-09-27 09:27:51', 66),
(67, 'RS 4', 'RS 4', '2019-09-27 09:27:51', '2019-09-27 09:27:51', 67),
(68, 'RS 5', 'RS 5', '2019-09-27 09:27:51', '2019-09-27 09:27:51', 67),
(69, 'RS 6', 'RS 6', '2019-09-27 09:27:51', '2019-09-27 09:27:51', 67),
(70, 'S4', 'S4', '2019-09-27 09:27:51', '2019-09-27 09:27:51', 70),
(71, 'S5', 'S5', '2019-09-27 09:27:51', '2019-09-27 09:27:51', 70),
(72, 'S6', 'S6', '2019-09-27 09:27:51', '2019-09-27 09:27:51', 70),
(73, 'S7', 'S7', '2019-09-27 09:27:51', '2019-09-27 09:27:51', 70),
(74, 'S8', 'S8', '2019-09-27 09:27:51', '2019-09-27 09:27:51', 70),
(75, 'TT', 'TT', '2019-09-27 09:27:51', '2019-09-27 09:27:51', 75),
(76, 'TT RS', 'TT RS', '2019-09-27 09:27:51', '2019-09-27 09:27:51', 75),
(77, 'TTS', 'TTS', '2019-09-27 09:27:51', '2019-09-27 09:27:51', 75),
(78, 'V8 Quattro', 'V8 Quattro', '2019-09-27 09:27:51', '2019-09-27 09:27:51', 78),
(80, 'Convertible', 'Convertible', '2019-09-27 09:27:51', '2019-09-27 09:27:51', 80),
(81, 'Coupe', 'Coupe', '2019-09-27 09:27:51', '2019-09-27 09:27:51', 81),
(82, 'Sedan', 'Sedan', '2019-09-27 09:27:51', '2019-09-27 09:27:51', 82),
(84, 'Arnage', NULL, '2019-09-27 09:27:51', '2019-09-27 09:27:51', 84),
(85, 'Azure', NULL, '2019-09-27 09:27:51', '2019-09-27 09:27:51', 85),
(86, 'Brooklands', NULL, '2019-09-27 09:27:51', '2019-09-27 09:27:51', 86),
(87, 'Continental', NULL, '2019-09-27 09:27:51', '2019-09-27 09:27:51', 87),
(88, 'Corniche', NULL, '2019-09-27 09:27:51', '2019-09-27 09:27:51', 88),
(89, 'Eight', NULL, '2019-09-27 09:27:51', '2019-09-27 09:27:51', 89),
(90, 'Mulsanne', NULL, '2019-09-27 09:27:51', '2019-09-27 09:27:51', 90),
(91, 'Turbo R', NULL, '2019-09-27 09:27:51', '2019-09-27 09:27:51', 91),
(94, ' - 128i', ' - 128i', '2019-09-27 09:27:51', '2019-09-27 09:27:51', 93),
(95, ' - 135i', ' - 135i', '2019-09-27 09:27:51', '2019-09-27 09:27:51', 93),
(96, ' - 135is', ' - 135is', '2019-09-27 09:27:51', '2019-09-27 09:27:51', 93),
(98, ' - 318i', ' - 318i', '2019-09-27 09:27:51', '2019-09-27 09:27:51', 97),
(99, ' - 318iC', ' - 318iC', '2019-09-27 09:27:51', '2019-09-27 09:27:51', 97),
(100, ' - 318iS', ' - 318iS', '2019-09-27 09:27:51', '2019-09-27 09:27:51', 97),
(101, ' - 318ti', ' - 318ti', '2019-09-27 09:27:51', '2019-09-27 09:27:51', 97),
(102, ' - 320i', ' - 320i', '2019-09-27 09:27:51', '2019-09-27 09:27:51', 97),
(103, ' - 323ci', ' - 323ci', '2019-09-27 09:27:51', '2019-09-27 09:27:51', 97),
(104, ' - 323i', ' - 323i', '2019-09-27 09:27:51', '2019-09-27 09:27:51', 97),
(105, ' - 323is', ' - 323is', '2019-09-27 09:27:51', '2019-09-27 09:27:51', 97),
(106, ' - 323iT', ' - 323iT', '2019-09-27 09:27:51', '2019-09-27 09:27:51', 97),
(107, ' - 325Ci', ' - 325Ci', '2019-09-27 09:27:51', '2019-09-27 09:27:51', 97),
(108, ' - 325e', ' - 325e', '2019-09-27 09:27:51', '2019-09-27 09:27:51', 97),
(109, ' - 325es', ' - 325es', '2019-09-27 09:27:51', '2019-09-27 09:27:51', 97),
(110, ' - 325i', ' - 325i', '2019-09-27 09:27:51', '2019-09-27 09:27:51', 97),
(111, ' - 325is', ' - 325is', '2019-09-27 09:27:51', '2019-09-27 09:27:51', 97),
(112, ' - 325iX', ' - 325iX', '2019-09-27 09:27:51', '2019-09-27 09:27:51', 97),
(113, ' - 325xi', ' - 325xi', '2019-09-27 09:27:51', '2019-09-27 09:27:51', 97),
(114, ' - 328Ci', ' - 328Ci', '2019-09-27 09:27:51', '2019-09-27 09:27:51', 97),
(115, ' - 328i', ' - 328i', '2019-09-27 09:27:51', '2019-09-27 09:27:51', 97),
(116, ' - 328iS', ' - 328iS', '2019-09-27 09:27:51', '2019-09-27 09:27:51', 97),
(117, ' - 328xi', ' - 328xi', '2019-09-27 09:27:51', '2019-09-27 09:27:51', 97),
(118, ' - 330Ci', ' - 330Ci', '2019-09-27 09:27:51', '2019-09-27 09:27:51', 97),
(119, ' - 330i', ' - 330i', '2019-09-27 09:27:51', '2019-09-27 09:27:51', 97),
(120, ' - 330xi', ' - 330xi', '2019-09-27 09:27:51', '2019-09-27 09:27:51', 97),
(121, ' - 335d', ' - 335d', '2019-09-27 09:27:51', '2019-09-27 09:27:51', 97),
(122, ' - 335i', ' - 335i', '2019-09-27 09:27:51', '2019-09-27 09:27:51', 97),
(123, ' - 335is', ' - 335is', '2019-09-27 09:27:51', '2019-09-27 09:27:51', 97),
(124, ' - 335xi', ' - 335xi', '2019-09-27 09:27:51', '2019-09-27 09:27:51', 97),
(125, ' - ActiveHybrid 3', ' - ActiveHybrid 3', '2019-09-27 09:27:51', '2019-09-27 09:27:51', 97),
(126, ' - 325', ' - 325', '2019-09-27 09:27:51', '2019-09-27 09:27:51', 97),
(128, ' - 524td', ' - 524td', '2019-09-27 09:27:51', '2019-09-27 09:27:51', 127),
(129, ' - 525i', ' - 525i', '2019-09-27 09:27:51', '2019-09-27 09:27:51', 127),
(130, ' - 525xi', ' - 525xi', '2019-09-27 09:27:51', '2019-09-27 09:27:51', 127),
(131, ' - 528e', ' - 528e', '2019-09-27 09:27:51', '2019-09-27 09:27:51', 127),
(132, ' - 528i', ' - 528i', '2019-09-27 09:27:51', '2019-09-27 09:27:51', 127),
(133, ' - 528iT', ' - 528iT', '2019-09-27 09:27:51', '2019-09-27 09:27:51', 127),
(134, ' - 528xi', ' - 528xi', '2019-09-27 09:27:51', '2019-09-27 09:27:51', 127),
(135, ' - 530i', ' - 530i', '2019-09-27 09:27:51', '2019-09-27 09:27:51', 127),
(136, ' - 530iT', ' - 530iT', '2019-09-27 09:27:51', '2019-09-27 09:27:51', 127),
(137, ' - 530xi', ' - 530xi', '2019-09-27 09:27:51', '2019-09-27 09:27:51', 127),
(138, ' - 533i', ' - 533i', '2019-09-27 09:27:51', '2019-09-27 09:27:51', 127),
(139, ' - 535i', ' - 535i', '2019-09-27 09:27:51', '2019-09-27 09:27:51', 127),
(140, ' - 535i Gran Turismo', ' - 535i Gran Turismo', '2019-09-27 09:27:51', '2019-09-27 09:27:51', 127),
(141, ' - 535xi', ' - 535xi', '2019-09-27 09:27:51', '2019-09-27 09:27:51', 127),
(142, ' - 540i', ' - 540i', '2019-09-27 09:27:51', '2019-09-27 09:27:51', 127),
(143, ' - 545i', ' - 545i', '2019-09-27 09:27:51', '2019-09-27 09:27:51', 127),
(144, ' - 550i', ' - 550i', '2019-09-27 09:27:51', '2019-09-27 09:27:51', 127),
(145, ' - 550i Gran Turismo', ' - 550i Gran Turismo', '2019-09-27 09:27:51', '2019-09-27 09:27:51', 127),
(146, ' - ActiveHybrid 5', ' - ActiveHybrid 5', '2019-09-27 09:27:51', '2019-09-27 09:27:51', 127),
(148, ' - 633CSi', ' - 633CSi', '2019-09-27 09:27:51', '2019-09-27 09:27:51', 147),
(149, ' - 635CSi', ' - 635CSi', '2019-09-27 09:27:51', '2019-09-27 09:27:51', 147),
(150, ' - 640i', ' - 640i', '2019-09-27 09:27:51', '2019-09-27 09:27:51', 147),
(151, ' - 640i Gran Coupe', ' - 640i Gran Coupe', '2019-09-27 09:27:51', '2019-09-27 09:27:51', 147),
(152, ' - 645Ci', ' - 645Ci', '2019-09-27 09:27:51', '2019-09-27 09:27:51', 147),
(153, ' - 650i', ' - 650i', '2019-09-27 09:27:51', '2019-09-27 09:27:51', 147),
(154, ' - 650i Gran Coupe', ' - 650i Gran Coupe', '2019-09-27 09:27:51', '2019-09-27 09:27:51', 147),
(155, ' - L6', ' - L6', '2019-09-27 09:27:51', '2019-09-27 09:27:51', 147),
(157, ' - 733i', ' - 733i', '2019-09-27 09:27:51', '2019-09-27 09:27:51', 156),
(158, ' - 735i', ' - 735i', '2019-09-27 09:27:51', '2019-09-27 09:27:51', 156),
(159, ' - 735iL', ' - 735iL', '2019-09-27 09:27:51', '2019-09-27 09:27:51', 156),
(160, ' - 740i', ' - 740i', '2019-09-27 09:27:51', '2019-09-27 09:27:51', 156),
(161, ' - 740iL', ' - 740iL', '2019-09-27 09:27:51', '2019-09-27 09:27:51', 156),
(162, ' - 740Li', ' - 740Li', '2019-09-27 09:27:51', '2019-09-27 09:27:51', 156),
(163, ' - 745i', ' - 745i', '2019-09-27 09:27:51', '2019-09-27 09:27:51', 156),
(164, ' - 745Li', ' - 745Li', '2019-09-27 09:27:51', '2019-09-27 09:27:51', 156),
(165, ' - 750i', ' - 750i', '2019-09-27 09:27:51', '2019-09-27 09:27:51', 156),
(166, ' - 750iL', ' - 750iL', '2019-09-27 09:27:51', '2019-09-27 09:27:51', 156),
(167, ' - 750Li', ' - 750Li', '2019-09-27 09:27:51', '2019-09-27 09:27:51', 156),
(168, ' - 760i', ' - 760i', '2019-09-27 09:27:51', '2019-09-27 09:27:51', 156),
(169, ' - 760Li', ' - 760Li', '2019-09-27 09:27:51', '2019-09-27 09:27:51', 156),
(170, ' - ActiveHybrid 7', ' - ActiveHybrid 7', '2019-09-27 09:27:51', '2019-09-27 09:27:51', 156),
(171, ' - Alpina B7', ' - Alpina B7', '2019-09-27 09:27:51', '2019-09-27 09:27:51', 171),
(173, ' - 840Ci', ' - 840Ci', '2019-09-27 09:27:51', '2019-09-27 09:27:51', 172),
(174, ' - 850Ci', ' - 850Ci', '2019-09-27 09:27:51', '2019-09-27 09:27:51', 172),
(175, ' - 850CSi', ' - 850CSi', '2019-09-27 09:27:51', '2019-09-27 09:27:51', 172),
(176, ' - 850i', ' - 850i', '2019-09-27 09:27:51', '2019-09-27 09:27:51', 172),
(178, ' - L7', ' - L7', '2019-09-27 09:27:51', '2019-09-27 09:27:51', 177),
(180, ' - 1 Series M', ' - 1 Series M', '2019-09-27 09:27:51', '2019-09-27 09:27:51', 179),
(181, ' - M Coupe', ' - M Coupe', '2019-09-27 09:27:51', '2019-09-27 09:27:51', 179),
(182, ' - M Roadster', ' - M Roadster', '2019-09-27 09:27:51', '2019-09-27 09:27:51', 179),
(183, ' - M3', ' - M3', '2019-09-27 09:27:51', '2019-09-27 09:27:51', 179),
(184, ' - M5', ' - M5', '2019-09-27 09:27:51', '2019-09-27 09:27:51', 179),
(185, ' - M6', ' - M6', '2019-09-27 09:27:51', '2019-09-27 09:27:51', 179),
(186, ' - X5 M', ' - X5 M', '2019-09-27 09:27:51', '2019-09-27 09:27:51', 179),
(187, ' - X6 M', ' - X6 M', '2019-09-27 09:27:51', '2019-09-27 09:27:51', 179),
(189, ' - ActiveHybrid X6', ' - ActiveHybrid X6', '2019-09-27 09:27:51', '2019-09-27 09:27:51', 188),
(190, ' - X1', ' - X1', '2019-09-27 09:27:51', '2019-09-27 09:27:51', 188),
(191, ' - X3', ' - X3', '2019-09-27 09:27:51', '2019-09-27 09:27:51', 188),
(192, ' - X5', ' - X5', '2019-09-27 09:27:51', '2019-09-27 09:27:51', 188),
(193, ' - X6', ' - X6', '2019-09-27 09:27:51', '2019-09-27 09:27:51', 188),
(195, ' - Z3', ' - Z3', '2019-09-27 09:27:51', '2019-09-27 09:27:51', 194),
(196, ' - Z4', ' - Z4', '2019-09-27 09:27:51', '2019-09-27 09:27:51', 194),
(197, ' - Z8', ' - Z8', '2019-09-27 09:27:51', '2019-09-27 09:27:51', 194),
(199, 'Century', 'Century', '2019-09-27 09:27:51', '2019-09-27 09:27:51', 199),
(200, 'Electra', 'Electra', '2019-09-27 09:27:51', '2019-09-27 09:27:51', 200),
(201, 'Enclave', 'Enclave', '2019-09-27 09:27:51', '2019-09-27 09:27:51', 201),
(202, 'Encore', 'Encore', '2019-09-27 09:27:51', '2019-09-27 09:27:51', 202),
(203, 'LaCrosse', 'LaCrosse', '2019-09-27 09:27:51', '2019-09-27 09:27:51', 203),
(204, 'Le Sabre', 'Le Sabre', '2019-09-27 09:27:51', '2019-09-27 09:27:51', 204),
(205, 'Lucerne', 'Lucerne', '2019-09-27 09:27:51', '2019-09-27 09:27:51', 205),
(206, 'Park Avenue', 'Park Avenue', '2019-09-27 09:27:51', '2019-09-27 09:27:51', 206),
(207, 'Rainier', 'Rainier', '2019-09-27 09:27:51', '2019-09-27 09:27:51', 207),
(208, 'Reatta', 'Reatta', '2019-09-27 09:27:51', '2019-09-27 09:27:51', 208),
(209, 'Regal', 'Regal', '2019-09-27 09:27:51', '2019-09-27 09:27:51', 209),
(210, 'Rendezvous', 'Rendezvous', '2019-09-27 09:27:51', '2019-09-27 09:27:51', 210),
(211, 'Riviera', 'Riviera', '2019-09-27 09:27:51', '2019-09-27 09:27:51', 211),
(212, 'Roadmaster', 'Roadmaster', '2019-09-27 09:27:51', '2019-09-27 09:27:51', 212),
(213, 'Skyhawk', 'Skyhawk', '2019-09-27 09:27:51', '2019-09-27 09:27:51', 213),
(214, 'Skylark', 'Skylark', '2019-09-27 09:27:51', '2019-09-27 09:27:51', 214),
(215, 'Somerset', 'Somerset', '2019-09-27 09:27:51', '2019-09-27 09:27:51', 215),
(216, 'Terraza', 'Terraza', '2019-09-27 09:27:51', '2019-09-27 09:27:51', 216),
(217, 'Verano', 'Verano', '2019-09-27 09:27:51', '2019-09-27 09:27:51', 217),
(219, 'Allante', 'Allante', '2019-09-27 09:27:51', '2019-09-27 09:27:51', 219),
(220, 'ATS', 'ATS', '2019-09-27 09:27:51', '2019-09-27 09:27:51', 220),
(221, 'Brougham', 'Brougham', '2019-09-27 09:27:51', '2019-09-27 09:27:51', 221),
(222, 'Catera', 'Catera', '2019-09-27 09:27:51', '2019-09-27 09:27:51', 222),
(223, 'Cimarron', 'Cimarron', '2019-09-27 09:27:51', '2019-09-27 09:27:51', 223),
(224, 'CTS', 'CTS', '2019-09-27 09:27:51', '2019-09-27 09:27:51', 224),
(225, 'De Ville', 'De Ville', '2019-09-27 09:27:51', '2019-09-27 09:27:51', 225),
(226, 'DTS', 'DTS', '2019-09-27 09:27:51', '2019-09-27 09:27:51', 226),
(227, 'Eldorado', 'Eldorado', '2019-09-27 09:27:51', '2019-09-27 09:27:51', 227),
(228, 'Escalade', 'Escalade', '2019-09-27 09:27:51', '2019-09-27 09:27:51', 228),
(229, 'Escalade ESV', 'Escalade ESV', '2019-09-27 09:27:51', '2019-09-27 09:27:51', 229),
(230, 'Escalade EXT', 'Escalade EXT', '2019-09-27 09:27:51', '2019-09-27 09:27:51', 230),
(231, 'Fleetwood', 'Fleetwood', '2019-09-27 09:27:51', '2019-09-27 09:27:51', 231),
(232, 'Seville', 'Seville', '2019-09-27 09:27:51', '2019-09-27 09:27:51', 232),
(233, 'SRX', 'SRX', '2019-09-27 09:27:51', '2019-09-27 09:27:51', 233),
(234, 'STS', 'STS', '2019-09-27 09:27:51', '2019-09-27 09:27:51', 234),
(235, 'XLR', 'XLR', '2019-09-27 09:27:51', '2019-09-27 09:27:51', 235),
(236, 'XTS', 'XTS', '2019-09-27 09:27:51', '2019-09-27 09:27:51', 236),
(238, 'Astro', 'Astro', '2019-09-27 09:27:51', '2019-09-27 09:27:51', 238),
(239, 'Avalanche', 'Avalanche', '2019-09-27 09:27:51', '2019-09-27 09:27:51', 239),
(240, 'Aveo', 'Aveo', '2019-09-27 09:27:51', '2019-09-27 09:27:51', 240),
(241, 'Aveo5', 'Aveo5', '2019-09-27 09:27:51', '2019-09-27 09:27:51', 241),
(242, 'Beretta', 'Beretta', '2019-09-27 09:27:51', '2019-09-27 09:27:51', 242),
(243, 'Blazer', 'Blazer', '2019-09-27 09:27:51', '2019-09-27 09:27:51', 243),
(244, 'Camaro', 'Camaro', '2019-09-27 09:27:51', '2019-09-27 09:27:51', 244),
(245, 'Caprice', 'Caprice', '2019-09-27 09:27:51', '2019-09-27 09:27:51', 245),
(246, 'Captiva Sport', 'Captiva Sport', '2019-09-27 09:27:51', '2019-09-27 09:27:51', 246),
(247, 'Cavalier', 'Cavalier', '2019-09-27 09:27:51', '2019-09-27 09:27:51', 247),
(248, 'Celebrity', 'Celebrity', '2019-09-27 09:27:51', '2019-09-27 09:27:51', 248),
(249, 'Chevette', 'Chevette', '2019-09-27 09:27:51', '2019-09-27 09:27:51', 249),
(250, 'Citation', 'Citation', '2019-09-27 09:27:51', '2019-09-27 09:27:51', 250),
(251, 'Cobalt', 'Cobalt', '2019-09-27 09:27:51', '2019-09-27 09:27:51', 251),
(252, 'Colorado', 'Colorado', '2019-09-27 09:27:51', '2019-09-27 09:27:51', 252),
(253, 'Corsica', 'Corsica', '2019-09-27 09:27:51', '2019-09-27 09:27:51', 253),
(254, 'Corvette', 'Corvette', '2019-09-27 09:27:51', '2019-09-27 09:27:51', 254),
(255, 'Cruze', 'Cruze', '2019-09-27 09:27:51', '2019-09-27 09:27:51', 255),
(256, 'El Camino', 'El Camino', '2019-09-27 09:27:51', '2019-09-27 09:27:51', 256),
(257, 'Equinox', 'Equinox', '2019-09-27 09:27:51', '2019-09-27 09:27:51', 257),
(258, 'Express Van', 'Express Van', '2019-09-27 09:27:51', '2019-09-27 09:27:51', 258),
(259, 'G Van', 'G Van', '2019-09-27 09:27:51', '2019-09-27 09:27:51', 259),
(260, 'HHR', 'HHR', '2019-09-27 09:27:51', '2019-09-27 09:27:51', 260),
(261, 'Impala', 'Impala', '2019-09-27 09:27:51', '2019-09-27 09:27:51', 261),
(262, 'Kodiak C4500', 'Kodiak C4500', '2019-09-27 09:27:51', '2019-09-27 09:27:51', 262),
(263, 'Lumina', 'Lumina', '2019-09-27 09:27:51', '2019-09-27 09:27:51', 263),
(264, 'Lumina APV', 'Lumina APV', '2019-09-27 09:27:51', '2019-09-27 09:27:51', 264),
(265, 'LUV', 'LUV', '2019-09-27 09:27:51', '2019-09-27 09:27:51', 265),
(266, 'Malibu', 'Malibu', '2019-09-27 09:27:51', '2019-09-27 09:27:51', 266),
(267, 'Metro', 'Metro', '2019-09-27 09:27:51', '2019-09-27 09:27:51', 267),
(268, 'Monte Carlo', 'Monte Carlo', '2019-09-27 09:27:51', '2019-09-27 09:27:51', 268),
(269, 'Nova', 'Nova', '2019-09-27 09:27:51', '2019-09-27 09:27:51', 269),
(270, 'Prizm', 'Prizm', '2019-09-27 09:27:51', '2019-09-27 09:27:51', 270),
(271, 'S10 Blazer', 'S10 Blazer', '2019-09-27 09:27:51', '2019-09-27 09:27:51', 271),
(272, 'S10 Pickup', 'S10 Pickup', '2019-09-27 09:27:51', '2019-09-27 09:27:51', 272),
(273, 'Silverado and other C/K1500', 'Silverado and other C/K1500', '2019-09-27 09:27:51', '2019-09-27 09:27:51', 273),
(274, 'Silverado and other C/K2500', 'Silverado and other C/K2500', '2019-09-27 09:27:51', '2019-09-27 09:27:51', 274),
(275, 'Silverado and other C/K3500', 'Silverado and other C/K3500', '2019-09-27 09:27:51', '2019-09-27 09:27:51', 275),
(276, 'Sonic', 'Sonic', '2019-09-27 09:27:51', '2019-09-27 09:27:51', 276),
(277, 'Spark', 'Spark', '2019-09-27 09:27:51', '2019-09-27 09:27:51', 277),
(278, 'Spectrum', 'Spectrum', '2019-09-27 09:27:51', '2019-09-27 09:27:51', 278),
(279, 'Sprint', 'Sprint', '2019-09-27 09:27:51', '2019-09-27 09:27:51', 279),
(280, 'SSR', 'SSR', '2019-09-27 09:27:51', '2019-09-27 09:27:51', 280),
(281, 'Suburban', 'Suburban', '2019-09-27 09:27:51', '2019-09-27 09:27:51', 281),
(282, 'Tahoe', 'Tahoe', '2019-09-27 09:27:51', '2019-09-27 09:27:51', 282),
(283, 'Tracker', 'Tracker', '2019-09-27 09:27:51', '2019-09-27 09:27:51', 283),
(284, 'TrailBlazer', 'TrailBlazer', '2019-09-27 09:27:51', '2019-09-27 09:27:51', 284),
(285, 'TrailBlazer EXT', 'TrailBlazer EXT', '2019-09-27 09:27:51', '2019-09-27 09:27:51', 285),
(286, 'Traverse', 'Traverse', '2019-09-27 09:27:51', '2019-09-27 09:27:51', 286),
(287, 'Uplander', 'Uplander', '2019-09-27 09:27:51', '2019-09-27 09:27:51', 287),
(288, 'Venture', 'Venture', '2019-09-27 09:27:51', '2019-09-27 09:27:51', 288),
(289, 'Volt', 'Volt', '2019-09-27 09:27:51', '2019-09-27 09:27:51', 289),
(291, '200', '200', '2019-09-27 09:27:51', '2019-09-27 09:27:51', 291),
(292, '300', '300', '2019-09-27 09:27:51', '2019-09-27 09:27:51', 292),
(293, '300M', '300M', '2019-09-27 09:27:51', '2019-09-27 09:27:51', 293),
(294, 'Aspen', 'Aspen', '2019-09-27 09:27:51', '2019-09-27 09:27:51', 294),
(295, 'Caravan', 'Caravan', '2019-09-27 09:27:51', '2019-09-27 09:27:51', 295),
(296, 'Cirrus', 'Cirrus', '2019-09-27 09:27:51', '2019-09-27 09:27:51', 296),
(297, 'Concorde', 'Concorde', '2019-09-27 09:27:51', '2019-09-27 09:27:51', 297),
(298, 'Conquest', 'Conquest', '2019-09-27 09:27:51', '2019-09-27 09:27:51', 298),
(299, 'Cordoba', 'Cordoba', '2019-09-27 09:27:51', '2019-09-27 09:27:51', 299),
(300, 'Crossfire', 'Crossfire', '2019-09-27 09:27:51', '2019-09-27 09:27:51', 300),
(301, 'E Class', 'E Class', '2019-09-27 09:27:51', '2019-09-27 09:27:51', 301),
(302, 'Fifth Avenue', 'Fifth Avenue', '2019-09-27 09:27:51', '2019-09-27 09:27:51', 302),
(303, 'Grand Voyager', 'Grand Voyager', '2019-09-27 09:27:51', '2019-09-27 09:27:51', 303),
(304, 'Imperial', 'Imperial', '2019-09-27 09:27:51', '2019-09-27 09:27:51', 304),
(305, 'Intrepid', 'Intrepid', '2019-09-27 09:27:51', '2019-09-27 09:27:51', 305),
(306, 'Laser', 'Laser', '2019-09-27 09:27:51', '2019-09-27 09:27:51', 306),
(307, 'LeBaron', 'LeBaron', '2019-09-27 09:27:51', '2019-09-27 09:27:51', 307),
(308, 'LHS', 'LHS', '2019-09-27 09:27:51', '2019-09-27 09:27:51', 308),
(309, 'Neon', 'Neon', '2019-09-27 09:27:51', '2019-09-27 09:27:51', 309),
(310, 'New Yorker', 'New Yorker', '2019-09-27 09:27:51', '2019-09-27 09:27:51', 310),
(311, 'Newport', 'Newport', '2019-09-27 09:27:51', '2019-09-27 09:27:51', 311),
(312, 'Pacifica', 'Pacifica', '2019-09-27 09:27:51', '2019-09-27 09:27:51', 312),
(313, 'Prowler', 'Prowler', '2019-09-27 09:27:51', '2019-09-27 09:27:51', 313),
(314, 'PT Cruiser', 'PT Cruiser', '2019-09-27 09:27:51', '2019-09-27 09:27:51', 314),
(315, 'Sebring', 'Sebring', '2019-09-27 09:27:51', '2019-09-27 09:27:51', 315),
(316, 'TC by Maserati', 'TC by Maserati', '2019-09-27 09:27:51', '2019-09-27 09:27:51', 316),
(317, 'Town & Country', 'Town & Country', '2019-09-27 09:27:51', '2019-09-27 09:27:51', 317),
(318, 'Voyager', 'Voyager', '2019-09-27 09:27:51', '2019-09-27 09:27:51', 318),
(320, 'Lanos', 'Lanos', '2019-09-27 09:27:51', '2019-09-27 09:27:51', 320),
(321, 'Leganza', 'Leganza', '2019-09-27 09:27:51', '2019-09-27 09:27:51', 321),
(322, 'Nubira', 'Nubira', '2019-09-27 09:27:51', '2019-09-27 09:27:51', 322),
(324, 'Charade', 'Charade', '2019-09-27 09:27:51', '2019-09-27 09:27:51', 324),
(325, 'Rocky', 'Rocky', '2019-09-27 09:27:51', '2019-09-27 09:27:51', 325),
(327, '200SX', '200SX', '2019-09-27 09:27:51', '2019-09-27 09:27:51', 327),
(328, '210', '210', '2019-09-27 09:27:51', '2019-09-27 09:27:51', 328),
(329, '280ZX', '280ZX', '2019-09-27 09:27:51', '2019-09-27 09:27:51', 329),
(330, '300ZX', '300ZX', '2019-09-27 09:27:51', '2019-09-27 09:27:51', 330),
(331, '310', '310', '2019-09-27 09:27:51', '2019-09-27 09:27:51', 331),
(332, '510', '510', '2019-09-27 09:27:51', '2019-09-27 09:27:51', 332),
(333, '720', '720', '2019-09-27 09:27:51', '2019-09-27 09:27:51', 333),
(334, '810', '810', '2019-09-27 09:27:51', '2019-09-27 09:27:51', 334),
(335, 'Maxima', 'Maxima', '2019-09-27 09:27:51', '2019-09-27 09:27:51', 335),
(336, 'Pickup', 'Pickup', '2019-09-27 09:27:51', '2019-09-27 09:27:51', 336),
(337, 'Pulsar', 'Pulsar', '2019-09-27 09:27:51', '2019-09-27 09:27:51', 337),
(338, 'Sentra', 'Sentra', '2019-09-27 09:27:51', '2019-09-27 09:27:51', 338),
(339, 'Stanza', 'Stanza', '2019-09-27 09:27:51', '2019-09-27 09:27:51', 339),
(341, 'DMC-12', 'DMC-12', '2019-09-27 09:27:51', '2019-09-27 09:27:51', 341),
(342, '400', '400', '2019-09-27 09:27:51', '2019-09-27 09:27:51', 342),
(343, '600', '600', '2019-09-27 09:27:51', '2019-09-27 09:27:51', 343),
(344, 'Aries', 'Aries', '2019-09-27 09:27:51', '2019-09-27 09:27:51', 344),
(345, 'Avenger', 'Avenger', '2019-09-27 09:27:51', '2019-09-27 09:27:51', 345),
(346, 'Caliber', 'Caliber', '2019-09-27 09:27:51', '2019-09-27 09:27:51', 346),
(347, 'Caravan', 'Caravan', '2019-09-27 09:27:51', '2019-09-27 09:27:51', 347),
(348, 'Challenger', 'Challenger', '2019-09-27 09:27:51', '2019-09-27 09:27:51', 348),
(349, 'Charger', 'Charger', '2019-09-27 09:27:51', '2019-09-27 09:27:51', 349),
(350, 'Colt', 'Colt', '2019-09-27 09:27:51', '2019-09-27 09:27:51', 350),
(351, 'Conquest', 'Conquest', '2019-09-27 09:27:51', '2019-09-27 09:27:51', 351),
(352, 'D/W Truck', 'D/W Truck', '2019-09-27 09:27:51', '2019-09-27 09:27:51', 352),
(353, 'Dakota', 'Dakota', '2019-09-27 09:27:51', '2019-09-27 09:27:51', 353),
(354, 'Dart', 'Dart', '2019-09-27 09:27:51', '2019-09-27 09:27:51', 354),
(355, 'Daytona', 'Daytona', '2019-09-27 09:27:51', '2019-09-27 09:27:51', 355),
(356, 'Diplomat', 'Diplomat', '2019-09-27 09:27:51', '2019-09-27 09:27:51', 356),
(357, 'Durango', 'Durango', '2019-09-27 09:27:51', '2019-09-27 09:27:51', 357),
(358, 'Dynasty', 'Dynasty', '2019-09-27 09:27:51', '2019-09-27 09:27:51', 358),
(359, 'Grand Caravan', 'Grand Caravan', '2019-09-27 09:27:51', '2019-09-27 09:27:51', 359),
(360, 'Intrepid', 'Intrepid', '2019-09-27 09:27:51', '2019-09-27 09:27:51', 360),
(361, 'Journey', 'Journey', '2019-09-27 09:27:51', '2019-09-27 09:27:51', 361),
(362, 'Lancer', 'Lancer', '2019-09-27 09:27:51', '2019-09-27 09:27:51', 362),
(363, 'Magnum', 'Magnum', '2019-09-27 09:27:51', '2019-09-27 09:27:51', 363),
(364, 'Mirada', 'Mirada', '2019-09-27 09:27:51', '2019-09-27 09:27:51', 364),
(365, 'Monaco', 'Monaco', '2019-09-27 09:27:51', '2019-09-27 09:27:51', 365),
(366, 'Neon', 'Neon', '2019-09-27 09:27:51', '2019-09-27 09:27:51', 366),
(367, 'Nitro', 'Nitro', '2019-09-27 09:27:51', '2019-09-27 09:27:51', 367),
(368, 'Omni', 'Omni', '2019-09-27 09:27:51', '2019-09-27 09:27:51', 368),
(369, 'Raider', 'Raider', '2019-09-27 09:27:51', '2019-09-27 09:27:51', 369),
(370, 'Ram 1500 Truck', 'Ram 1500 Truck', '2019-09-27 09:27:51', '2019-09-27 09:27:51', 370),
(371, 'Ram 2500 Truck', 'Ram 2500 Truck', '2019-09-27 09:27:51', '2019-09-27 09:27:51', 371),
(372, 'Ram 3500 Truck', 'Ram 3500 Truck', '2019-09-27 09:27:51', '2019-09-27 09:27:51', 372),
(373, 'Ram 4500 Truck', 'Ram 4500 Truck', '2019-09-27 09:27:51', '2019-09-27 09:27:51', 373),
(374, 'Ram 50 Truck', 'Ram 50 Truck', '2019-09-27 09:27:51', '2019-09-27 09:27:51', 374),
(375, 'RAM C/V', 'RAM C/V', '2019-09-27 09:27:51', '2019-09-27 09:27:51', 375),
(376, 'Ram SRT-10', 'Ram SRT-10', '2019-09-27 09:27:51', '2019-09-27 09:27:51', 376),
(377, 'Ram Van', 'Ram Van', '2019-09-27 09:27:51', '2019-09-27 09:27:51', 377),
(378, 'Ram Wagon', 'Ram Wagon', '2019-09-27 09:27:51', '2019-09-27 09:27:51', 378),
(379, 'Ramcharger', 'Ramcharger', '2019-09-27 09:27:51', '2019-09-27 09:27:51', 379),
(380, 'Rampage', 'Rampage', '2019-09-27 09:27:51', '2019-09-27 09:27:51', 380),
(381, 'Shadow', 'Shadow', '2019-09-27 09:27:51', '2019-09-27 09:27:51', 381),
(382, 'Spirit', 'Spirit', '2019-09-27 09:27:51', '2019-09-27 09:27:51', 382),
(383, 'Sprinter', 'Sprinter', '2019-09-27 09:27:51', '2019-09-27 09:27:51', 383),
(384, 'SRT-4', 'SRT-4', '2019-09-27 09:27:51', '2019-09-27 09:27:51', 384),
(385, 'St. Regis', 'St. Regis', '2019-09-27 09:27:51', '2019-09-27 09:27:51', 385),
(386, 'Stealth', 'Stealth', '2019-09-27 09:27:51', '2019-09-27 09:27:51', 386),
(387, 'Stratus', 'Stratus', '2019-09-27 09:27:51', '2019-09-27 09:27:51', 387),
(388, 'Viper', 'Viper', '2019-09-27 09:27:51', '2019-09-27 09:27:51', 388),
(390, 'Medallion', 'Medallion', '2019-09-27 09:27:51', '2019-09-27 09:27:51', 390),
(391, 'Premier', 'Premier', '2019-09-27 09:27:51', '2019-09-27 09:27:51', 391),
(392, 'Summit', 'Summit', '2019-09-27 09:27:51', '2019-09-27 09:27:51', 392),
(393, 'Talon', 'Talon', '2019-09-27 09:27:51', '2019-09-27 09:27:51', 393),
(394, 'Vision', 'Vision', '2019-09-27 09:27:51', '2019-09-27 09:27:51', 394),
(396, '308 GTB Quattrovalvole', '308 GTB Quattrovalvole', '2019-09-27 09:27:51', '2019-09-27 09:27:51', 396),
(397, '308 GTBI', '308 GTBI', '2019-09-27 09:27:51', '2019-09-27 09:27:51', 397),
(398, '308 GTS Quattrovalvole', '308 GTS Quattrovalvole', '2019-09-27 09:27:51', '2019-09-27 09:27:51', 398),
(399, '308 GTSI', '308 GTSI', '2019-09-27 09:27:51', '2019-09-27 09:27:51', 399),
(400, '328 GTB', '328 GTB', '2019-09-27 09:27:51', '2019-09-27 09:27:51', 400),
(401, '328 GTS', '328 GTS', '2019-09-27 09:27:51', '2019-09-27 09:27:51', 401),
(402, '348 GTB', '348 GTB', '2019-09-27 09:27:51', '2019-09-27 09:27:51', 402),
(403, '348 GTS', '348 GTS', '2019-09-27 09:27:51', '2019-09-27 09:27:51', 403),
(404, '348 Spider', '348 Spider', '2019-09-27 09:27:51', '2019-09-27 09:27:51', 404),
(405, '348 TB', '348 TB', '2019-09-27 09:27:51', '2019-09-27 09:27:51', 405),
(406, '348 TS', '348 TS', '2019-09-27 09:27:51', '2019-09-27 09:27:51', 406),
(407, '360', '360', '2019-09-27 09:27:51', '2019-09-27 09:27:51', 407),
(408, '456 GT', '456 GT', '2019-09-27 09:27:51', '2019-09-27 09:27:51', 408),
(409, '456M GT', '456M GT', '2019-09-27 09:27:51', '2019-09-27 09:27:51', 409),
(410, '458 Italia', '458 Italia', '2019-09-27 09:27:51', '2019-09-27 09:27:51', 410),
(411, '512 BBi', '512 BBi', '2019-09-27 09:27:51', '2019-09-27 09:27:51', 411),
(412, '512M', '512M', '2019-09-27 09:27:51', '2019-09-27 09:27:51', 412),
(413, '512TR', '512TR', '2019-09-27 09:27:51', '2019-09-27 09:27:51', 413),
(414, '550 Maranello', '550 Maranello', '2019-09-27 09:27:51', '2019-09-27 09:27:51', 414),
(415, '575M Maranello', '575M Maranello', '2019-09-27 09:27:51', '2019-09-27 09:27:51', 415),
(416, '599 GTB Fiorano', '599 GTB Fiorano', '2019-09-27 09:27:51', '2019-09-27 09:27:51', 416),
(417, '599 GTO', '599 GTO', '2019-09-27 09:27:51', '2019-09-27 09:27:51', 417),
(418, '612 Scaglietti', '612 Scaglietti', '2019-09-27 09:27:51', '2019-09-27 09:27:51', 418),
(419, 'California', 'California', '2019-09-27 09:27:51', '2019-09-27 09:27:51', 419),
(420, 'Enzo', 'Enzo', '2019-09-27 09:27:51', '2019-09-27 09:27:51', 420),
(421, 'F355', 'F355', '2019-09-27 09:27:51', '2019-09-27 09:27:51', 421),
(422, 'F40', 'F40', '2019-09-27 09:27:51', '2019-09-27 09:27:51', 422),
(423, 'F430', 'F430', '2019-09-27 09:27:51', '2019-09-27 09:27:51', 423),
(424, 'F50', 'F50', '2019-09-27 09:27:51', '2019-09-27 09:27:51', 424),
(425, 'FF', 'FF', '2019-09-27 09:27:51', '2019-09-27 09:27:51', 425),
(426, 'Mondial', 'Mondial', '2019-09-27 09:27:51', '2019-09-27 09:27:51', 426),
(427, 'Testarossa', 'Testarossa', '2019-09-27 09:27:51', '2019-09-27 09:27:51', 427),
(429, '2000 Spider', '2000 Spider', '2019-09-27 09:27:51', '2019-09-27 09:27:51', 429),
(430, '500', '500', '2019-09-27 09:27:51', '2019-09-27 09:27:51', 430),
(431, 'Bertone X1/9', 'Bertone X1/9', '2019-09-27 09:27:51', '2019-09-27 09:27:51', 431),
(432, 'Brava', 'Brava', '2019-09-27 09:27:51', '2019-09-27 09:27:51', 432),
(433, 'Pininfarina Spider', 'Pininfarina Spider', '2019-09-27 09:27:51', '2019-09-27 09:27:51', 433),
(434, 'Strada', 'Strada', '2019-09-27 09:27:51', '2019-09-27 09:27:51', 434),
(435, 'X1/9', 'X1/9', '2019-09-27 09:27:51', '2019-09-27 09:27:51', 435),
(437, 'Karma', 'Karma', '2019-09-27 09:27:51', '2019-09-27 09:27:51', 437),
(438, 'Aerostar', 'Aerostar', '2019-09-27 09:27:51', '2019-09-27 09:27:51', 438),
(439, 'Aspire', 'Aspire', '2019-09-27 09:27:51', '2019-09-27 09:27:51', 439),
(440, 'Bronco', 'Bronco', '2019-09-27 09:27:51', '2019-09-27 09:27:51', 440),
(441, 'Bronco II', 'Bronco II', '2019-09-27 09:27:51', '2019-09-27 09:27:51', 441),
(442, 'C-MAX', 'C-MAX', '2019-09-27 09:27:51', '2019-09-27 09:27:51', 442),
(443, 'Club Wagon', 'Club Wagon', '2019-09-27 09:27:51', '2019-09-27 09:27:51', 443),
(444, 'Contour', 'Contour', '2019-09-27 09:27:51', '2019-09-27 09:27:51', 444),
(445, 'Courier', 'Courier', '2019-09-27 09:27:51', '2019-09-27 09:27:51', 445),
(446, 'Crown Victoria', 'Crown Victoria', '2019-09-27 09:27:51', '2019-09-27 09:27:51', 446),
(447, 'E-150 and Econoline 150', 'E-150 and Econoline 150', '2019-09-27 09:27:51', '2019-09-27 09:27:51', 447),
(448, 'E-250 and Econoline 250', 'E-250 and Econoline 250', '2019-09-27 09:27:51', '2019-09-27 09:27:51', 448),
(449, 'E-350 and Econoline 350', 'E-350 and Econoline 350', '2019-09-27 09:27:51', '2019-09-27 09:27:51', 449),
(450, 'Edge', 'Edge', '2019-09-27 09:27:51', '2019-09-27 09:27:51', 450),
(451, 'Escape', 'Escape', '2019-09-27 09:27:51', '2019-09-27 09:27:51', 451),
(452, 'Escort', 'Escort', '2019-09-27 09:27:51', '2019-09-27 09:27:51', 452),
(453, 'Excursion', 'Excursion', '2019-09-27 09:27:51', '2019-09-27 09:27:51', 453),
(454, 'EXP', 'EXP', '2019-09-27 09:27:51', '2019-09-27 09:27:51', 454),
(455, 'Expedition', 'Expedition', '2019-09-27 09:27:51', '2019-09-27 09:27:51', 455),
(456, 'Expedition EL', 'Expedition EL', '2019-09-27 09:27:51', '2019-09-27 09:27:51', 456),
(457, 'Explorer', 'Explorer', '2019-09-27 09:27:51', '2019-09-27 09:27:51', 457),
(458, 'Explorer Sport Trac', 'Explorer Sport Trac', '2019-09-27 09:27:51', '2019-09-27 09:27:51', 458),
(459, 'F100', 'F100', '2019-09-27 09:27:51', '2019-09-27 09:27:51', 459),
(460, 'F150', 'F150', '2019-09-27 09:27:51', '2019-09-27 09:27:51', 460),
(461, 'F250', 'F250', '2019-09-27 09:27:51', '2019-09-27 09:27:51', 461),
(462, 'F350', 'F350', '2019-09-27 09:27:51', '2019-09-27 09:27:51', 462),
(463, 'F450', 'F450', '2019-09-27 09:27:51', '2019-09-27 09:27:51', 463),
(464, 'Fairmont', 'Fairmont', '2019-09-27 09:27:51', '2019-09-27 09:27:51', 464),
(465, 'Festiva', 'Festiva', '2019-09-27 09:27:51', '2019-09-27 09:27:51', 465),
(466, 'Fiesta', 'Fiesta', '2019-09-27 09:27:51', '2019-09-27 09:27:51', 466),
(467, 'Five Hundred', 'Five Hundred', '2019-09-27 09:27:51', '2019-09-27 09:27:51', 467),
(468, 'Flex', 'Flex', '2019-09-27 09:27:51', '2019-09-27 09:27:51', 468),
(469, 'Focus', 'Focus', '2019-09-27 09:27:51', '2019-09-27 09:27:51', 469),
(470, 'Freestar', 'Freestar', '2019-09-27 09:27:51', '2019-09-27 09:27:51', 470),
(471, 'Freestyle', 'Freestyle', '2019-09-27 09:27:51', '2019-09-27 09:27:51', 471),
(472, 'Fusion', 'Fusion', '2019-09-27 09:27:51', '2019-09-27 09:27:51', 472),
(473, 'Granada', 'Granada', '2019-09-27 09:27:51', '2019-09-27 09:27:51', 473),
(474, 'GT', 'GT', '2019-09-27 09:27:51', '2019-09-27 09:27:51', 474),
(475, 'LTD', 'LTD', '2019-09-27 09:27:51', '2019-09-27 09:27:51', 475),
(476, 'Mustang', 'Mustang', '2019-09-27 09:27:51', '2019-09-27 09:27:51', 476),
(477, 'Probe', 'Probe', '2019-09-27 09:27:51', '2019-09-27 09:27:51', 477),
(478, 'Ranger', 'Ranger', '2019-09-27 09:27:51', '2019-09-27 09:27:51', 478),
(479, 'Taurus', 'Taurus', '2019-09-27 09:27:51', '2019-09-27 09:27:51', 479),
(480, 'Taurus X', 'Taurus X', '2019-09-27 09:27:51', '2019-09-27 09:27:51', 480),
(481, 'Tempo', 'Tempo', '2019-09-27 09:27:51', '2019-09-27 09:27:51', 481),
(482, 'Thunderbird', 'Thunderbird', '2019-09-27 09:27:51', '2019-09-27 09:27:51', 482),
(483, 'Transit Connect', 'Transit Connect', '2019-09-27 09:27:51', '2019-09-27 09:27:51', 483),
(484, 'Windstar', 'Windstar', '2019-09-27 09:27:51', '2019-09-27 09:27:51', 484),
(485, 'ZX2 Escort', 'ZX2 Escort', '2019-09-27 09:27:51', '2019-09-27 09:27:51', 485),
(487, 'Sprinter', 'Sprinter', '2019-09-27 09:27:51', '2019-09-27 09:27:51', 487),
(488, 'Metro', 'Metro', '2019-09-27 09:27:51', '2019-09-27 09:27:51', 488),
(489, 'Prizm', 'Prizm', '2019-09-27 09:27:51', '2019-09-27 09:27:51', 489),
(490, 'Spectrum', 'Spectrum', '2019-09-27 09:27:51', '2019-09-27 09:27:51', 490),
(491, 'Storm', 'Storm', '2019-09-27 09:27:51', '2019-09-27 09:27:51', 491),
(492, 'Tracker', 'Tracker', '2019-09-27 09:27:51', '2019-09-27 09:27:51', 492),
(494, 'Acadia', 'Acadia', '2019-09-27 09:27:51', '2019-09-27 09:27:51', 494),
(495, 'Caballero', 'Caballero', '2019-09-27 09:27:51', '2019-09-27 09:27:51', 495),
(496, 'Canyon', 'Canyon', '2019-09-27 09:27:51', '2019-09-27 09:27:51', 496),
(497, 'Envoy', 'Envoy', '2019-09-27 09:27:51', '2019-09-27 09:27:51', 497),
(498, 'Envoy XL', 'Envoy XL', '2019-09-27 09:27:51', '2019-09-27 09:27:51', 498),
(499, 'Envoy XUV', 'Envoy XUV', '2019-09-27 09:27:51', '2019-09-27 09:27:51', 499),
(500, 'Jimmy', 'Jimmy', '2019-09-27 09:27:51', '2019-09-27 09:27:51', 500),
(501, 'Rally Wagon', 'Rally Wagon', '2019-09-27 09:27:51', '2019-09-27 09:27:51', 501),
(502, 'S15 Jimmy', 'S15 Jimmy', '2019-09-27 09:27:51', '2019-09-27 09:27:51', 502),
(503, 'S15 Pickup', 'S15 Pickup', '2019-09-27 09:27:51', '2019-09-27 09:27:51', 503),
(504, 'Safari', 'Safari', '2019-09-27 09:27:51', '2019-09-27 09:27:51', 504),
(505, 'Savana', 'Savana', '2019-09-27 09:27:51', '2019-09-27 09:27:51', 505),
(506, 'Sierra C/K1500', 'Sierra C/K1500', '2019-09-27 09:27:51', '2019-09-27 09:27:51', 506),
(507, 'Sierra C/K2500', 'Sierra C/K2500', '2019-09-27 09:27:51', '2019-09-27 09:27:51', 507),
(508, 'Sierra C/K3500', 'Sierra C/K3500', '2019-09-27 09:27:51', '2019-09-27 09:27:51', 508),
(509, 'Sonoma', 'Sonoma', '2019-09-27 09:27:51', '2019-09-27 09:27:51', 509),
(510, 'Suburban', 'Suburban', '2019-09-27 09:27:51', '2019-09-27 09:27:51', 510),
(511, 'Syclone', 'Syclone', '2019-09-27 09:27:51', '2019-09-27 09:27:51', 511),
(512, 'Terrain', 'Terrain', '2019-09-27 09:27:51', '2019-09-27 09:27:51', 512),
(513, 'TopKick C4500', 'TopKick C4500', '2019-09-27 09:27:51', '2019-09-27 09:27:51', 513),
(514, 'Typhoon', 'Typhoon', '2019-09-27 09:27:51', '2019-09-27 09:27:51', 514),
(515, 'Vandura', 'Vandura', '2019-09-27 09:27:51', '2019-09-27 09:27:51', 515),
(516, 'Yukon', 'Yukon', '2019-09-27 09:27:51', '2019-09-27 09:27:51', 516),
(517, 'Yukon XL', 'Yukon XL', '2019-09-27 09:27:51', '2019-09-27 09:27:51', 517),
(519, 'Accord', 'Accord', '2019-09-27 09:27:51', '2019-09-27 09:27:51', 519),
(520, 'Civic', 'Civic', '2019-09-27 09:27:51', '2019-09-27 09:27:51', 520),
(521, 'CR-V', 'CR-V', '2019-09-27 09:27:51', '2019-09-27 09:27:51', 521),
(522, 'CR-Z', 'CR-Z', '2019-09-27 09:27:51', '2019-09-27 09:27:51', 522),
(523, 'CRX', 'CRX', '2019-09-27 09:27:51', '2019-09-27 09:27:51', 523),
(525, ' - Accord Crosstour', ' - Accord Crosstour', '2019-09-27 09:27:51', '2019-09-27 09:27:51', 524),
(526, ' - Crosstour', ' - Crosstour', '2019-09-27 09:27:51', '2019-09-27 09:27:51', 524),
(527, 'Del Sol', 'Del Sol', '2019-09-27 09:27:51', '2019-09-27 09:27:51', 527),
(528, 'Element', 'Element', '2019-09-27 09:27:51', '2019-09-27 09:27:51', 528),
(529, 'Fit', 'Fit', '2019-09-27 09:27:51', '2019-09-27 09:27:51', 529),
(530, 'Insight', 'Insight', '2019-09-27 09:27:51', '2019-09-27 09:27:51', 530),
(531, 'Odyssey', 'Odyssey', '2019-09-27 09:27:51', '2019-09-27 09:27:51', 531),
(532, 'Passport', 'Passport', '2019-09-27 09:27:51', '2019-09-27 09:27:51', 532),
(533, 'Pilot', 'Pilot', '2019-09-27 09:27:51', '2019-09-27 09:27:51', 533),
(534, 'Prelude', 'Prelude', '2019-09-27 09:27:51', '2019-09-27 09:27:51', 534),
(535, 'Ridgeline', 'Ridgeline', '2019-09-27 09:27:51', '2019-09-27 09:27:51', 535),
(536, 'S2000', 'S2000', '2019-09-27 09:27:51', '2019-09-27 09:27:51', 536),
(538, 'H1', 'H1', '2019-09-27 09:27:51', '2019-09-27 09:27:51', 538),
(539, 'H2', 'H2', '2019-09-27 09:27:51', '2019-09-27 09:27:51', 539),
(540, 'H3', 'H3', '2019-09-27 09:27:51', '2019-09-27 09:27:51', 540),
(541, 'H3T', 'H3T', '2019-09-27 09:27:51', '2019-09-27 09:27:51', 541),
(543, 'Accent', 'Accent', '2019-09-27 09:27:51', '2019-09-27 09:27:51', 543),
(544, 'Azera', 'Azera', '2019-09-27 09:27:51', '2019-09-27 09:27:51', 544),
(545, 'Elantra', 'Elantra', '2019-09-27 09:27:51', '2019-09-27 09:27:51', 545),
(546, 'Elantra Coupe', 'Elantra Coupe', '2019-09-27 09:27:51', '2019-09-27 09:27:51', 546),
(547, 'Elantra Touring', 'Elantra Touring', '2019-09-27 09:27:51', '2019-09-27 09:27:51', 547),
(548, 'Entourage', 'Entourage', '2019-09-27 09:27:51', '2019-09-27 09:27:51', 548),
(549, 'Equus', 'Equus', '2019-09-27 09:27:51', '2019-09-27 09:27:51', 549),
(550, 'Excel', 'Excel', '2019-09-27 09:27:51', '2019-09-27 09:27:51', 550),
(551, 'Genesis', 'Genesis', '2019-09-27 09:27:51', '2019-09-27 09:27:51', 551),
(552, 'Genesis Coupe', 'Genesis Coupe', '2019-09-27 09:27:51', '2019-09-27 09:27:51', 552),
(553, 'Santa Fe', 'Santa Fe', '2019-09-27 09:27:51', '2019-09-27 09:27:51', 553),
(554, 'Scoupe', 'Scoupe', '2019-09-27 09:27:51', '2019-09-27 09:27:51', 554),
(555, 'Sonata', 'Sonata', '2019-09-27 09:27:51', '2019-09-27 09:27:51', 555),
(556, 'Tiburon', 'Tiburon', '2019-09-27 09:27:51', '2019-09-27 09:27:51', 556),
(557, 'Tucson', 'Tucson', '2019-09-27 09:27:51', '2019-09-27 09:27:51', 557),
(558, 'Veloster', 'Veloster', '2019-09-27 09:27:51', '2019-09-27 09:27:51', 558),
(559, 'Veracruz', 'Veracruz', '2019-09-27 09:27:51', '2019-09-27 09:27:51', 559),
(560, 'XG300', 'XG300', '2019-09-27 09:27:51', '2019-09-27 09:27:51', 560),
(561, 'XG350', 'XG350', '2019-09-27 09:27:51', '2019-09-27 09:27:51', 561),
(564, ' - EX35', ' - EX35', '2019-09-27 09:27:51', '2019-09-27 09:27:51', 563),
(565, ' - EX37', ' - EX37', '2019-09-27 09:27:51', '2019-09-27 09:27:51', 563),
(567, ' - FX35', ' - FX35', '2019-09-27 09:27:51', '2019-09-27 09:27:51', 566),
(568, ' - FX37', ' - FX37', '2019-09-27 09:27:51', '2019-09-27 09:27:51', 566),
(569, ' - FX45', ' - FX45', '2019-09-27 09:27:51', '2019-09-27 09:27:51', 566),
(570, ' - FX50', ' - FX50', '2019-09-27 09:27:51', '2019-09-27 09:27:51', 566),
(572, ' - G20', ' - G20', '2019-09-27 09:27:51', '2019-09-27 09:27:51', 571),
(573, ' - G25', ' - G25', '2019-09-27 09:27:51', '2019-09-27 09:27:51', 571),
(574, ' - G35', ' - G35', '2019-09-27 09:27:51', '2019-09-27 09:27:51', 571),
(575, ' - G37', ' - G37', '2019-09-27 09:27:51', '2019-09-27 09:27:51', 571),
(577, ' - I30', ' - I30', '2019-09-27 09:27:51', '2019-09-27 09:27:51', 576),
(578, ' - I35', ' - I35', '2019-09-27 09:27:51', '2019-09-27 09:27:51', 576),
(580, ' - J30', ' - J30', '2019-09-27 09:27:51', '2019-09-27 09:27:51', 579),
(582, ' - JX35', ' - JX35', '2019-09-27 09:27:51', '2019-09-27 09:27:51', 581),
(584, ' - M30', ' - M30', '2019-09-27 09:27:51', '2019-09-27 09:27:51', 583),
(585, ' - M35', ' - M35', '2019-09-27 09:27:51', '2019-09-27 09:27:51', 583),
(586, ' - M35h', ' - M35h', '2019-09-27 09:27:51', '2019-09-27 09:27:51', 583),
(587, ' - M37', ' - M37', '2019-09-27 09:27:51', '2019-09-27 09:27:51', 583),
(588, ' - M45', ' - M45', '2019-09-27 09:27:51', '2019-09-27 09:27:51', 583),
(589, ' - M56', ' - M56', '2019-09-27 09:27:51', '2019-09-27 09:27:51', 583),
(591, ' - Q45', ' - Q45', '2019-09-27 09:27:51', '2019-09-27 09:27:51', 590),
(593, ' - QX4', ' - QX4', '2019-09-27 09:27:51', '2019-09-27 09:27:51', 592),
(594, ' - QX56', ' - QX56', '2019-09-27 09:27:51', '2019-09-27 09:27:51', 592),
(596, 'Amigo', 'Amigo', '2019-09-27 09:27:51', '2019-09-27 09:27:51', 596),
(597, 'Ascender', 'Ascender', '2019-09-27 09:27:51', '2019-09-27 09:27:51', 597),
(598, 'Axiom', 'Axiom', '2019-09-27 09:27:51', '2019-09-27 09:27:51', 598),
(599, 'Hombre', 'Hombre', '2019-09-27 09:27:51', '2019-09-27 09:27:51', 599),
(600, 'i-280', 'i-280', '2019-09-27 09:27:51', '2019-09-27 09:27:51', 600),
(601, 'i-290', 'i-290', '2019-09-27 09:27:51', '2019-09-27 09:27:51', 601),
(602, 'i-350', 'i-350', '2019-09-27 09:27:51', '2019-09-27 09:27:51', 602),
(603, 'i-370', 'i-370', '2019-09-27 09:27:51', '2019-09-27 09:27:51', 603),
(604, 'I-Mark', 'I-Mark', '2019-09-27 09:27:51', '2019-09-27 09:27:51', 604),
(605, 'Impulse', 'Impulse', '2019-09-27 09:27:51', '2019-09-27 09:27:51', 605),
(606, 'Oasis', 'Oasis', '2019-09-27 09:27:51', '2019-09-27 09:27:51', 606),
(607, 'Pickup', 'Pickup', '2019-09-27 09:27:51', '2019-09-27 09:27:51', 607),
(608, 'Rodeo', 'Rodeo', '2019-09-27 09:27:51', '2019-09-27 09:27:51', 608),
(609, 'Stylus', 'Stylus', '2019-09-27 09:27:51', '2019-09-27 09:27:51', 609),
(610, 'Trooper', 'Trooper', '2019-09-27 09:27:51', '2019-09-27 09:27:51', 610),
(611, 'Trooper II', 'Trooper II', '2019-09-27 09:27:51', '2019-09-27 09:27:51', 611),
(612, 'VehiCROSS', 'VehiCROSS', '2019-09-27 09:27:51', '2019-09-27 09:27:51', 612),
(614, 'S-Type', 'S-Type', '2019-09-27 09:27:51', '2019-09-27 09:27:51', 614),
(615, 'X-Type', 'X-Type', '2019-09-27 09:27:51', '2019-09-27 09:27:51', 615),
(616, 'XF', 'XF', '2019-09-27 09:27:51', '2019-09-27 09:27:51', 616),
(618, ' - XJ12', ' - XJ12', '2019-09-27 09:27:51', '2019-09-27 09:27:51', 617),
(619, ' - XJ6', ' - XJ6', '2019-09-27 09:27:51', '2019-09-27 09:27:51', 617),
(620, ' - XJR', ' - XJR', '2019-09-27 09:27:51', '2019-09-27 09:27:51', 617),
(621, ' - XJR-S', ' - XJR-S', '2019-09-27 09:27:51', '2019-09-27 09:27:51', 617),
(622, ' - XJS', ' - XJS', '2019-09-27 09:27:51', '2019-09-27 09:27:51', 617),
(623, ' - XJ Vanden Plas', ' - XJ Vanden Plas', '2019-09-27 09:27:51', '2019-09-27 09:27:51', 617),
(624, ' - XJ', ' - XJ', '2019-09-27 09:27:51', '2019-09-27 09:27:51', 617),
(625, ' - XJ8', ' - XJ8', '2019-09-27 09:27:51', '2019-09-27 09:27:51', 617),
(626, ' - XJ8 L', ' - XJ8 L', '2019-09-27 09:27:51', '2019-09-27 09:27:51', 617),
(627, ' - XJ Sport', ' - XJ Sport', '2019-09-27 09:27:51', '2019-09-27 09:27:51', 617),
(629, ' - XK8', ' - XK8', '2019-09-27 09:27:51', '2019-09-27 09:27:51', 628),
(630, ' - XK', ' - XK', '2019-09-27 09:27:51', '2019-09-27 09:27:51', 628),
(631, ' - XKR', ' - XKR', '2019-09-27 09:27:51', '2019-09-27 09:27:51', 628),
(633, 'Cherokee', NULL, '2019-09-27 09:27:51', '2019-09-27 09:27:51', 633),
(634, 'CJ', NULL, '2019-09-27 09:27:51', '2019-09-27 09:27:51', 634),
(635, 'Comanche', NULL, '2019-09-27 09:27:51', '2019-09-27 09:27:51', 635),
(636, 'Commander', NULL, '2019-09-27 09:27:51', '2019-09-27 09:27:51', 636),
(637, 'Compass', NULL, '2019-09-27 09:27:51', '2019-09-27 09:27:51', 637),
(638, 'Grand Cherokee', NULL, '2019-09-27 09:27:51', '2019-09-27 09:27:51', 638),
(639, 'Grand Wagoneer', NULL, '2019-09-27 09:27:51', '2019-09-27 09:27:51', 639),
(640, 'Liberty', NULL, '2019-09-27 09:27:51', '2019-09-27 09:27:51', 640),
(641, 'Patriot', NULL, '2019-09-27 09:27:51', '2019-09-27 09:27:51', 641),
(642, 'Pickup', NULL, '2019-09-27 09:27:51', '2019-09-27 09:27:51', 642),
(643, 'Scrambler', NULL, '2019-09-27 09:27:51', '2019-09-27 09:27:51', 643),
(644, 'Wagoneer', NULL, '2019-09-27 09:27:51', '2019-09-27 09:27:51', 644),
(645, 'Wrangler', NULL, '2019-09-27 09:27:51', '2019-09-27 09:27:51', 645),
(647, 'Amanti', 'Amanti', '2019-09-27 09:27:51', '2019-09-27 09:27:51', 647),
(648, 'Borrego', 'Borrego', '2019-09-27 09:27:51', '2019-09-27 09:27:51', 648),
(649, 'Forte', 'Forte', '2019-09-27 09:27:51', '2019-09-27 09:27:51', 649),
(650, 'Forte Koup', 'Forte Koup', '2019-09-27 09:27:51', '2019-09-27 09:27:51', 650),
(651, 'Optima', 'Optima', '2019-09-27 09:27:51', '2019-09-27 09:27:51', 651),
(652, 'Rio', 'Rio', '2019-09-27 09:27:51', '2019-09-27 09:27:51', 652),
(653, 'Rio5', 'Rio5', '2019-09-27 09:27:51', '2019-09-27 09:27:51', 653),
(654, 'Rondo', 'Rondo', '2019-09-27 09:27:51', '2019-09-27 09:27:51', 654),
(655, 'Sedona', 'Sedona', '2019-09-27 09:27:51', '2019-09-27 09:27:51', 655),
(656, 'Sephia', 'Sephia', '2019-09-27 09:27:51', '2019-09-27 09:27:51', 656),
(657, 'Sorento', 'Sorento', '2019-09-27 09:27:51', '2019-09-27 09:27:51', 657),
(658, 'Soul', 'Soul', '2019-09-27 09:27:51', '2019-09-27 09:27:51', 658),
(659, 'Spectra', 'Spectra', '2019-09-27 09:27:51', '2019-09-27 09:27:51', 659),
(660, 'Spectra5', 'Spectra5', '2019-09-27 09:27:51', '2019-09-27 09:27:51', 660),
(661, 'Sportage', 'Sportage', '2019-09-27 09:27:51', '2019-09-27 09:27:51', 661),
(663, 'Aventador', 'Aventador', '2019-09-27 09:27:51', '2019-09-27 09:27:51', 663),
(664, 'Countach', 'Countach', '2019-09-27 09:27:51', '2019-09-27 09:27:51', 664),
(665, 'Diablo', 'Diablo', '2019-09-27 09:27:51', '2019-09-27 09:27:51', 665),
(666, 'Gallardo', 'Gallardo', '2019-09-27 09:27:51', '2019-09-27 09:27:51', 666),
(667, 'Jalpa', 'Jalpa', '2019-09-27 09:27:51', '2019-09-27 09:27:51', 667),
(668, 'LM002', 'LM002', '2019-09-27 09:27:51', '2019-09-27 09:27:51', 668),
(669, 'Murcielago', 'Murcielago', '2019-09-27 09:27:51', '2019-09-27 09:27:51', 669),
(671, 'Beta', 'Beta', '2019-09-27 09:27:51', '2019-09-27 09:27:51', 671),
(672, 'Zagato', 'Zagato', '2019-09-27 09:27:51', '2019-09-27 09:27:51', 672),
(674, 'Defender', 'Defender', '2019-09-27 09:27:51', '2019-09-27 09:27:51', 674),
(675, 'Discovery', 'Discovery', '2019-09-27 09:27:51', '2019-09-27 09:27:51', 675),
(676, 'Freelander', 'Freelander', '2019-09-27 09:27:51', '2019-09-27 09:27:51', 676),
(677, 'LR2', 'LR2', '2019-09-27 09:27:51', '2019-09-27 09:27:51', 677),
(678, 'LR3', 'LR3', '2019-09-27 09:27:51', '2019-09-27 09:27:51', 678),
(679, 'LR4', 'LR4', '2019-09-27 09:27:51', '2019-09-27 09:27:51', 679),
(680, 'Range Rover', 'Range Rover', '2019-09-27 09:27:51', '2019-09-27 09:27:51', 680),
(681, 'Range Rover Evoque', 'Range Rover Evoque', '2019-09-27 09:27:51', '2019-09-27 09:27:51', 681),
(682, 'Range Rover Sport', 'Range Rover Sport', '2019-09-27 09:27:51', '2019-09-27 09:27:51', 682),
(685, ' - CT 200h', ' - CT 200h', '2019-09-27 09:27:51', '2019-09-27 09:27:51', 684),
(687, ' - ES 250', ' - ES 250', '2019-09-27 09:27:51', '2019-09-27 09:27:51', 686),
(688, ' - ES 300', ' - ES 300', '2019-09-27 09:27:51', '2019-09-27 09:27:51', 686),
(689, ' - ES 300h', ' - ES 300h', '2019-09-27 09:27:51', '2019-09-27 09:27:51', 686),
(690, ' - ES 330', ' - ES 330', '2019-09-27 09:27:51', '2019-09-27 09:27:51', 686),
(691, ' - ES 350', ' - ES 350', '2019-09-27 09:27:51', '2019-09-27 09:27:51', 686),
(693, ' - GS 300', ' - GS 300', '2019-09-27 09:27:51', '2019-09-27 09:27:51', 692),
(694, ' - GS 350', ' - GS 350', '2019-09-27 09:27:51', '2019-09-27 09:27:51', 692),
(695, ' - GS 400', ' - GS 400', '2019-09-27 09:27:51', '2019-09-27 09:27:51', 692),
(696, ' - GS 430', ' - GS 430', '2019-09-27 09:27:51', '2019-09-27 09:27:51', 692),
(697, ' - GS 450h', ' - GS 450h', '2019-09-27 09:27:51', '2019-09-27 09:27:51', 692),
(698, ' - GS 460', ' - GS 460', '2019-09-27 09:27:51', '2019-09-27 09:27:51', 692),
(700, ' - GX 460', ' - GX 460', '2019-09-27 09:27:51', '2019-09-27 09:27:51', 699),
(701, ' - GX 470', ' - GX 470', '2019-09-27 09:27:51', '2019-09-27 09:27:51', 699),
(703, ' - HS 250h', ' - HS 250h', '2019-09-27 09:27:51', '2019-09-27 09:27:51', 702),
(705, ' - IS 250', ' - IS 250', '2019-09-27 09:27:51', '2019-09-27 09:27:51', 704),
(706, ' - IS 250C', ' - IS 250C', '2019-09-27 09:27:51', '2019-09-27 09:27:51', 704),
(707, ' - IS 300', ' - IS 300', '2019-09-27 09:27:51', '2019-09-27 09:27:51', 704),
(708, ' - IS 350', ' - IS 350', '2019-09-27 09:27:51', '2019-09-27 09:27:51', 704),
(709, ' - IS 350C', ' - IS 350C', '2019-09-27 09:27:51', '2019-09-27 09:27:51', 704),
(710, ' - IS F', ' - IS F', '2019-09-27 09:27:51', '2019-09-27 09:27:51', 704),
(711, 'LFA', 'LFA', '2019-09-27 09:27:51', '2019-09-27 09:27:51', 711),
(713, ' - LS 400', ' - LS 400', '2019-09-27 09:27:51', '2019-09-27 09:27:51', 712),
(714, ' - LS 430', ' - LS 430', '2019-09-27 09:27:51', '2019-09-27 09:27:51', 712),
(715, ' - LS 460', ' - LS 460', '2019-09-27 09:27:51', '2019-09-27 09:27:51', 712),
(716, ' - LS 600h', ' - LS 600h', '2019-09-27 09:27:51', '2019-09-27 09:27:51', 712),
(718, ' - LX 450', ' - LX 450', '2019-09-27 09:27:51', '2019-09-27 09:27:51', 717),
(719, ' - LX 470', ' - LX 470', '2019-09-27 09:27:51', '2019-09-27 09:27:51', 717),
(720, ' - LX 570', ' - LX 570', '2019-09-27 09:27:51', '2019-09-27 09:27:51', 717),
(722, ' - RX 300', ' - RX 300', '2019-09-27 09:27:51', '2019-09-27 09:27:51', 721),
(723, ' - RX 330', ' - RX 330', '2019-09-27 09:27:51', '2019-09-27 09:27:51', 721),
(724, ' - RX 350', ' - RX 350', '2019-09-27 09:27:51', '2019-09-27 09:27:51', 721),
(725, ' - RX 400h', ' - RX 400h', '2019-09-27 09:27:51', '2019-09-27 09:27:51', 721),
(726, ' - RX 450h', ' - RX 450h', '2019-09-27 09:27:51', '2019-09-27 09:27:51', 721),
(728, ' - SC 300', ' - SC 300', '2019-09-27 09:27:51', '2019-09-27 09:27:51', 727),
(729, ' - SC 400', ' - SC 400', '2019-09-27 09:27:51', '2019-09-27 09:27:51', 727),
(730, ' - SC 430', ' - SC 430', '2019-09-27 09:27:51', '2019-09-27 09:27:51', 727),
(732, 'Aviator', 'Aviator', '2019-09-27 09:27:51', '2019-09-27 09:27:51', 732),
(733, 'Blackwood', 'Blackwood', '2019-09-27 09:27:51', '2019-09-27 09:27:51', 733),
(734, 'Continental', 'Continental', '2019-09-27 09:27:51', '2019-09-27 09:27:51', 734),
(735, 'LS', 'LS', '2019-09-27 09:27:51', '2019-09-27 09:27:51', 735),
(736, 'Mark LT', 'Mark LT', '2019-09-27 09:27:51', '2019-09-27 09:27:51', 736),
(737, 'Mark VI', 'Mark VI', '2019-09-27 09:27:51', '2019-09-27 09:27:51', 737),
(738, 'Mark VII', 'Mark VII', '2019-09-27 09:27:51', '2019-09-27 09:27:51', 738),
(739, 'Mark VIII', 'Mark VIII', '2019-09-27 09:27:51', '2019-09-27 09:27:51', 739),
(740, 'MKS', 'MKS', '2019-09-27 09:27:51', '2019-09-27 09:27:51', 740),
(741, 'MKT', 'MKT', '2019-09-27 09:27:51', '2019-09-27 09:27:51', 741),
(742, 'MKX', 'MKX', '2019-09-27 09:27:51', '2019-09-27 09:27:51', 742),
(743, 'MKZ', 'MKZ', '2019-09-27 09:27:51', '2019-09-27 09:27:51', 743),
(744, 'Navigator', 'Navigator', '2019-09-27 09:27:51', '2019-09-27 09:27:51', 744),
(745, 'Navigator L', 'Navigator L', '2019-09-27 09:27:51', '2019-09-27 09:27:51', 745),
(746, 'Town Car', 'Town Car', '2019-09-27 09:27:51', '2019-09-27 09:27:51', 746),
(747, 'Zephyr', 'Zephyr', '2019-09-27 09:27:51', '2019-09-27 09:27:51', 747),
(749, 'Elan', 'Elan', '2019-09-27 09:27:51', '2019-09-27 09:27:51', 749),
(750, 'Elise', 'Elise', '2019-09-27 09:27:51', '2019-09-27 09:27:51', 750),
(751, 'Esprit', 'Esprit', '2019-09-27 09:27:51', '2019-09-27 09:27:51', 751),
(752, 'Evora', 'Evora', '2019-09-27 09:27:51', '2019-09-27 09:27:51', 752),
(753, 'Exige', 'Exige', '2019-09-27 09:27:51', '2019-09-27 09:27:51', 753),
(755, '430', '430', '2019-09-27 09:27:51', '2019-09-27 09:27:51', 755),
(756, 'Biturbo', 'Biturbo', '2019-09-27 09:27:51', '2019-09-27 09:27:51', 756),
(757, 'Coupe', 'Coupe', '2019-09-27 09:27:51', '2019-09-27 09:27:51', 757),
(758, 'GranSport', 'GranSport', '2019-09-27 09:27:51', '2019-09-27 09:27:51', 758),
(759, 'GranTurismo', 'GranTurismo', '2019-09-27 09:27:51', '2019-09-27 09:27:51', 759),
(760, 'Quattroporte', 'Quattroporte', '2019-09-27 09:27:51', '2019-09-27 09:27:51', 760),
(761, 'Spyder', 'Spyder', '2019-09-27 09:27:51', '2019-09-27 09:27:51', 761),
(763, '57', '57', '2019-09-27 09:27:51', '2019-09-27 09:27:51', 763),
(764, '62', '62', '2019-09-27 09:27:51', '2019-09-27 09:27:51', 764),
(766, '323', '323', '2019-09-27 09:27:51', '2019-09-27 09:27:51', 766),
(767, '626', '626', '2019-09-27 09:27:51', '2019-09-27 09:27:51', 767),
(768, '929', '929', '2019-09-27 09:27:51', '2019-09-27 09:27:51', 768),
(769, 'B-Series Pickup', 'B-Series Pickup', '2019-09-27 09:27:51', '2019-09-27 09:27:51', 769),
(770, 'CX-5', 'CX-5', '2019-09-27 09:27:51', '2019-09-27 09:27:51', 770),
(771, 'CX-7', 'CX-7', '2019-09-27 09:27:51', '2019-09-27 09:27:51', 771),
(772, 'CX-9', 'CX-9', '2019-09-27 09:27:51', '2019-09-27 09:27:51', 772),
(773, 'GLC', 'GLC', '2019-09-27 09:27:51', '2019-09-27 09:27:51', 773),
(774, 'MAZDA2', 'MAZDA2', '2019-09-27 09:27:51', '2019-09-27 09:27:51', 774),
(775, 'MAZDA3', 'MAZDA3', '2019-09-27 09:27:51', '2019-09-27 09:27:51', 775),
(776, 'MAZDA5', 'MAZDA5', '2019-09-27 09:27:51', '2019-09-27 09:27:51', 776),
(777, 'MAZDA6', 'MAZDA6', '2019-09-27 09:27:51', '2019-09-27 09:27:51', 777),
(778, 'MAZDASPEED3', 'MAZDASPEED3', '2019-09-27 09:27:51', '2019-09-27 09:27:51', 778),
(779, 'MAZDASPEED6', 'MAZDASPEED6', '2019-09-27 09:27:51', '2019-09-27 09:27:51', 779),
(780, 'Miata MX5', 'Miata MX5', '2019-09-27 09:27:51', '2019-09-27 09:27:51', 780),
(781, 'Millenia', 'Millenia', '2019-09-27 09:27:51', '2019-09-27 09:27:51', 781),
(782, 'MPV', 'MPV', '2019-09-27 09:27:51', '2019-09-27 09:27:51', 782),
(783, 'MX3', 'MX3', '2019-09-27 09:27:51', '2019-09-27 09:27:51', 783),
(784, 'MX6', 'MX6', '2019-09-27 09:27:51', '2019-09-27 09:27:51', 784),
(785, 'Navajo', 'Navajo', '2019-09-27 09:27:51', '2019-09-27 09:27:51', 785),
(786, 'Protege', 'Protege', '2019-09-27 09:27:51', '2019-09-27 09:27:51', 786),
(787, 'Protege5', 'Protege5', '2019-09-27 09:27:51', '2019-09-27 09:27:51', 787),
(788, 'RX-7', 'RX-7', '2019-09-27 09:27:51', '2019-09-27 09:27:51', 788),
(789, 'RX-8', 'RX-8', '2019-09-27 09:27:51', '2019-09-27 09:27:51', 789),
(790, 'Tribute', 'Tribute', '2019-09-27 09:27:51', '2019-09-27 09:27:51', 790),
(792, 'MP4-12C', 'MP4-12C', '2019-09-27 09:27:51', '2019-09-27 09:27:51', 792),
(794, ' - 190D', ' - 190D', '2019-09-27 09:27:51', '2019-09-27 09:27:51', 793),
(795, ' - 190E', ' - 190E', '2019-09-27 09:27:51', '2019-09-27 09:27:51', 793),
(797, ' - 240D', ' - 240D', '2019-09-27 09:27:51', '2019-09-27 09:27:51', 796),
(799, ' - 300CD', ' - 300CD', '2019-09-27 09:27:51', '2019-09-27 09:27:51', 798),
(800, ' - 300CE', ' - 300CE', '2019-09-27 09:27:51', '2019-09-27 09:27:51', 798),
(801, ' - 300D', ' - 300D', '2019-09-27 09:27:51', '2019-09-27 09:27:51', 798),
(802, ' - 300E', ' - 300E', '2019-09-27 09:27:51', '2019-09-27 09:27:51', 798),
(803, ' - 300TD', ' - 300TD', '2019-09-27 09:27:51', '2019-09-27 09:27:51', 798),
(804, ' - 300TE', ' - 300TE', '2019-09-27 09:27:51', '2019-09-27 09:27:51', 798),
(806, ' - C220', ' - C220', '2019-09-27 09:27:51', '2019-09-27 09:27:51', 805),
(807, ' - C230', ' - C230', '2019-09-27 09:27:51', '2019-09-27 09:27:51', 805),
(808, ' - C240', ' - C240', '2019-09-27 09:27:51', '2019-09-27 09:27:51', 805),
(809, ' - C250', ' - C250', '2019-09-27 09:27:51', '2019-09-27 09:27:51', 805),
(810, ' - C280', ' - C280', '2019-09-27 09:27:51', '2019-09-27 09:27:51', 805),
(811, ' - C300', ' - C300', '2019-09-27 09:27:51', '2019-09-27 09:27:51', 805),
(812, ' - C320', ' - C320', '2019-09-27 09:27:51', '2019-09-27 09:27:51', 805),
(813, ' - C32 AMG', ' - C32 AMG', '2019-09-27 09:27:51', '2019-09-27 09:27:51', 805),
(814, ' - C350', ' - C350', '2019-09-27 09:27:51', '2019-09-27 09:27:51', 805),
(815, ' - C36 AMG', ' - C36 AMG', '2019-09-27 09:27:51', '2019-09-27 09:27:51', 805),
(816, ' - C43 AMG', ' - C43 AMG', '2019-09-27 09:27:51', '2019-09-27 09:27:51', 805),
(817, ' - C55 AMG', ' - C55 AMG', '2019-09-27 09:27:51', '2019-09-27 09:27:51', 805),
(818, ' - C63 AMG', ' - C63 AMG', '2019-09-27 09:27:51', '2019-09-27 09:27:51', 805),
(820, ' - CL500', ' - CL500', '2019-09-27 09:27:51', '2019-09-27 09:27:51', 819),
(821, ' - CL550', ' - CL550', '2019-09-27 09:27:51', '2019-09-27 09:27:51', 819),
(822, ' - CL55 AMG', ' - CL55 AMG', '2019-09-27 09:27:51', '2019-09-27 09:27:51', 819),
(823, ' - CL600', ' - CL600', '2019-09-27 09:27:51', '2019-09-27 09:27:51', 819),
(824, ' - CL63 AMG', ' - CL63 AMG', '2019-09-27 09:27:51', '2019-09-27 09:27:51', 819),
(825, ' - CL65 AMG', ' - CL65 AMG', '2019-09-27 09:27:51', '2019-09-27 09:27:51', 819),
(827, ' - CLK320', ' - CLK320', '2019-09-27 09:27:51', '2019-09-27 09:27:51', 826),
(828, ' - CLK350', ' - CLK350', '2019-09-27 09:27:51', '2019-09-27 09:27:51', 826),
(829, ' - CLK430', ' - CLK430', '2019-09-27 09:27:51', '2019-09-27 09:27:51', 826),
(830, ' - CLK500', ' - CLK500', '2019-09-27 09:27:51', '2019-09-27 09:27:51', 826),
(831, ' - CLK550', ' - CLK550', '2019-09-27 09:27:51', '2019-09-27 09:27:51', 826),
(832, ' - CLK55 AMG', ' - CLK55 AMG', '2019-09-27 09:27:51', '2019-09-27 09:27:51', 826),
(833, ' - CLK63 AMG', ' - CLK63 AMG', '2019-09-27 09:27:51', '2019-09-27 09:27:51', 826),
(835, ' - CLS500', ' - CLS500', '2019-09-27 09:27:51', '2019-09-27 09:27:51', 834),
(836, ' - CLS550', ' - CLS550', '2019-09-27 09:27:51', '2019-09-27 09:27:51', 834),
(837, ' - CLS55 AMG', ' - CLS55 AMG', '2019-09-27 09:27:51', '2019-09-27 09:27:51', 834),
(838, ' - CLS63 AMG', ' - CLS63 AMG', '2019-09-27 09:27:51', '2019-09-27 09:27:51', 834),
(840, ' - 260E', ' - 260E', '2019-09-27 09:27:51', '2019-09-27 09:27:51', 839),
(841, ' - 280CE', ' - 280CE', '2019-09-27 09:27:51', '2019-09-27 09:27:51', 839),
(842, ' - 280E', ' - 280E', '2019-09-27 09:27:51', '2019-09-27 09:27:51', 839),
(843, ' - 400E', ' - 400E', '2019-09-27 09:27:51', '2019-09-27 09:27:51', 839),
(844, ' - 500E', ' - 500E', '2019-09-27 09:27:51', '2019-09-27 09:27:51', 839),
(845, ' - E300', ' - E300', '2019-09-27 09:27:51', '2019-09-27 09:27:51', 839),
(846, ' - E320', ' - E320', '2019-09-27 09:27:51', '2019-09-27 09:27:51', 839),
(847, ' - E320 Bluetec', ' - E320 Bluetec', '2019-09-27 09:27:51', '2019-09-27 09:27:51', 839),
(848, ' - E320 CDI', ' - E320 CDI', '2019-09-27 09:27:51', '2019-09-27 09:27:51', 839),
(849, ' - E350', ' - E350', '2019-09-27 09:27:51', '2019-09-27 09:27:51', 839),
(850, ' - E350 Bluetec', ' - E350 Bluetec', '2019-09-27 09:27:51', '2019-09-27 09:27:51', 839),
(851, ' - E400 Hybrid', ' - E400 Hybrid', '2019-09-27 09:27:51', '2019-09-27 09:27:51', 839),
(852, ' - E420', ' - E420', '2019-09-27 09:27:51', '2019-09-27 09:27:51', 839),
(853, ' - E430', ' - E430', '2019-09-27 09:27:51', '2019-09-27 09:27:51', 839),
(854, ' - E500', ' - E500', '2019-09-27 09:27:51', '2019-09-27 09:27:51', 839),
(855, ' - E550', ' - E550', '2019-09-27 09:27:51', '2019-09-27 09:27:51', 839),
(856, ' - E55 AMG', ' - E55 AMG', '2019-09-27 09:27:51', '2019-09-27 09:27:51', 839),
(857, ' - E63 AMG', ' - E63 AMG', '2019-09-27 09:27:51', '2019-09-27 09:27:51', 839),
(859, ' - G500', ' - G500', '2019-09-27 09:27:51', '2019-09-27 09:27:51', 858),
(860, ' - G550', ' - G550', '2019-09-27 09:27:51', '2019-09-27 09:27:51', 858),
(861, ' - G55 AMG', ' - G55 AMG', '2019-09-27 09:27:51', '2019-09-27 09:27:51', 858),
(862, ' - G63 AMG', ' - G63 AMG', '2019-09-27 09:27:51', '2019-09-27 09:27:51', 858),
(864, ' - GL320 Bluetec', ' - GL320 Bluetec', '2019-09-27 09:27:51', '2019-09-27 09:27:51', 863),
(865, ' - GL320 CDI', ' - GL320 CDI', '2019-09-27 09:27:51', '2019-09-27 09:27:51', 863),
(866, ' - GL350 Bluetec', ' - GL350 Bluetec', '2019-09-27 09:27:51', '2019-09-27 09:27:51', 863),
(867, ' - GL450', ' - GL450', '2019-09-27 09:27:51', '2019-09-27 09:27:51', 863),
(868, ' - GL550', ' - GL550', '2019-09-27 09:27:51', '2019-09-27 09:27:51', 863),
(870, ' - GLK350', ' - GLK350', '2019-09-27 09:27:51', '2019-09-27 09:27:51', 869),
(872, ' - ML320', ' - ML320', '2019-09-27 09:27:51', '2019-09-27 09:27:51', 871),
(873, ' - ML320 Bluetec', ' - ML320 Bluetec', '2019-09-27 09:27:51', '2019-09-27 09:27:51', 871),
(874, ' - ML320 CDI', ' - ML320 CDI', '2019-09-27 09:27:51', '2019-09-27 09:27:51', 871),
(875, ' - ML350', ' - ML350', '2019-09-27 09:27:51', '2019-09-27 09:27:51', 871),
(876, ' - ML350 Bluetec', ' - ML350 Bluetec', '2019-09-27 09:27:51', '2019-09-27 09:27:51', 871),
(877, ' - ML430', ' - ML430', '2019-09-27 09:27:51', '2019-09-27 09:27:51', 871),
(878, ' - ML450 Hybrid', ' - ML450 Hybrid', '2019-09-27 09:27:51', '2019-09-27 09:27:51', 871),
(879, ' - ML500', ' - ML500', '2019-09-27 09:27:51', '2019-09-27 09:27:51', 871),
(880, ' - ML550', ' - ML550', '2019-09-27 09:27:51', '2019-09-27 09:27:51', 871),
(881, ' - ML55 AMG', ' - ML55 AMG', '2019-09-27 09:27:51', '2019-09-27 09:27:51', 871),
(882, ' - ML63 AMG', ' - ML63 AMG', '2019-09-27 09:27:51', '2019-09-27 09:27:51', 871),
(884, ' - R320 Bluetec', ' - R320 Bluetec', '2019-09-27 09:27:51', '2019-09-27 09:27:51', 883),
(885, ' - R320 CDI', ' - R320 CDI', '2019-09-27 09:27:51', '2019-09-27 09:27:51', 883),
(886, ' - R350', ' - R350', '2019-09-27 09:27:51', '2019-09-27 09:27:51', 883),
(887, ' - R350 Bluetec', ' - R350 Bluetec', '2019-09-27 09:27:51', '2019-09-27 09:27:51', 883),
(888, ' - R500', ' - R500', '2019-09-27 09:27:51', '2019-09-27 09:27:51', 883),
(889, ' - R63 AMG', ' - R63 AMG', '2019-09-27 09:27:51', '2019-09-27 09:27:51', 883),
(891, ' - 300SD', ' - 300SD', '2019-09-27 09:27:51', '2019-09-27 09:27:51', 890),
(892, ' - 300SDL', ' - 300SDL', '2019-09-27 09:27:51', '2019-09-27 09:27:51', 890),
(893, ' - 300SE', ' - 300SE', '2019-09-27 09:27:51', '2019-09-27 09:27:51', 890),
(894, ' - 300SEL', ' - 300SEL', '2019-09-27 09:27:51', '2019-09-27 09:27:51', 890),
(895, ' - 350SD', ' - 350SD', '2019-09-27 09:27:51', '2019-09-27 09:27:51', 890),
(896, ' - 350SDL', ' - 350SDL', '2019-09-27 09:27:51', '2019-09-27 09:27:51', 890),
(897, ' - 380SE', ' - 380SE', '2019-09-27 09:27:51', '2019-09-27 09:27:51', 890),
(898, ' - 380SEC', ' - 380SEC', '2019-09-27 09:27:51', '2019-09-27 09:27:51', 890),
(899, ' - 380SEL', ' - 380SEL', '2019-09-27 09:27:51', '2019-09-27 09:27:51', 890),
(900, ' - 400SE', ' - 400SE', '2019-09-27 09:27:51', '2019-09-27 09:27:51', 890),
(901, ' - 400SEL', ' - 400SEL', '2019-09-27 09:27:51', '2019-09-27 09:27:51', 890),
(902, ' - 420SEL', ' - 420SEL', '2019-09-27 09:27:51', '2019-09-27 09:27:51', 890),
(903, ' - 500SEC', ' - 500SEC', '2019-09-27 09:27:51', '2019-09-27 09:27:51', 890),
(904, ' - 500SEL', ' - 500SEL', '2019-09-27 09:27:51', '2019-09-27 09:27:51', 890),
(905, ' - 560SEC', ' - 560SEC', '2019-09-27 09:27:51', '2019-09-27 09:27:51', 890),
(906, ' - 560SEL', ' - 560SEL', '2019-09-27 09:27:51', '2019-09-27 09:27:51', 890),
(907, ' - 600SEC', ' - 600SEC', '2019-09-27 09:27:51', '2019-09-27 09:27:51', 890),
(908, ' - 600SEL', ' - 600SEL', '2019-09-27 09:27:51', '2019-09-27 09:27:51', 890),
(909, ' - S320', ' - S320', '2019-09-27 09:27:51', '2019-09-27 09:27:51', 890),
(910, ' - S350', ' - S350', '2019-09-27 09:27:51', '2019-09-27 09:27:51', 890),
(911, ' - S350 Bluetec', ' - S350 Bluetec', '2019-09-27 09:27:51', '2019-09-27 09:27:51', 890),
(912, ' - S400 Hybrid', ' - S400 Hybrid', '2019-09-27 09:27:51', '2019-09-27 09:27:51', 890),
(913, ' - S420', ' - S420', '2019-09-27 09:27:51', '2019-09-27 09:27:51', 890),
(914, ' - S430', ' - S430', '2019-09-27 09:27:51', '2019-09-27 09:27:51', 890),
(915, ' - S500', ' - S500', '2019-09-27 09:27:51', '2019-09-27 09:27:51', 890),
(916, ' - S550', ' - S550', '2019-09-27 09:27:51', '2019-09-27 09:27:51', 890),
(917, ' - S55 AMG', ' - S55 AMG', '2019-09-27 09:27:51', '2019-09-27 09:27:51', 890),
(918, ' - S600', ' - S600', '2019-09-27 09:27:51', '2019-09-27 09:27:51', 890),
(919, ' - S63 AMG', ' - S63 AMG', '2019-09-27 09:27:51', '2019-09-27 09:27:51', 890),
(920, ' - S65 AMG', ' - S65 AMG', '2019-09-27 09:27:51', '2019-09-27 09:27:51', 890),
(922, ' - 300SL', ' - 300SL', '2019-09-27 09:27:51', '2019-09-27 09:27:51', 921),
(923, ' - 380SL', ' - 380SL', '2019-09-27 09:27:51', '2019-09-27 09:27:51', 921),
(924, ' - 380SLC', ' - 380SLC', '2019-09-27 09:27:51', '2019-09-27 09:27:51', 921),
(925, ' - 500SL', ' - 500SL', '2019-09-27 09:27:51', '2019-09-27 09:27:51', 921),
(926, ' - 560SL', ' - 560SL', '2019-09-27 09:27:51', '2019-09-27 09:27:51', 921),
(927, ' - 600SL', ' - 600SL', '2019-09-27 09:27:51', '2019-09-27 09:27:51', 921),
(928, ' - SL320', ' - SL320', '2019-09-27 09:27:51', '2019-09-27 09:27:51', 921),
(929, ' - SL500', ' - SL500', '2019-09-27 09:27:51', '2019-09-27 09:27:51', 921),
(930, ' - SL550', ' - SL550', '2019-09-27 09:27:51', '2019-09-27 09:27:51', 921),
(931, ' - SL55 AMG', ' - SL55 AMG', '2019-09-27 09:27:51', '2019-09-27 09:27:51', 921),
(932, ' - SL600', ' - SL600', '2019-09-27 09:27:51', '2019-09-27 09:27:51', 921),
(933, ' - SL63 AMG', ' - SL63 AMG', '2019-09-27 09:27:51', '2019-09-27 09:27:51', 921),
(934, ' - SL65 AMG', ' - SL65 AMG', '2019-09-27 09:27:51', '2019-09-27 09:27:51', 921),
(936, ' - SLK230', ' - SLK230', '2019-09-27 09:27:51', '2019-09-27 09:27:51', 935),
(937, ' - SLK250', ' - SLK250', '2019-09-27 09:27:51', '2019-09-27 09:27:51', 935),
(938, ' - SLK280', ' - SLK280', '2019-09-27 09:27:51', '2019-09-27 09:27:51', 935),
(939, ' - SLK300', ' - SLK300', '2019-09-27 09:27:51', '2019-09-27 09:27:51', 935),
(940, ' - SLK320', ' - SLK320', '2019-09-27 09:27:51', '2019-09-27 09:27:51', 935),
(941, ' - SLK32 AMG', ' - SLK32 AMG', '2019-09-27 09:27:51', '2019-09-27 09:27:51', 935),
(942, ' - SLK350', ' - SLK350', '2019-09-27 09:27:51', '2019-09-27 09:27:51', 935),
(943, ' - SLK55 AMG', ' - SLK55 AMG', '2019-09-27 09:27:51', '2019-09-27 09:27:51', 935),
(945, ' - SLR', ' - SLR', '2019-09-27 09:27:51', '2019-09-27 09:27:51', 944),
(947, ' - SLS AMG', ' - SLS AMG', '2019-09-27 09:27:51', '2019-09-27 09:27:51', 946),
(949, ' - Sprinter', ' - Sprinter', '2019-09-27 09:27:51', '2019-09-27 09:27:51', 948),
(951, 'Capri', 'Capri', '2019-09-27 09:27:51', '2019-09-27 09:27:51', 951),
(952, 'Cougar', 'Cougar', '2019-09-27 09:27:51', '2019-09-27 09:27:51', 952),
(953, 'Grand Marquis', 'Grand Marquis', '2019-09-27 09:27:51', '2019-09-27 09:27:51', 953),
(954, 'Lynx', 'Lynx', '2019-09-27 09:27:51', '2019-09-27 09:27:51', 954),
(955, 'Marauder', 'Marauder', '2019-09-27 09:27:51', '2019-09-27 09:27:51', 955),
(956, 'Mariner', 'Mariner', '2019-09-27 09:27:51', '2019-09-27 09:27:51', 956),
(957, 'Marquis', 'Marquis', '2019-09-27 09:27:51', '2019-09-27 09:27:51', 957),
(958, 'Milan', 'Milan', '2019-09-27 09:27:51', '2019-09-27 09:27:51', 958),
(959, 'Montego', 'Montego', '2019-09-27 09:27:51', '2019-09-27 09:27:51', 959),
(960, 'Monterey', 'Monterey', '2019-09-27 09:27:51', '2019-09-27 09:27:51', 960),
(961, 'Mountaineer', 'Mountaineer', '2019-09-27 09:27:51', '2019-09-27 09:27:51', 961),
(962, 'Mystique', 'Mystique', '2019-09-27 09:27:51', '2019-09-27 09:27:51', 962),
(963, 'Sable', 'Sable', '2019-09-27 09:27:51', '2019-09-27 09:27:51', 963),
(964, 'Topaz', 'Topaz', '2019-09-27 09:27:51', '2019-09-27 09:27:51', 964),
(965, 'Tracer', 'Tracer', '2019-09-27 09:27:51', '2019-09-27 09:27:51', 965),
(966, 'Villager', 'Villager', '2019-09-27 09:27:51', '2019-09-27 09:27:51', 966),
(967, 'Zephyr', 'Zephyr', '2019-09-27 09:27:51', '2019-09-27 09:27:51', 967),
(969, 'Scorpio', 'Scorpio', '2019-09-27 09:27:51', '2019-09-27 09:27:51', 969),
(970, 'XR4Ti', 'XR4Ti', '2019-09-27 09:27:51', '2019-09-27 09:27:51', 970),
(973, ' - Cooper Clubman', ' - Cooper Clubman', '2019-09-27 09:27:51', '2019-09-27 09:27:51', 972),
(974, ' - Cooper S Clubman', ' - Cooper S Clubman', '2019-09-27 09:27:51', '2019-09-27 09:27:51', 972),
(976, ' - Cooper Countryman', ' - Cooper Countryman', '2019-09-27 09:27:51', '2019-09-27 09:27:51', 975),
(977, ' - Cooper S Countryman', ' - Cooper S Countryman', '2019-09-27 09:27:51', '2019-09-27 09:27:51', 975),
(979, ' - Cooper Coupe', ' - Cooper Coupe', '2019-09-27 09:27:51', '2019-09-27 09:27:51', 978),
(980, ' - Cooper S Coupe', ' - Cooper S Coupe', '2019-09-27 09:27:51', '2019-09-27 09:27:51', 978),
(982, ' - Cooper', ' - Cooper', '2019-09-27 09:27:51', '2019-09-27 09:27:51', 981),
(983, ' - Cooper S', ' - Cooper S', '2019-09-27 09:27:51', '2019-09-27 09:27:51', 981),
(985, ' - Cooper Roadster', ' - Cooper Roadster', '2019-09-27 09:27:51', '2019-09-27 09:27:51', 984),
(986, ' - Cooper S Roadster', ' - Cooper S Roadster', '2019-09-27 09:27:51', '2019-09-27 09:27:51', 984),
(987, '3000GT', '3000GT', '2019-09-27 09:27:51', '2019-09-27 09:27:51', 987),
(988, 'Cordia', 'Cordia', '2019-09-27 09:27:51', '2019-09-27 09:27:51', 988),
(989, 'Diamante', 'Diamante', '2019-09-27 09:27:51', '2019-09-27 09:27:51', 989),
(990, 'Eclipse', 'Eclipse', '2019-09-27 09:27:51', '2019-09-27 09:27:51', 990),
(991, 'Endeavor', 'Endeavor', '2019-09-27 09:27:51', '2019-09-27 09:27:51', 991),
(992, 'Expo', 'Expo', '2019-09-27 09:27:51', '2019-09-27 09:27:51', 992),
(993, 'Galant', 'Galant', '2019-09-27 09:27:51', '2019-09-27 09:27:51', 993),
(994, 'i', 'i', '2019-09-27 09:27:51', '2019-09-27 09:27:51', 994),
(995, 'Lancer', 'Lancer', '2019-09-27 09:27:51', '2019-09-27 09:27:51', 995),
(996, 'Lancer Evolution', 'Lancer Evolution', '2019-09-27 09:27:51', '2019-09-27 09:27:51', 996),
(997, 'Mighty Max', 'Mighty Max', '2019-09-27 09:27:51', '2019-09-27 09:27:51', 997),
(998, 'Mirage', 'Mirage', '2019-09-27 09:27:51', '2019-09-27 09:27:51', 998),
(999, 'Montero', 'Montero', '2019-09-27 09:27:51', '2019-09-27 09:27:51', 999),
(1000, 'Montero Sport', 'Montero Sport', '2019-09-27 09:27:51', '2019-09-27 09:27:51', 1000),
(1001, 'Outlander', 'Outlander', '2019-09-27 09:27:51', '2019-09-27 09:27:51', 1001),
(1002, 'Outlander Sport', 'Outlander Sport', '2019-09-27 09:27:51', '2019-09-27 09:27:51', 1002),
(1003, 'Precis', 'Precis', '2019-09-27 09:27:51', '2019-09-27 09:27:51', 1003),
(1004, 'Raider', 'Raider', '2019-09-27 09:27:51', '2019-09-27 09:27:51', 1004),
(1005, 'Sigma', 'Sigma', '2019-09-27 09:27:51', '2019-09-27 09:27:51', 1005),
(1006, 'Starion', 'Starion', '2019-09-27 09:27:51', '2019-09-27 09:27:51', 1006),
(1007, 'Tredia', 'Tredia', '2019-09-27 09:27:51', '2019-09-27 09:27:51', 1007),
(1008, 'Van', 'Van', '2019-09-27 09:27:51', '2019-09-27 09:27:51', 1008),
(1010, '200SX', '200SX', '2019-09-27 09:27:51', '2019-09-27 09:27:51', 1010),
(1011, '240SX', '240SX', '2019-09-27 09:27:51', '2019-09-27 09:27:51', 1011),
(1012, '300ZX', '300ZX', '2019-09-27 09:27:51', '2019-09-27 09:27:51', 1012),
(1013, '350Z', '350Z', '2019-09-27 09:27:51', '2019-09-27 09:27:51', 1013),
(1014, '370Z', '370Z', '2019-09-27 09:27:51', '2019-09-27 09:27:51', 1014),
(1015, 'Altima', 'Altima', '2019-09-27 09:27:51', '2019-09-27 09:27:51', 1015),
(1016, 'Armada', 'Armada', '2019-09-27 09:27:51', '2019-09-27 09:27:51', 1016),
(1017, 'Axxess', 'Axxess', '2019-09-27 09:27:51', '2019-09-27 09:27:51', 1017),
(1018, 'Cube', 'Cube', '2019-09-27 09:27:51', '2019-09-27 09:27:51', 1018),
(1019, 'Frontier', 'Frontier', '2019-09-27 09:27:51', '2019-09-27 09:27:51', 1019),
(1020, 'GT-R', 'GT-R', '2019-09-27 09:27:51', '2019-09-27 09:27:51', 1020),
(1021, 'Juke', 'Juke', '2019-09-27 09:27:51', '2019-09-27 09:27:51', 1021),
(1022, 'Leaf', 'Leaf', '2019-09-27 09:27:51', '2019-09-27 09:27:51', 1022),
(1023, 'Maxima', 'Maxima', '2019-09-27 09:27:51', '2019-09-27 09:27:51', 1023),
(1024, 'Murano', 'Murano', '2019-09-27 09:27:51', '2019-09-27 09:27:51', 1024),
(1025, 'Murano CrossCabriolet', 'Murano CrossCabriolet', '2019-09-27 09:27:51', '2019-09-27 09:27:51', 1025),
(1026, 'NV', 'NV', '2019-09-27 09:27:51', '2019-09-27 09:27:51', 1026),
(1027, 'NX', 'NX', '2019-09-27 09:27:51', '2019-09-27 09:27:51', 1027),
(1028, 'Pathfinder', 'Pathfinder', '2019-09-27 09:27:51', '2019-09-27 09:27:51', 1028),
(1029, 'Pickup', 'Pickup', '2019-09-27 09:27:51', '2019-09-27 09:27:51', 1029),
(1030, 'Pulsar', 'Pulsar', '2019-09-27 09:27:51', '2019-09-27 09:27:51', 1030),
(1031, 'Quest', 'Quest', '2019-09-27 09:27:51', '2019-09-27 09:27:51', 1031),
(1032, 'Rogue', 'Rogue', '2019-09-27 09:27:51', '2019-09-27 09:27:51', 1032),
(1033, 'Sentra', 'Sentra', '2019-09-27 09:27:51', '2019-09-27 09:27:51', 1033),
(1034, 'Stanza', 'Stanza', '2019-09-27 09:27:51', '2019-09-27 09:27:51', 1034),
(1035, 'Titan', 'Titan', '2019-09-27 09:27:51', '2019-09-27 09:27:51', 1035),
(1036, 'Van', 'Van', '2019-09-27 09:27:51', '2019-09-27 09:27:51', 1036),
(1037, 'Versa', 'Versa', '2019-09-27 09:27:51', '2019-09-27 09:27:51', 1037),
(1038, 'Xterra', 'Xterra', '2019-09-27 09:27:51', '2019-09-27 09:27:51', 1038),
(1040, '88', '88', '2019-09-27 09:27:51', '2019-09-27 09:27:51', 1040),
(1041, 'Achieva', 'Achieva', '2019-09-27 09:27:51', '2019-09-27 09:27:51', 1041),
(1042, 'Alero', 'Alero', '2019-09-27 09:27:51', '2019-09-27 09:27:51', 1042),
(1043, 'Aurora', 'Aurora', '2019-09-27 09:27:51', '2019-09-27 09:27:51', 1043),
(1044, 'Bravada', 'Bravada', '2019-09-27 09:27:51', '2019-09-27 09:27:51', 1044),
(1045, 'Custom Cruiser', 'Custom Cruiser', '2019-09-27 09:27:51', '2019-09-27 09:27:51', 1045),
(1046, 'Cutlass', 'Cutlass', '2019-09-27 09:27:51', '2019-09-27 09:27:51', 1046),
(1047, 'Cutlass Calais', 'Cutlass Calais', '2019-09-27 09:27:51', '2019-09-27 09:27:51', 1047),
(1048, 'Cutlass Ciera', 'Cutlass Ciera', '2019-09-27 09:27:51', '2019-09-27 09:27:51', 1048),
(1049, 'Cutlass Supreme', 'Cutlass Supreme', '2019-09-27 09:27:51', '2019-09-27 09:27:51', 1049),
(1050, 'Firenza', 'Firenza', '2019-09-27 09:27:51', '2019-09-27 09:27:51', 1050),
(1051, 'Intrigue', 'Intrigue', '2019-09-27 09:27:51', '2019-09-27 09:27:51', 1051),
(1052, 'Ninety-Eight', 'Ninety-Eight', '2019-09-27 09:27:51', '2019-09-27 09:27:51', 1052),
(1053, 'Omega', 'Omega', '2019-09-27 09:27:51', '2019-09-27 09:27:51', 1053),
(1054, 'Regency', 'Regency', '2019-09-27 09:27:51', '2019-09-27 09:27:51', 1054),
(1055, 'Silhouette', 'Silhouette', '2019-09-27 09:27:51', '2019-09-27 09:27:51', 1055),
(1056, 'Toronado', 'Toronado', '2019-09-27 09:27:51', '2019-09-27 09:27:51', 1056),
(1058, '405', '405', '2019-09-27 09:27:51', '2019-09-27 09:27:51', 1058),
(1059, '504', '504', '2019-09-27 09:27:51', '2019-09-27 09:27:51', 1059),
(1060, '505', '505', '2019-09-27 09:27:51', '2019-09-27 09:27:51', 1060),
(1061, '604', '604', '2019-09-27 09:27:51', '2019-09-27 09:27:51', 1061),
(1063, 'Acclaim', 'Acclaim', '2019-09-27 09:27:51', '2019-09-27 09:27:51', 1063),
(1064, 'Arrow', 'Arrow', '2019-09-27 09:27:51', '2019-09-27 09:27:51', 1064),
(1065, 'Breeze', 'Breeze', '2019-09-27 09:27:51', '2019-09-27 09:27:51', 1065),
(1066, 'Caravelle', 'Caravelle', '2019-09-27 09:27:51', '2019-09-27 09:27:51', 1066),
(1067, 'Champ', 'Champ', '2019-09-27 09:27:51', '2019-09-27 09:27:51', 1067),
(1068, 'Colt', 'Colt', '2019-09-27 09:27:51', '2019-09-27 09:27:51', 1068),
(1069, 'Conquest', 'Conquest', '2019-09-27 09:27:51', '2019-09-27 09:27:51', 1069),
(1070, 'Gran Fury', 'Gran Fury', '2019-09-27 09:27:51', '2019-09-27 09:27:51', 1070),
(1071, 'Grand Voyager', 'Grand Voyager', '2019-09-27 09:27:51', '2019-09-27 09:27:51', 1071),
(1072, 'Horizon', 'Horizon', '2019-09-27 09:27:51', '2019-09-27 09:27:51', 1072),
(1073, 'Laser', 'Laser', '2019-09-27 09:27:51', '2019-09-27 09:27:51', 1073),
(1074, 'Neon', 'Neon', '2019-09-27 09:27:51', '2019-09-27 09:27:51', 1074),
(1075, 'Prowler', 'Prowler', '2019-09-27 09:27:51', '2019-09-27 09:27:51', 1075),
(1076, 'Reliant', 'Reliant', '2019-09-27 09:27:51', '2019-09-27 09:27:51', 1076),
(1077, 'Sapporo', 'Sapporo', '2019-09-27 09:27:51', '2019-09-27 09:27:51', 1077),
(1078, 'Scamp', 'Scamp', '2019-09-27 09:27:51', '2019-09-27 09:27:51', 1078),
(1079, 'Sundance', 'Sundance', '2019-09-27 09:27:51', '2019-09-27 09:27:51', 1079),
(1080, 'Trailduster', 'Trailduster', '2019-09-27 09:27:51', '2019-09-27 09:27:51', 1080),
(1081, 'Voyager', 'Voyager', '2019-09-27 09:27:51', '2019-09-27 09:27:51', 1081),
(1083, '1000', '1000', '2019-09-27 09:27:51', '2019-09-27 09:27:51', 1083),
(1084, '6000', '6000', '2019-09-27 09:27:51', '2019-09-27 09:27:51', 1084),
(1085, 'Aztek', 'Aztek', '2019-09-27 09:27:51', '2019-09-27 09:27:51', 1085),
(1086, 'Bonneville', 'Bonneville', '2019-09-27 09:27:51', '2019-09-27 09:27:51', 1086),
(1087, 'Catalina', 'Catalina', '2019-09-27 09:27:51', '2019-09-27 09:27:51', 1087),
(1088, 'Fiero', 'Fiero', '2019-09-27 09:27:51', '2019-09-27 09:27:51', 1088),
(1089, 'Firebird', 'Firebird', '2019-09-27 09:27:51', '2019-09-27 09:27:51', 1089),
(1090, 'G3', 'G3', '2019-09-27 09:27:51', '2019-09-27 09:27:51', 1090),
(1091, 'G5', 'G5', '2019-09-27 09:27:51', '2019-09-27 09:27:51', 1091),
(1092, 'G6', 'G6', '2019-09-27 09:27:51', '2019-09-27 09:27:51', 1092),
(1093, 'G8', 'G8', '2019-09-27 09:27:51', '2019-09-27 09:27:51', 1093),
(1094, 'Grand Am', 'Grand Am', '2019-09-27 09:27:51', '2019-09-27 09:27:51', 1094),
(1095, 'Grand Prix', 'Grand Prix', '2019-09-27 09:27:51', '2019-09-27 09:27:51', 1095),
(1096, 'GTO', 'GTO', '2019-09-27 09:27:51', '2019-09-27 09:27:51', 1096),
(1097, 'J2000', 'J2000', '2019-09-27 09:27:51', '2019-09-27 09:27:51', 1097),
(1098, 'Le Mans', 'Le Mans', '2019-09-27 09:27:51', '2019-09-27 09:27:51', 1098),
(1099, 'Montana', 'Montana', '2019-09-27 09:27:51', '2019-09-27 09:27:51', 1099),
(1100, 'Parisienne', 'Parisienne', '2019-09-27 09:27:51', '2019-09-27 09:27:51', 1100),
(1101, 'Phoenix', 'Phoenix', '2019-09-27 09:27:51', '2019-09-27 09:27:51', 1101),
(1102, 'Safari', 'Safari', '2019-09-27 09:27:51', '2019-09-27 09:27:51', 1102),
(1103, 'Solstice', 'Solstice', '2019-09-27 09:27:51', '2019-09-27 09:27:51', 1103),
(1104, 'Sunbird', 'Sunbird', '2019-09-27 09:27:51', '2019-09-27 09:27:51', 1104),
(1105, 'Sunfire', 'Sunfire', '2019-09-27 09:27:51', '2019-09-27 09:27:51', 1105),
(1106, 'Torrent', 'Torrent', '2019-09-27 09:27:51', '2019-09-27 09:27:51', 1106),
(1107, 'Trans Sport', 'Trans Sport', '2019-09-27 09:27:51', '2019-09-27 09:27:51', 1107),
(1108, 'Vibe', 'Vibe', '2019-09-27 09:27:51', '2019-09-27 09:27:51', 1108),
(1110, '911', '911', '2019-09-27 09:27:51', '2019-09-27 09:27:51', 1110),
(1111, '924', '924', '2019-09-27 09:27:51', '2019-09-27 09:27:51', 1111),
(1112, '928', '928', '2019-09-27 09:27:51', '2019-09-27 09:27:51', 1112),
(1113, '944', '944', '2019-09-27 09:27:51', '2019-09-27 09:27:51', 1113),
(1114, '968', '968', '2019-09-27 09:27:51', '2019-09-27 09:27:51', 1114),
(1115, 'Boxster', 'Boxster', '2019-09-27 09:27:51', '2019-09-27 09:27:51', 1115),
(1116, 'Carrera GT', 'Carrera GT', '2019-09-27 09:27:51', '2019-09-27 09:27:51', 1116),
(1117, 'Cayenne', 'Cayenne', '2019-09-27 09:27:51', '2019-09-27 09:27:51', 1117),
(1118, 'Cayman', 'Cayman', '2019-09-27 09:27:51', '2019-09-27 09:27:51', 1118),
(1119, 'Panamera', 'Panamera', '2019-09-27 09:27:51', '2019-09-27 09:27:51', 1119),
(1121, '1500', '1500', '2019-09-27 09:27:51', '2019-09-27 09:27:51', 1121),
(1122, '2500', '2500', '2019-09-27 09:27:51', '2019-09-27 09:27:51', 1122),
(1123, '3500', '3500', '2019-09-27 09:27:51', '2019-09-27 09:27:51', 1123),
(1124, '4500', '4500', '2019-09-27 09:27:51', '2019-09-27 09:27:51', 1124),
(1125, '18i', '18i', '2019-09-27 09:27:51', '2019-09-27 09:27:51', 1125),
(1126, 'Fuego', 'Fuego', '2019-09-27 09:27:51', '2019-09-27 09:27:51', 1126),
(1127, 'Le Car', 'Le Car', '2019-09-27 09:27:51', '2019-09-27 09:27:51', 1127),
(1128, 'R18', 'R18', '2019-09-27 09:27:51', '2019-09-27 09:27:51', 1128),
(1129, 'Sportwagon', 'Sportwagon', '2019-09-27 09:27:51', '2019-09-27 09:27:51', 1129),
(1131, 'Camargue', 'Camargue', '2019-09-27 09:27:51', '2019-09-27 09:27:51', 1131),
(1132, 'Corniche', 'Corniche', '2019-09-27 09:27:51', '2019-09-27 09:27:51', 1132),
(1133, 'Ghost', 'Ghost', '2019-09-27 09:27:51', '2019-09-27 09:27:51', 1133),
(1134, 'Park Ward', 'Park Ward', '2019-09-27 09:27:51', '2019-09-27 09:27:51', 1134),
(1135, 'Phantom', 'Phantom', '2019-09-27 09:27:51', '2019-09-27 09:27:51', 1135),
(1136, 'Silver Dawn', 'Silver Dawn', '2019-09-27 09:27:51', '2019-09-27 09:27:51', 1136),
(1137, 'Silver Seraph', 'Silver Seraph', '2019-09-27 09:27:51', '2019-09-27 09:27:51', 1137),
(1138, 'Silver Spirit', 'Silver Spirit', '2019-09-27 09:27:51', '2019-09-27 09:27:51', 1138),
(1139, 'Silver Spur', 'Silver Spur', '2019-09-27 09:27:51', '2019-09-27 09:27:51', 1139),
(1141, '9-2X', '9-2X', '2019-09-27 09:27:51', '2019-09-27 09:27:51', 1141),
(1142, '9-3', '9-3', '2019-09-27 09:27:51', '2019-09-27 09:27:51', 1142),
(1143, '9-4X', '9-4X', '2019-09-27 09:27:51', '2019-09-27 09:27:51', 1143),
(1144, '9-5', '9-5', '2019-09-27 09:27:51', '2019-09-27 09:27:51', 1144),
(1145, '9-7X', '9-7X', '2019-09-27 09:27:51', '2019-09-27 09:27:51', 1145),
(1146, '900', '900', '2019-09-27 09:27:51', '2019-09-27 09:27:51', 1146),
(1147, '9000', '9000', '2019-09-27 09:27:51', '2019-09-27 09:27:51', 1147),
(1149, 'Astra', 'Astra', '2019-09-27 09:27:51', '2019-09-27 09:27:51', 1149),
(1150, 'Aura', 'Aura', '2019-09-27 09:27:51', '2019-09-27 09:27:51', 1150),
(1151, 'ION', 'ION', '2019-09-27 09:27:51', '2019-09-27 09:27:51', 1151),
(1153, ' - L100', ' - L100', '2019-09-27 09:27:51', '2019-09-27 09:27:51', 1152),
(1154, ' - L200', ' - L200', '2019-09-27 09:27:51', '2019-09-27 09:27:51', 1152),
(1155, ' - L300', ' - L300', '2019-09-27 09:27:51', '2019-09-27 09:27:51', 1152),
(1156, 'LS', 'LS', '2019-09-27 09:27:51', '2019-09-27 09:27:51', 1156),
(1158, ' - LW1', ' - LW1', '2019-09-27 09:27:51', '2019-09-27 09:27:51', 1157),
(1159, ' - LW2', ' - LW2', '2019-09-27 09:27:51', '2019-09-27 09:27:51', 1157),
(1160, ' - LW200', ' - LW200', '2019-09-27 09:27:51', '2019-09-27 09:27:51', 1157),
(1161, ' - LW300', ' - LW300', '2019-09-27 09:27:51', '2019-09-27 09:27:51', 1157),
(1162, 'Outlook', 'Outlook', '2019-09-27 09:27:51', '2019-09-27 09:27:51', 1162),
(1163, 'Relay', 'Relay', '2019-09-27 09:27:51', '2019-09-27 09:27:51', 1163),
(1165, ' - SC1', ' - SC1', '2019-09-27 09:27:51', '2019-09-27 09:27:51', 1164),
(1166, ' - SC2', ' - SC2', '2019-09-27 09:27:51', '2019-09-27 09:27:51', 1164),
(1167, 'Sky', 'Sky', '2019-09-27 09:27:51', '2019-09-27 09:27:51', 1167),
(1169, ' - SL', ' - SL', '2019-09-27 09:27:51', '2019-09-27 09:27:51', 1168),
(1170, ' - SL1', ' - SL1', '2019-09-27 09:27:51', '2019-09-27 09:27:51', 1168),
(1171, ' - SL2', ' - SL2', '2019-09-27 09:27:51', '2019-09-27 09:27:51', 1168),
(1173, ' - SW1', ' - SW1', '2019-09-27 09:27:51', '2019-09-27 09:27:51', 1172),
(1174, ' - SW2', ' - SW2', '2019-09-27 09:27:51', '2019-09-27 09:27:51', 1172),
(1175, 'Vue', 'Vue', '2019-09-27 09:27:51', '2019-09-27 09:27:51', 1175),
(1177, 'FR-S', 'FR-S', '2019-09-27 09:27:51', '2019-09-27 09:27:51', 1177),
(1178, 'iQ', 'iQ', '2019-09-27 09:27:51', '2019-09-27 09:27:51', 1178),
(1179, 'tC', 'tC', '2019-09-27 09:27:51', '2019-09-27 09:27:51', 1179),
(1180, 'xA', 'xA', '2019-09-27 09:27:51', '2019-09-27 09:27:51', 1180),
(1181, 'xB', 'xB', '2019-09-27 09:27:51', '2019-09-27 09:27:51', 1181),
(1182, 'xD', 'xD', '2019-09-27 09:27:51', '2019-09-27 09:27:51', 1182),
(1183, 'fortwo', 'fortwo', '2019-09-27 09:27:51', '2019-09-27 09:27:51', 1183),
(1185, 'Viper', 'Viper', '2019-09-27 09:27:51', '2019-09-27 09:27:51', 1185),
(1186, '825', '825', '2019-09-27 09:27:51', '2019-09-27 09:27:51', 1186),
(1187, '827', '827', '2019-09-27 09:27:51', '2019-09-27 09:27:51', 1187),
(1189, 'Baja', 'Baja', '2019-09-27 09:27:51', '2019-09-27 09:27:51', 1189),
(1190, 'Brat', 'Brat', '2019-09-27 09:27:51', '2019-09-27 09:27:51', 1190),
(1191, 'BRZ', 'BRZ', '2019-09-27 09:27:51', '2019-09-27 09:27:51', 1191),
(1192, 'Forester', 'Forester', '2019-09-27 09:27:51', '2019-09-27 09:27:51', 1192),
(1193, 'Impreza', 'Impreza', '2019-09-27 09:27:51', '2019-09-27 09:27:51', 1193),
(1194, 'Impreza WRX', 'Impreza WRX', '2019-09-27 09:27:51', '2019-09-27 09:27:51', 1194),
(1195, 'Justy', 'Justy', '2019-09-27 09:27:51', '2019-09-27 09:27:51', 1195),
(1196, 'L Series', 'L Series', '2019-09-27 09:27:51', '2019-09-27 09:27:51', 1196),
(1197, 'Legacy', 'Legacy', '2019-09-27 09:27:51', '2019-09-27 09:27:51', 1197),
(1198, 'Loyale', 'Loyale', '2019-09-27 09:27:51', '2019-09-27 09:27:51', 1198),
(1199, 'Outback', 'Outback', '2019-09-27 09:27:51', '2019-09-27 09:27:51', 1199),
(1200, 'SVX', 'SVX', '2019-09-27 09:27:51', '2019-09-27 09:27:51', 1200),
(1201, 'Tribeca', 'Tribeca', '2019-09-27 09:27:51', '2019-09-27 09:27:51', 1201),
(1202, 'XT', 'XT', '2019-09-27 09:27:51', '2019-09-27 09:27:51', 1202),
(1203, 'XV Crosstrek', 'XV Crosstrek', '2019-09-27 09:27:51', '2019-09-27 09:27:51', 1203),
(1205, 'Aerio', 'Aerio', '2019-09-27 09:27:51', '2019-09-27 09:27:51', 1205),
(1206, 'Equator', 'Equator', '2019-09-27 09:27:51', '2019-09-27 09:27:51', 1206),
(1207, 'Esteem', 'Esteem', '2019-09-27 09:27:51', '2019-09-27 09:27:51', 1207),
(1208, 'Forenza', 'Forenza', '2019-09-27 09:27:51', '2019-09-27 09:27:51', 1208),
(1209, 'Grand Vitara', 'Grand Vitara', '2019-09-27 09:27:51', '2019-09-27 09:27:51', 1209),
(1210, 'Kizashi', 'Kizashi', '2019-09-27 09:27:51', '2019-09-27 09:27:51', 1210),
(1211, 'Reno', 'Reno', '2019-09-27 09:27:51', '2019-09-27 09:27:51', 1211),
(1212, 'Samurai', 'Samurai', '2019-09-27 09:27:51', '2019-09-27 09:27:51', 1212),
(1213, 'Sidekick', 'Sidekick', '2019-09-27 09:27:51', '2019-09-27 09:27:51', 1213),
(1214, 'Swift', 'Swift', '2019-09-27 09:27:51', '2019-09-27 09:27:51', 1214),
(1215, 'SX4', 'SX4', '2019-09-27 09:27:51', '2019-09-27 09:27:51', 1215),
(1216, 'Verona', 'Verona', '2019-09-27 09:27:51', '2019-09-27 09:27:51', 1216),
(1217, 'Vitara', 'Vitara', '2019-09-27 09:27:51', '2019-09-27 09:27:51', 1217),
(1218, 'X-90', 'X-90', '2019-09-27 09:27:51', '2019-09-27 09:27:51', 1218),
(1219, 'XL7', 'XL7', '2019-09-27 09:27:51', '2019-09-27 09:27:51', 1219),
(1221, 'Roadster', 'Roadster', '2019-09-27 09:27:51', '2019-09-27 09:27:51', 1221),
(1222, '4Runner', '4Runner', '2019-09-27 09:27:51', '2019-09-27 09:27:51', 1222),
(1223, 'Avalon', 'Avalon', '2019-09-27 09:27:51', '2019-09-27 09:27:51', 1223),
(1224, 'Camry', 'Camry', '2019-09-27 09:27:51', '2019-09-27 09:27:51', 1224),
(1225, 'Celica', 'Celica', '2019-09-27 09:27:51', '2019-09-27 09:27:51', 1225),
(1226, 'Corolla', 'Corolla', '2019-09-27 09:27:51', '2019-09-27 09:27:51', 1226),
(1227, 'Corona', 'Corona', '2019-09-27 09:27:51', '2019-09-27 09:27:51', 1227),
(1228, 'Cressida', 'Cressida', '2019-09-27 09:27:51', '2019-09-27 09:27:51', 1228),
(1229, 'Echo', 'Echo', '2019-09-27 09:27:51', '2019-09-27 09:27:51', 1229),
(1230, 'FJ Cruiser', 'FJ Cruiser', '2019-09-27 09:27:51', '2019-09-27 09:27:51', 1230),
(1231, 'Highlander', 'Highlander', '2019-09-27 09:27:51', '2019-09-27 09:27:51', 1231),
(1232, 'Land Cruiser', 'Land Cruiser', '2019-09-27 09:27:51', '2019-09-27 09:27:51', 1232),
(1233, 'Matrix', 'Matrix', '2019-09-27 09:27:51', '2019-09-27 09:27:51', 1233),
(1234, 'MR2', 'MR2', '2019-09-27 09:27:51', '2019-09-27 09:27:51', 1234),
(1235, 'MR2 Spyder', 'MR2 Spyder', '2019-09-27 09:27:51', '2019-09-27 09:27:51', 1235),
(1236, 'Paseo', 'Paseo', '2019-09-27 09:27:51', '2019-09-27 09:27:51', 1236),
(1237, 'Pickup', 'Pickup', '2019-09-27 09:27:51', '2019-09-27 09:27:51', 1237),
(1238, 'Previa', 'Previa', '2019-09-27 09:27:51', '2019-09-27 09:27:51', 1238),
(1239, 'Prius', 'Prius', '2019-09-27 09:27:51', '2019-09-27 09:27:51', 1239),
(1240, 'Prius C', 'Prius C', '2019-09-27 09:27:51', '2019-09-27 09:27:51', 1240),
(1241, 'Prius V', 'Prius V', '2019-09-27 09:27:51', '2019-09-27 09:27:51', 1241),
(1242, 'RAV4', 'RAV4', '2019-09-27 09:27:51', '2019-09-27 09:27:51', 1242),
(1243, 'Sequoia', 'Sequoia', '2019-09-27 09:27:51', '2019-09-27 09:27:51', 1243),
(1244, 'Sienna', 'Sienna', '2019-09-27 09:27:51', '2019-09-27 09:27:51', 1244),
(1245, 'Solara', 'Solara', '2019-09-27 09:27:51', '2019-09-27 09:27:51', 1245),
(1246, 'Starlet', 'Starlet', '2019-09-27 09:27:51', '2019-09-27 09:27:51', 1246),
(1247, 'Supra', 'Supra', '2019-09-27 09:27:51', '2019-09-27 09:27:51', 1247),
(1248, 'T100', 'T100', '2019-09-27 09:27:51', '2019-09-27 09:27:51', 1248),
(1249, 'Tacoma', 'Tacoma', '2019-09-27 09:27:51', '2019-09-27 09:27:51', 1249),
(1250, 'Tercel', 'Tercel', '2019-09-27 09:27:51', '2019-09-27 09:27:51', 1250),
(1251, 'Tundra', 'Tundra', '2019-09-27 09:27:51', '2019-09-27 09:27:51', 1251),
(1252, 'Van', 'Van', '2019-09-27 09:27:51', '2019-09-27 09:27:51', 1252),
(1253, 'Venza', 'Venza', '2019-09-27 09:27:51', '2019-09-27 09:27:51', 1253),
(1254, 'Yaris', 'Yaris', '2019-09-27 09:27:51', '2019-09-27 09:27:51', 1254),
(1256, 'TR7', 'TR7', '2019-09-27 09:27:51', '2019-09-27 09:27:51', 1256),
(1257, 'TR8', 'TR8', '2019-09-27 09:27:51', '2019-09-27 09:27:51', 1257),
(1259, 'Beetle', 'Beetle', '2019-09-27 09:27:51', '2019-09-27 09:27:51', 1259),
(1260, 'Cabrio', 'Cabrio', '2019-09-27 09:27:51', '2019-09-27 09:27:51', 1260),
(1261, 'Cabriolet', 'Cabriolet', '2019-09-27 09:27:51', '2019-09-27 09:27:51', 1261),
(1262, 'CC', 'CC', '2019-09-27 09:27:51', '2019-09-27 09:27:51', 1262),
(1263, 'Corrado', 'Corrado', '2019-09-27 09:27:51', '2019-09-27 09:27:51', 1263),
(1264, 'Dasher', 'Dasher', '2019-09-27 09:27:51', '2019-09-27 09:27:51', 1264),
(1265, 'Eos', 'Eos', '2019-09-27 09:27:51', '2019-09-27 09:27:51', 1265),
(1266, 'Eurovan', 'Eurovan', '2019-09-27 09:27:51', '2019-09-27 09:27:51', 1266),
(1267, 'Fox', 'Fox', '2019-09-27 09:27:51', '2019-09-27 09:27:51', 1267),
(1268, 'GLI', 'GLI', '2019-09-27 09:27:51', '2019-09-27 09:27:51', 1268),
(1269, 'Golf R', 'Golf R', '2019-09-27 09:27:51', '2019-09-27 09:27:51', 1269),
(1270, 'GTI', 'GTI', '2019-09-27 09:27:51', '2019-09-27 09:27:51', 1270),
(1272, ' - Golf', ' - Golf', '2019-09-27 09:27:51', '2019-09-27 09:27:51', 1271),
(1273, ' - Rabbit', ' - Rabbit', '2019-09-27 09:27:51', '2019-09-27 09:27:51', 1271),
(1274, 'Jetta', 'Jetta', '2019-09-27 09:27:51', '2019-09-27 09:27:51', 1274),
(1275, 'Passat', 'Passat', '2019-09-27 09:27:51', '2019-09-27 09:27:51', 1275),
(1276, 'Phaeton', 'Phaeton', '2019-09-27 09:27:51', '2019-09-27 09:27:51', 1276),
(1277, 'Pickup', 'Pickup', '2019-09-27 09:27:51', '2019-09-27 09:27:51', 1277),
(1278, 'Quantum', 'Quantum', '2019-09-27 09:27:51', '2019-09-27 09:27:51', 1278),
(1279, 'R32', 'R32', '2019-09-27 09:27:51', '2019-09-27 09:27:51', 1279),
(1280, 'Routan', 'Routan', '2019-09-27 09:27:51', '2019-09-27 09:27:51', 1280),
(1281, 'Scirocco', 'Scirocco', '2019-09-27 09:27:51', '2019-09-27 09:27:51', 1281),
(1282, 'Tiguan', 'Tiguan', '2019-09-27 09:27:51', '2019-09-27 09:27:51', 1282),
(1283, 'Touareg', 'Touareg', '2019-09-27 09:27:51', '2019-09-27 09:27:51', 1283),
(1284, 'Vanagon', 'Vanagon', '2019-09-27 09:27:51', '2019-09-27 09:27:51', 1284),
(1286, '240', '240', '2019-09-27 09:27:51', '2019-09-27 09:27:51', 1286),
(1287, '260', '260', '2019-09-27 09:27:51', '2019-09-27 09:27:51', 1287),
(1288, '740', '740', '2019-09-27 09:27:51', '2019-09-27 09:27:51', 1288),
(1289, '760', '760', '2019-09-27 09:27:51', '2019-09-27 09:27:51', 1289),
(1290, '780', '780', '2019-09-27 09:27:51', '2019-09-27 09:27:51', 1290),
(1291, '850', '850', '2019-09-27 09:27:51', '2019-09-27 09:27:51', 1291),
(1292, '940', '940', '2019-09-27 09:27:51', '2019-09-27 09:27:51', 1292),
(1293, '960', '960', '2019-09-27 09:27:51', '2019-09-27 09:27:51', 1293),
(1294, 'C30', 'C30', '2019-09-27 09:27:51', '2019-09-27 09:27:51', 1294),
(1295, 'C70', 'C70', '2019-09-27 09:27:51', '2019-09-27 09:27:51', 1295),
(1296, 'S40', 'S40', '2019-09-27 09:27:51', '2019-09-27 09:27:51', 1296),
(1297, 'S60', 'S60', '2019-09-27 09:27:51', '2019-09-27 09:27:51', 1297),
(1298, 'S70', 'S70', '2019-09-27 09:27:51', '2019-09-27 09:27:51', 1298),
(1299, 'S80', 'S80', '2019-09-27 09:27:51', '2019-09-27 09:27:51', 1299),
(1300, 'S90', 'S90', '2019-09-27 09:27:51', '2019-09-27 09:27:51', 1300),
(1301, 'V40', 'V40', '2019-09-27 09:27:51', '2019-09-27 09:27:51', 1301),
(1302, 'V50', 'V50', '2019-09-27 09:27:51', '2019-09-27 09:27:51', 1302),
(1303, 'V70', 'V70', '2019-09-27 09:27:51', '2019-09-27 09:27:51', 1303),
(1304, 'V90', 'V90', '2019-09-27 09:27:51', '2019-09-27 09:27:51', 1304),
(1305, 'XC60', 'XC60', '2019-09-27 09:27:51', '2019-09-27 09:27:51', 1305),
(1306, 'XC70', 'XC70', '2019-09-27 09:27:51', '2019-09-27 09:27:51', 1306),
(1307, 'XC90', 'XC90', '2019-09-27 09:27:51', '2019-09-27 09:27:51', 1307),
(1309, 'GV', 'GV', '2019-09-27 09:27:51', '2019-09-27 09:27:51', 1309),
(1310, 'GVC', 'GVC', '2019-09-27 09:27:51', '2019-09-27 09:27:51', 1310),
(1311, 'GVL', 'GVL', '2019-09-27 09:27:51', '2019-09-27 09:27:51', 1311),
(1312, 'GVS', 'GVS', '2019-09-27 09:27:51', '2019-09-27 09:27:51', 1312),
(1313, 'GVX', 'GVX', '2019-09-27 09:27:51', '2019-09-27 09:27:51', 1313);

-- 
-- Dumping data for table manufactories
--
-- Table carboxmn_carboxdb.manufactories does not contain any data (it is empty)

-- 
-- Dumping data for table categoryproperties
--
INSERT INTO categoryproperties VALUES
(1, '2020-04-06 00:00:00', '2020-04-06 00:00:00', 19, 1),
(2, '2020-04-06 00:00:00', '2020-04-06 00:00:00', 19, 2),
(3, '2020-04-06 00:00:00', '2020-04-06 00:00:00', 19, 3);

-- 
-- Restore previous SQL mode
-- 
/*!40101 SET SQL_MODE=@OLD_SQL_MODE */;

-- 
-- Enable foreign keys
-- 
/*!40014 SET FOREIGN_KEY_CHECKS = @OLD_FOREIGN_KEY_CHECKS */;